{"id":10217,"date":"2017-01-03T17:54:23","date_gmt":"2017-01-03T15:54:23","guid":{"rendered":"http:\/\/www.worldofart.org\/aktualno\/?page_id=10217"},"modified":"2017-03-01T14:48:54","modified_gmt":"2017-03-01T12:48:54","slug":"vpis-v-solo-svet-umetnosti-rok-za-prijavo-podaljsan-do-15-januarja","status":"publish","type":"page","link":"https:\/\/www.worldofart.org\/arhiv.worldofart.org\/aktualno\/sestnajsto-leto-2017-2018\/vpis-v-solo-svet-umetnosti-rok-za-prijavo-podaljsan-do-15-januarja","title":{"rendered":"Vpis v \u0161olo Svet umetnosti &#8211; Rok za prijavo podalj\u0161an do 15. januarja"},"content":{"rendered":"<p><strong>\u0160ola Svet umetnosti <\/strong>letos bele\u017ei dvajseto obletnico obstoja, postaja iz leta v leto kompleksnej\u0161a in posku\u0161a sistemati\u010dno vzpostavljati ravnovesje med umetni\u0161kimi in kuratorskimi praksami. Po kraj\u0161em premisleku in refleksiji se januarja 2017 vra\u010damo s prenovljenim programom. Vse, ki jih zanima delo kuratorja in kritika, vabimo k vpisu. <strong>Rok za prijavo je podalj\u0161an do 15. januarja!<\/strong><\/p>\n<p>&nbsp;<\/p>\n<p><strong>U\u010dni program: predavanja, seminarji in moduli, delo v praksi <\/strong><\/p>\n<p>Izobra\u017eevanje poteka dve leti in je razdeljeno na dva letnika.<\/p>\n<p><strong>Prvi letnik<\/strong> (<strong>januar\u2013junij 2017<\/strong>) je posve\u010den pridobivanju umetnostnozgodovinskih, teoretskih in metodolo\u0161kih znanj, udele\u017eenci in udele\u017eenke pa se bodo kot asistenti preizkusili pri pripravi dveh razstav sodobne umetnosti. Ob koncu prvega letnika morajo vsi udele\u017eenci pripraviti virtualno razstavo, na podlagi te in uspe\u0161nega dela v prvem letniku je izbrana manj\u0161a skupina udele\u017eencev, ki napredujejo v drugi letnik.<\/p>\n<p><strong>Drugi letnik<\/strong> <strong>(september 2017\u2013junij 2018)<\/strong> je namenjen snovanju kon\u010dne razstave in preizku\u0161anju v praksi.<\/p>\n<p>Redna tedenska izobra\u017eevalna sre\u010danja potekajo ob \u010detrtkih med 16.00 in 19.30 uro v Projektni sobi SCCA na Metelkovi 6 v Ljubljani. <strong>U\u010dni program \u0161ole je predstavljen <a href=\"https:\/\/www.worldofart.org\/arhiv.worldofart.org\/aktualno\/sestnajsto-leto-2017-2018\" data-saferedirecturl=\"https:\/\/www.google.com\/url?hl=sl&amp;q=https:\/\/www.worldofart.org\/arhiv.worldofart.org\/aktualno\/sestnajsto-leto-2017-2018&amp;source=gmail&amp;ust=1483547237769000&amp;usg=AFQjCNEDbtBZt71MPNDZgg5NU04pLTqoJw\">tukaj<\/a>.<\/strong><\/p>\n<p>&nbsp;<\/p>\n<p><strong>Komu je \u0161ola namenjena?<\/strong><\/p>\n<p>Vsem, ki jih zanima delo na podro\u010dju sodobne vizualne umetnosti in teorije, ne glede na izku\u0161nje, starost in izobrazbo. \u0160olski program je interne narave in je namenjen skupini udele\u017eenk in udele\u017eencev, ki je izbrana na podlagi javnega razpisa. Izbranih bo predvidoma 10 udele\u017eencev.<\/p>\n<p><strong>\u0160olnina<\/strong><\/p>\n<ol>\n<li>letnik (januar\u2013junij 2017): 350 EUR za \u0161tudente, brezposelne in samozaposlene v kulturi, 400 EUR ostali.<\/li>\n<li>letnik (september 2017\u2013junij 2018): 500 EUR<\/li>\n<\/ol>\n<p>Nudimo mo\u017enost pla\u010dila na obroke.<\/p>\n<p>&nbsp;<\/p>\n<p><strong><a href=\"https:\/\/www.worldofart.org\/arhiv.worldofart.org\/aktualno\/vpis\" data-saferedirecturl=\"https:\/\/www.google.com\/url?hl=sl&amp;q=https:\/\/www.worldofart.org\/arhiv.worldofart.org\/aktualno\/vpis&amp;source=gmail&amp;ust=1483547237769000&amp;usg=AFQjCNFOuo5CBg0dnnsxoU7lUq-ca5Kq5Q\">Prijava<\/a><\/strong><\/p>\n<p>\u010ce bi se \u017eeleli priklju\u010diti 16. generaciji udele\u017eencev \u0161ole, do <strong>15. januarja 2017 <\/strong>izpolnite elektronsko prijavo in ji prilo\u017eite svoj \u017eivljenjepis, motivacijsko pismo in kratko refleksijo razstave sodobne umetnosti (kritika, recenzija ali poro\u010dilo; do najve\u010d 5.000 znakov brez presledkov). Kandidate in kandidatke, ki se bodo na podlagi poslanega gradiva uvrstili v o\u017eji izbor, bomo povabili na razgovor.<\/p>\n<p><strong>Dodatne informacije: <\/strong><\/p>\n<p>Svet umetnosti | \u0160ola za kuratorske prakse in kriti\u0161ko pisanje: Lara Plav\u010dak, <a href=\"mailto:lara.plavcak@scca-ljubljana.si\">lara.plavcak@scca-ljubljana.si<\/a>, tel: 01 431 83 85 (tor.\u2013\u010det., 10.00\u201316.00)<\/p>\n<p>&nbsp;<\/p>\n<p><strong>Vabljeni k vpisu!<\/strong><\/p>\n","protected":false},"excerpt":{"rendered":"<p>\u0160ola Svet umetnosti letos bele\u017ei dvajseto obletnico obstoja, postaja iz leta v leto kompleksnej\u0161a in posku\u0161a sistemati\u010dno vzpostavljati ravnovesje med umetni\u0161kimi in kuratorskimi praksami. Po kraj\u0161em premisleku in refleksiji se januarja 2017 vra\u010damo s prenovljenim programom. Vse, ki jih zanima delo kuratorja in kritika, vabimo k vpisu. Rok za prijavo je podalj\u0161an do 15. januarja! [&hellip;]<\/p>\n","protected":false},"author":16,"featured_media":10218,"parent":9611,"menu_order":0,"comment_status":"closed","ping_status":"closed","template":"","meta":{"footnotes":""},"categories":[35,7],"tags":[],"_links":{"self":[{"href":"https:\/\/www.worldofart.org\/arhiv.worldofart.org\/aktualno\/wp-json\/wp\/v2\/pages\/10217"}],"collection":[{"href":"https:\/\/www.worldofart.org\/arhiv.worldofart.org\/aktualno\/wp-json\/wp\/v2\/pages"}],"about":[{"href":"https:\/\/www.worldofart.org\/arhiv.worldofart.org\/aktualno\/wp-json\/wp\/v2\/types\/page"}],"author":[{"embeddable":true,"href":"https:\/\/www.worldofart.org\/arhiv.worldofart.org\/aktualno\/wp-json\/wp\/v2\/users\/16"}],"replies":[{"embeddable":true,"href":"https:\/\/www.worldofart.org\/arhiv.worldofart.org\/aktualno\/wp-json\/wp\/v2\/comments?post=10217"}],"version-history":[{"count":2,"href":"https:\/\/www.worldofart.org\/arhiv.worldofart.org\/aktualno\/wp-json\/wp\/v2\/pages\/10217\/revisions"}],"predecessor-version":[{"id":10220,"href":"https:\/\/www.worldofart.org\/arhiv.worldofart.org\/aktualno\/wp-json\/wp\/v2\/pages\/10217\/revisions\/10220"}],"up":[{"embeddable":true,"href":"https:\/\/www.worldofart.org\/arhiv.worldofart.org\/aktualno\/wp-json\/wp\/v2\/pages\/9611"}],"wp:featuredmedia":[{"embeddable":true,"href":"https:\/\/www.worldofart.org\/arhiv.worldofart.org\/aktualno\/wp-json\/wp\/v2\/media\/10218"}],"wp:attachment":[{"href":"https:\/\/www.worldofart.org\/arhiv.worldofart.org\/aktualno\/wp-json\/wp\/v2\/media?parent=10217"}],"wp:term":[{"taxonomy":"category","embeddable":true,"href":"https:\/\/www.worldofart.org\/arhiv.worldofart.org\/aktualno\/wp-json\/wp\/v2\/categories?post=10217"},{"taxonomy":"post_tag","embeddable":true,"href":"https:\/\/www.worldofart.org\/arhiv.worldofart.org\/aktualno\/wp-json\/wp\/v2\/tags?post=10217"}],"curies":[{"name":"wp","href":"https:\/\/api.w.org\/{rel}","templated":true}]}}