{"id":11418,"date":"1999-05-30T13:05:18","date_gmt":"1999-05-30T11:05:18","guid":{"rendered":"http:\/\/www.worldofart.org\/aktualno\/?page_id=11418"},"modified":"2017-06-15T11:04:41","modified_gmt":"2017-06-15T09:04:41","slug":"geopolitika-in-umetnost","status":"publish","type":"page","link":"https:\/\/www.worldofart.org\/arhiv.worldofart.org\/aktualno\/geopolitika-in-umetnost","title":{"rendered":"Geopolitika in umetnost"},"content":{"rendered":"<p>Svet umetnosti | Javna predavanja | Geopolitika in umetnost | 1999 | Arhiv<\/p>\n<hr \/>\n<p>Ob dvajseti obletnici delovanja \u0160ole za kuratorske prakse in kriti\u0161ko pisanje Svet umetnosti smo z razstavo <a href=\"https:\/\/www.worldofart.org\/arhiv.worldofart.org\/aktualno\/sestnajsto-leto-2017-2018\/re-razstava\" target=\"_blank\" rel=\"noopener noreferrer\"><em>re-<\/em><\/a> v Galeriji \u0160kuc s predstavitvijo arhiva posku\u0161ali ponuditi razli\u010dne vstopne to\u010dke za rekontekstualizacijo in reinterpretacijo zbranega gradiva. \u0160ola Svet umetnosti kot neformalno izobra\u017eevanje na podro\u010dju kuratorskih praks in kriti\u0161kega pisanja posku\u0161a odpirati prostor za specifi\u010dno produkcijo in distribucijo znanj, zato smo v ta namen vsebine javnih predavanj prvih let obstoja \u0161ole prenesli na novo spletno stran, kjer so znova dostopne \u0161ir\u0161i zainteresirani javnosti.<\/p>\n<p>V nizu javnih predavanj <strong><em>Geopolitika in umetnost<\/em><\/strong>, ki smo ga pripravili leta 1999, so predavali Charles Harrison, Edi Muka, Jaroslav Andel, Du\u0161an Rutar, Marko Peljhan, Borut Vogelnik in C\u0103lin Dan.<\/p>\n<hr \/>\n<p><b>Charles Harrison: <\/b><a href=\"https:\/\/www.worldofart.org\/arhiv.worldofart.org\/aktualno\/archives\/11462\">Zasluge nesposobnosti<\/a><br \/>\n<b>Edi Muka:<\/b> <a href=\"https:\/\/www.worldofart.org\/arhiv.worldofart.org\/aktualno\/archives\/11465\"> Permanentna nestabilnost<\/a><br \/>\n<b>Jaroslav Andel: <\/b><a href=\"https:\/\/www.worldofart.org\/arhiv.worldofart.org\/aktualno\/archives\/11468\"> Premiki v temeljih umetnosti: Primer \u010ce\u0161koslova\u0161ke \/ \u010ce\u0161ke Republike<\/a><br \/>\n<b>Du\u0161an Rutar: <\/b><a href=\"https:\/\/www.worldofart.org\/arhiv.worldofart.org\/aktualno\/archives\/11471\">Digitalna estetika, globalne podobe in etika novega tribalizma<\/a><br \/>\n<b>Marko Peljhan:<\/b> <a href=\"https:\/\/www.worldofart.org\/arhiv.worldofart.org\/aktualno\/archives\/11473\">Strategije minimalnega odpora &#8211; analiza takti\u010dnega delovanja v dru\u017ebi kontrole<\/a><br \/>\n<b>Borut Vogelnik: <\/b><a href=\"https:\/\/www.worldofart.org\/arhiv.worldofart.org\/aktualno\/archives\/11476\">Lastninjenje \u010dasa<\/a><br \/>\n<b>C\u0103lin Dan:<\/b> <a href=\"https:\/\/www.worldofart.org\/arhiv.worldofart.org\/aktualno\/archives\/11479\">Geografija pogube. Ocena mo\u017enosti <\/a><\/p>\n","protected":false},"excerpt":{"rendered":"<p>Svet umetnosti | Javna predavanja | Geopolitika in umetnost | 1999 | Arhiv Ob dvajseti obletnici delovanja \u0160ole za kuratorske prakse in kriti\u0161ko pisanje Svet umetnosti smo z razstavo re- v Galeriji \u0160kuc s predstavitvijo arhiva posku\u0161ali ponuditi razli\u010dne vstopne to\u010dke za rekontekstualizacijo in reinterpretacijo zbranega gradiva. \u0160ola Svet umetnosti kot neformalno izobra\u017eevanje na podro\u010dju [&hellip;]<\/p>\n","protected":false},"author":16,"featured_media":11571,"parent":0,"menu_order":0,"comment_status":"closed","ping_status":"closed","template":"","meta":{"footnotes":""},"categories":[45],"tags":[],"_links":{"self":[{"href":"https:\/\/www.worldofart.org\/arhiv.worldofart.org\/aktualno\/wp-json\/wp\/v2\/pages\/11418"}],"collection":[{"href":"https:\/\/www.worldofart.org\/arhiv.worldofart.org\/aktualno\/wp-json\/wp\/v2\/pages"}],"about":[{"href":"https:\/\/www.worldofart.org\/arhiv.worldofart.org\/aktualno\/wp-json\/wp\/v2\/types\/page"}],"author":[{"embeddable":true,"href":"https:\/\/www.worldofart.org\/arhiv.worldofart.org\/aktualno\/wp-json\/wp\/v2\/users\/16"}],"replies":[{"embeddable":true,"href":"https:\/\/www.worldofart.org\/arhiv.worldofart.org\/aktualno\/wp-json\/wp\/v2\/comments?post=11418"}],"version-history":[{"count":13,"href":"https:\/\/www.worldofart.org\/arhiv.worldofart.org\/aktualno\/wp-json\/wp\/v2\/pages\/11418\/revisions"}],"predecessor-version":[{"id":11791,"href":"https:\/\/www.worldofart.org\/arhiv.worldofart.org\/aktualno\/wp-json\/wp\/v2\/pages\/11418\/revisions\/11791"}],"wp:featuredmedia":[{"embeddable":true,"href":"https:\/\/www.worldofart.org\/arhiv.worldofart.org\/aktualno\/wp-json\/wp\/v2\/media\/11571"}],"wp:attachment":[{"href":"https:\/\/www.worldofart.org\/arhiv.worldofart.org\/aktualno\/wp-json\/wp\/v2\/media?parent=11418"}],"wp:term":[{"taxonomy":"category","embeddable":true,"href":"https:\/\/www.worldofart.org\/arhiv.worldofart.org\/aktualno\/wp-json\/wp\/v2\/categories?post=11418"},{"taxonomy":"post_tag","embeddable":true,"href":"https:\/\/www.worldofart.org\/arhiv.worldofart.org\/aktualno\/wp-json\/wp\/v2\/tags?post=11418"}],"curies":[{"name":"wp","href":"https:\/\/api.w.org\/{rel}","templated":true}]}}