{"id":11422,"date":"2003-05-30T11:55:13","date_gmt":"2003-05-30T09:55:13","guid":{"rendered":"http:\/\/www.worldofart.org\/aktualno\/?page_id=11422"},"modified":"2017-06-15T10:56:23","modified_gmt":"2017-06-15T08:56:23","slug":"strategije-predstavljanja-2-in-3","status":"publish","type":"page","link":"https:\/\/www.worldofart.org\/arhiv.worldofart.org\/aktualno\/strategije-predstavljanja-2-in-3","title":{"rendered":"Strategije predstavljanja 2 &#038; 3"},"content":{"rendered":"<p>Svet umetnosti | Javna predavanja | Strategije predstavljanja 2 &amp; 3 | 2001\/03 | Arhiv<\/p>\n<hr \/>\n<p>Ob dvajseti obletnici delovanja \u0160ole za kuratorske prakse in kriti\u0161ko pisanje Svet umetnosti smo z razstavo <a href=\"https:\/\/www.worldofart.org\/arhiv.worldofart.org\/aktualno\/sestnajsto-leto-2017-2018\/re-razstava\" target=\"_blank\" rel=\"noopener noreferrer\"><em>re-<\/em><\/a> v Galeriji \u0160kuc s predstavitvijo arhiva posku\u0161ali ponuditi razli\u010dne vstopne to\u010dke za rekontekstualizacijo in reinterpretacijo zbranega gradiva. \u0160ola Svet umetnosti kot neformalno izobra\u017eevanje na podro\u010dju kuratorskih praks in kriti\u0161kega pisanja posku\u0161a odpirati prostor za specifi\u010dno produkcijo in distribucijo znanj, zato smo v ta namen vsebine javnih predavanj prvih let obstoja \u0161ole prenesli na novo spletno stran, kjer so znova dostopne \u0161ir\u0161i zainteresirani javnosti.<\/p>\n<p>V nizu javnih predavanj <strong><em>Strategije predstavljanja 2 &amp; 3<\/em><\/strong>, ki smo ju pripravili med letoma 2001 in 2003, so predavali Donatella Ruttar, Moreno Miorelli, Anne Cartel, David Dronet, Daniel Jewesbury, Skupina \u0160kart, Nevenka \u0160ivavec, Tadej Poga\u010dar, Boris Buden, Charles Esche, Ivana Keser, Viktor Misiano, What &amp; How &amp; for Whom, Jurij Krpan in Douglas Davis.<\/p>\n<hr \/>\n<p><strong>Donatella Ruttar, Moreno Miorelli:<\/strong> <a href=\"https:\/\/www.worldofart.org\/arhiv.worldofart.org\/aktualno\/archives\/11511\">Stazione di Topolo\/Postaja Topolove<\/a><br \/>\n<strong>Anne Cartel, David Dronet:<\/strong> <a href=\"https:\/\/www.worldofart.org\/arhiv.worldofart.org\/aktualno\/archives\/11514\">Multimedijski kulturni center Station Mir<\/a><br \/>\n<strong>Daniel Jewesbury:<\/strong> <a href=\"https:\/\/www.worldofart.org\/arhiv.worldofart.org\/aktualno\/archives\/11517\">Skopo<\/a><br \/>\n<strong>Skupina \u0160kart:<\/strong> <a href=\"https:\/\/www.worldofart.org\/arhiv.worldofart.org\/aktualno\/archives\/11520\">Pesme koje su pobegle<\/a><br \/>\n<strong>Nevenka \u0160ivavec:<\/strong> <a href=\"https:\/\/www.worldofart.org\/arhiv.worldofart.org\/aktualno\/archives\/11523\">O privla\u010dnosti lokalnega<\/a><br \/>\n<strong>Tadej Poga\u010dar:<\/strong> <a href=\"https:\/\/www.worldofart.org\/arhiv.worldofart.org\/aktualno\/archives\/11526\">&#8220;This Is What You Want &#8230; This Is What You Get&#8221;<\/a><\/p>\n<p><strong>Boris Buden:<\/strong> <a href=\"https:\/\/www.worldofart.org\/arhiv.worldofart.org\/aktualno\/archives\/11501\">Z umetnostjo do starih porazov: avstrijski primer<\/a><br \/>\n<strong>Charles Esche:<\/strong> <a href=\"https:\/\/www.worldofart.org\/arhiv.worldofart.org\/aktualno\/archives\/11503\">Forum mo\u017enosti &#8211; institucionalna sprememba in skromni predlogi<\/a><br \/>\n<strong>Ivana Keser:<\/strong> <a href=\"https:\/\/www.worldofart.org\/arhiv.worldofart.org\/aktualno\/archives\/11505\">Avtorski \u010dasopis: svoboda dezinformacije<\/a><br \/>\n<strong>Viktor Misiano:<\/strong> <a href=\"https:\/\/www.worldofart.org\/arhiv.worldofart.org\/aktualno\/archives\/10136\">Strategije razstavljanja od modernizacije proti demodernizaciji<\/a><br \/>\n<strong>What &amp; How &amp; for Whom:<\/strong> <a href=\"https:\/\/www.worldofart.org\/arhiv.worldofart.org\/aktualno\/archives\/11509\">Med neodvisnostjo in mamljivostjo institucionalizacije<\/a><br \/>\n<strong>Jurij Krpan:<\/strong> Primer Kapelica<br \/>\n<strong>Douglas Davis:<\/strong> Umetni\u0161ko delo v dobi digitalne reprodukcije<\/p>\n","protected":false},"excerpt":{"rendered":"<p>Svet umetnosti | Javna predavanja | Strategije predstavljanja 2 &amp; 3 | 2001\/03 | Arhiv Ob dvajseti obletnici delovanja \u0160ole za kuratorske prakse in kriti\u0161ko pisanje Svet umetnosti smo z razstavo re- v Galeriji \u0160kuc s predstavitvijo arhiva posku\u0161ali ponuditi razli\u010dne vstopne to\u010dke za rekontekstualizacijo in reinterpretacijo zbranega gradiva. \u0160ola Svet umetnosti kot neformalno izobra\u017eevanje [&hellip;]<\/p>\n","protected":false},"author":16,"featured_media":11572,"parent":0,"menu_order":0,"comment_status":"closed","ping_status":"closed","template":"","meta":{"footnotes":""},"categories":[45],"tags":[],"_links":{"self":[{"href":"https:\/\/www.worldofart.org\/arhiv.worldofart.org\/aktualno\/wp-json\/wp\/v2\/pages\/11422"}],"collection":[{"href":"https:\/\/www.worldofart.org\/arhiv.worldofart.org\/aktualno\/wp-json\/wp\/v2\/pages"}],"about":[{"href":"https:\/\/www.worldofart.org\/arhiv.worldofart.org\/aktualno\/wp-json\/wp\/v2\/types\/page"}],"author":[{"embeddable":true,"href":"https:\/\/www.worldofart.org\/arhiv.worldofart.org\/aktualno\/wp-json\/wp\/v2\/users\/16"}],"replies":[{"embeddable":true,"href":"https:\/\/www.worldofart.org\/arhiv.worldofart.org\/aktualno\/wp-json\/wp\/v2\/comments?post=11422"}],"version-history":[{"count":19,"href":"https:\/\/www.worldofart.org\/arhiv.worldofart.org\/aktualno\/wp-json\/wp\/v2\/pages\/11422\/revisions"}],"predecessor-version":[{"id":11787,"href":"https:\/\/www.worldofart.org\/arhiv.worldofart.org\/aktualno\/wp-json\/wp\/v2\/pages\/11422\/revisions\/11787"}],"wp:featuredmedia":[{"embeddable":true,"href":"https:\/\/www.worldofart.org\/arhiv.worldofart.org\/aktualno\/wp-json\/wp\/v2\/media\/11572"}],"wp:attachment":[{"href":"https:\/\/www.worldofart.org\/arhiv.worldofart.org\/aktualno\/wp-json\/wp\/v2\/media?parent=11422"}],"wp:term":[{"taxonomy":"category","embeddable":true,"href":"https:\/\/www.worldofart.org\/arhiv.worldofart.org\/aktualno\/wp-json\/wp\/v2\/categories?post=11422"},{"taxonomy":"post_tag","embeddable":true,"href":"https:\/\/www.worldofart.org\/arhiv.worldofart.org\/aktualno\/wp-json\/wp\/v2\/tags?post=11422"}],"curies":[{"name":"wp","href":"https:\/\/api.w.org\/{rel}","templated":true}]}}