{"id":1316,"date":"2012-01-06T18:57:07","date_gmt":"2012-01-06T16:57:07","guid":{"rendered":"http:\/\/www.worldofart.org\/aktualno\/?page_id=1316"},"modified":"2018-06-18T18:36:24","modified_gmt":"2018-06-18T16:36:24","slug":"studijska-ekskurzija-v-gradec-program","status":"publish","type":"page","link":"https:\/\/www.worldofart.org\/arhiv.worldofart.org\/aktualno\/stirinajsti-letnik-20112013\/studijske-ekskurzije\/studijska-ekskurzija-v-gradec-program","title":{"rendered":"\u0160tudijska ekskurzija v Gradec &#8211; program"},"content":{"rendered":"<p>SVET UMETNOSTI<br \/>\n\u0160ola za kustose in kritike sodobne umetnosti<br \/>\nLetnik 14<\/p>\n<p>\u0160tudijska ekskurzija v Gradec<br \/>\n22. 12. 2011<\/p>\n<hr \/>\n<p><strong>11.00 &lt;ROTOR&gt;<\/strong><br \/>\nSre\u010denje z vodjo Margarethe Makovec in Evo Meran; ogled razstave <em>Detached<\/em>.<\/p>\n<p><strong>13.00 Kunsthaus Graz<\/strong><br \/>\nSre\u010danje z glavnim kuratorjem Petrom Peerom; ogled razstav <strong>Ai Weiwei<\/strong>: <em>Interlacing<\/em>, <strong>Antje Majewski<\/strong>: <em>The world Gimel. How to make objects talk.<\/em><\/p>\n<p><strong>15.00 Camera Austria<\/strong><br \/>\nSre\u010danje z direktorjem Reinhardom Braunom; ogled razstave <em>Communitas Among Others<\/em>.<\/p>\n","protected":false},"excerpt":{"rendered":"<p>SVET UMETNOSTI \u0160ola za kustose in kritike sodobne umetnosti Letnik 14 \u0160tudijska ekskurzija v Gradec 22. 12. 2011 11.00 &lt;ROTOR&gt; Sre\u010denje z vodjo Margarethe Makovec in Evo Meran; ogled razstave Detached. 13.00 Kunsthaus Graz Sre\u010danje z glavnim kuratorjem Petrom Peerom; ogled razstav Ai Weiwei: Interlacing, Antje Majewski: The world Gimel. How to make objects talk. [&hellip;]<\/p>\n","protected":false},"author":1,"featured_media":0,"parent":870,"menu_order":0,"comment_status":"closed","ping_status":"closed","template":"","meta":{"footnotes":""},"categories":[],"tags":[],"_links":{"self":[{"href":"https:\/\/www.worldofart.org\/arhiv.worldofart.org\/aktualno\/wp-json\/wp\/v2\/pages\/1316"}],"collection":[{"href":"https:\/\/www.worldofart.org\/arhiv.worldofart.org\/aktualno\/wp-json\/wp\/v2\/pages"}],"about":[{"href":"https:\/\/www.worldofart.org\/arhiv.worldofart.org\/aktualno\/wp-json\/wp\/v2\/types\/page"}],"author":[{"embeddable":true,"href":"https:\/\/www.worldofart.org\/arhiv.worldofart.org\/aktualno\/wp-json\/wp\/v2\/users\/1"}],"replies":[{"embeddable":true,"href":"https:\/\/www.worldofart.org\/arhiv.worldofart.org\/aktualno\/wp-json\/wp\/v2\/comments?post=1316"}],"version-history":[{"count":1,"href":"https:\/\/www.worldofart.org\/arhiv.worldofart.org\/aktualno\/wp-json\/wp\/v2\/pages\/1316\/revisions"}],"predecessor-version":[{"id":9606,"href":"https:\/\/www.worldofart.org\/arhiv.worldofart.org\/aktualno\/wp-json\/wp\/v2\/pages\/1316\/revisions\/9606"}],"up":[{"embeddable":true,"href":"https:\/\/www.worldofart.org\/arhiv.worldofart.org\/aktualno\/wp-json\/wp\/v2\/pages\/870"}],"wp:attachment":[{"href":"https:\/\/www.worldofart.org\/arhiv.worldofart.org\/aktualno\/wp-json\/wp\/v2\/media?parent=1316"}],"wp:term":[{"taxonomy":"category","embeddable":true,"href":"https:\/\/www.worldofart.org\/arhiv.worldofart.org\/aktualno\/wp-json\/wp\/v2\/categories?post=1316"},{"taxonomy":"post_tag","embeddable":true,"href":"https:\/\/www.worldofart.org\/arhiv.worldofart.org\/aktualno\/wp-json\/wp\/v2\/tags?post=1316"}],"curies":[{"name":"wp","href":"https:\/\/api.w.org\/{rel}","templated":true}]}}