{"id":134,"date":"2008-01-14T12:54:22","date_gmt":"2008-01-14T10:54:22","guid":{"rendered":"http:\/\/www.worldofart.org\/aktualno\/laboratorij\/udelezenci-laboratorija-20072008\/"},"modified":"2018-07-11T21:27:43","modified_gmt":"2018-07-11T19:27:43","slug":"udelezenci-200708","status":"publish","type":"page","link":"https:\/\/www.worldofart.org\/arhiv.worldofart.org\/aktualno\/enajsti-letnik-200708\/laboratorij-200708\/udelezenci-200708","title":{"rendered":"Udele\u017eenci 2007\/08"},"content":{"rendered":"<table width=\"100%\" border=\"0\" cellspacing=\"0\" cellpadding=\"0\">\n<tr>\n<td width=\"70%\" class=\"tekstlevo\" valign=\"top\">\n<img decoding=\"async\" align=\"left\" style=\"margin-right:10px; margin-bottom: 5px; margin-top: 3px; margin-left: 0px \" src=\"https:\/\/www.worldofart.org\/arhiv.worldofart.org\/aktualno\/wp-content\/2007-08\/laboratorij\/portreti\/natasa-bodrozic.jpg\" alt=\"Nata\u0161a Bodro\u017ei\u0107\" \/><strong>Nata\u0161a Bodro\u017ei\u0107 (Split, 1978)<\/strong><br \/>\nDiplomirala iz novinarstva na Fakulteti politi\u010dnih znanosti v Zagrebu. Leta 2005\/2006 je bila \u0161tipendistka programa Soros Supplementary Grants. Dela kot novinarka internetne strani www.kupus.net. Leta 2007 je bila ena izmed organizatorjev projekta Slobodne veze \u2013 Suvremene umjetni\u010dke prakse na me\u0111unarodnoj sceni danas. Trenutno nadaljuje podiplomski \u0161tudij \u201cKulturnega managementa in kulturne politike na Balkanu\u201d na UNESCO katedri v Beogradu.<\/p>\n<hr \/>\n<p><img decoding=\"async\" align=\"left\" style=\"margin-right:10px; margin-bottom: 5px; margin-top: 3px; margin-left: 0px \" src=\"https:\/\/www.worldofart.org\/arhiv.worldofart.org\/aktualno\/wp-content\/2007-08\/laboratorij\/portreti\/petra-milic.jpg\" alt=\"Petra Mili\u010d\" \/><strong>Petra Mili\u010d (Ljubljana, 1978)<\/strong><br \/>\nDiplomirala iz sinologije in sociologije kulture na Filozofski fakulteti v Ljubljani. Med leti 2004 \u2013 2006 je \u0161tudirala na Fakulteti za znanost in tehnologijo v Kunmingu na Kitajskem, kjer je sodelovala pri umetni\u0161kih projektih in raziskavah organizacije Lijiang Studio. V letih 2006 in 2007 je bila projektni vodja Galerije sodobne umetnosti v Shanghaiu na Kitajskem. Dela kot novinarka poro\u010devalka za \u010dasnik Dnevnik.<\/p>\n<hr \/>\n<p><img decoding=\"async\" align=\"left\" style=\"margin-right:10px; margin-bottom: 5px; margin-top: 3px; margin-left: 0px \" src=\"https:\/\/www.worldofart.org\/arhiv.worldofart.org\/aktualno\/wp-content\/2007-08\/laboratorij\/portreti\/teja-rot.jpg\" alt=\"Teja Rot\" \/><strong>Teja Rot (Kranj, 1976)<\/strong><br \/>\nDiplomirala iz komunikologije na Fakulteti za dru\u017ebene vede v Ljubljani. Leta 2001 vpisala podiplomski humanisti\u010dni \u0161tudij iz Medijskih \u0161tudij na Institutu ISH. Leta 2006 se je podiplomsko izpopolnjevala na City University of London. Od leta 2006 je sodelavka E-arhiva in Studia 6, projektov Zavoda SCCA. Pred tem je sodelovala pri razli\u010dnih projektih (avtorica \u010dlankov pri Revija Muska, strokovna sodelavka pri projektu Filmskega sklada RS, strokovna sodelavka CMA Euroschool na Istitutu Jo\u017eef \u0160tefan idr.) Leta 2004 je bila kustosinja za razstave in odgovorna za stike z javnostmi v Slovenskem etnografskem muzeju.<\/p>\n<hr \/>\n<p><img decoding=\"async\" align=\"left\" style=\"margin-right:10px; margin-bottom: 5px; margin-top: 3px; margin-left: 0px \" src=\"https:\/\/www.worldofart.org\/arhiv.worldofart.org\/aktualno\/wp-content\/2007-08\/laboratorij\/portreti\/jernej-skof.jpg\" alt=\"Jernej \u0160kof\" \/><strong>Jernej \u0160kof (1983)<\/strong><br \/>\n\u0160tudent kulturologije na Fakulteti za dru\u017ebene vede v Ljubljani. Sodeloval je pri projektih v okviru Zavoda Aksioma. Produciral, re\u017eiral in igral je v predstavi KD Fantazija druga\u010dne vrste Skrito:Spol. Leta 2007 je v klubu Tiffany postavil razstavo plakatov DJ kolektiva Sindikat, sodeluje pa tudi pri mnogih gledali\u0161kih projektih.<\/p>\n<hr \/>\n<p><img decoding=\"async\" align=\"left\" style=\"margin-right:10px; margin-bottom: 5px; margin-top: 3px; margin-left: 0px \" src=\"https:\/\/www.worldofart.org\/arhiv.worldofart.org\/aktualno\/wp-content\/2007-08\/laboratorij\/portreti\/vanja-zanko.jpg\" alt=\"Vanja \u017danko\" \/><strong>Vanja \u017danko (1980)<\/strong><br \/>\nDiplomirala iz umetnostne zgodovine in italijanskega jezika na Filozofski fakulteti v Zagrebu. Leta 2003 je bila sprejeta na prakti\u010dni program muzeja Guggenheim v Benetkah. Leta 2006 je sodelovala pri organizaciji dokumentarnega intermedijskega projekta Viti\u010d_ple\u0161e v okviru Hrva\u0161kega filmskega sklada. Sodelovala je pri mnogih razstavah (m.d. Black&#038;White, Zagreb, POS \u2013 Pozitiv Negativ, Zagreb, in SC Danas\/Iz ju\u010der\/za sutra v Galeriji SC, Zagreb) in gledali\u0161kih predstavah (Ex-pozicija). V podjetju Filip Trade v Zagrebu. je zaposlena kot kustosinja zbirke sodobne umetnosti. <\/p>\n<\/td>\n<td width=\"260px\" class=\"podlagaslike\" valign=\"top\">\n <img decoding=\"async\" alt=\"Laboratoranti 2007\/08\" src=\"https:\/\/www.worldofart.org\/arhiv.worldofart.org\/aktualno\/wp-content\/2007-08\/laboratorij\/laboranti2007-08_1.jpg\" \/><br \/>\n <img decoding=\"async\" alt=\"Laboratoranti 2007\/08\" src=\"https:\/\/www.worldofart.org\/arhiv.worldofart.org\/aktualno\/wp-content\/2007-08\/laboratorij\/laboranti2007-08_2.jpg\" \/><br \/>\n <img decoding=\"async\" alt=\"Laboratoranti 2007\/08\" src=\"https:\/\/www.worldofart.org\/arhiv.worldofart.org\/aktualno\/wp-content\/2007-08\/laboratorij\/laboranti2007-08_3.jpg\" \/><br \/>\n <img decoding=\"async\" alt=\"Laboratoranti 2007\/08\" src=\"https:\/\/www.worldofart.org\/arhiv.worldofart.org\/aktualno\/wp-content\/2007-08\/laboratorij\/laboranti2007-08_4.jpg\" \/><br \/>\n <img decoding=\"async\" alt=\"Laboratoranti 2007\/08\" src=\"https:\/\/www.worldofart.org\/arhiv.worldofart.org\/aktualno\/wp-content\/2007-08\/laboratorij\/laboranti2007-08_5.jpg\" \/><br \/>\n <img decoding=\"async\" alt=\"Laboratoranti 2007\/08\" src=\"https:\/\/www.worldofart.org\/arhiv.worldofart.org\/aktualno\/wp-content\/2007-08\/laboratorij\/laboranti2007-08_6.jpg\" style=\"margin-bottom: 15px\" \/>\n    <\/td>\n<\/tr>\n<\/table>\n","protected":false},"excerpt":{"rendered":"<p>Nata\u0161a Bodro\u017ei\u0107 (Split, 1978) Diplomirala iz novinarstva na Fakulteti politi\u010dnih znanosti v Zagrebu. Leta 2005\/2006 je bila \u0161tipendistka programa Soros Supplementary Grants. Dela kot novinarka internetne strani www.kupus.net. Leta 2007 je bila ena izmed organizatorjev projekta Slobodne veze \u2013 Suvremene umjetni\u010dke prakse na me\u0111unarodnoj sceni danas. Trenutno nadaljuje podiplomski \u0161tudij \u201cKulturnega managementa in kulturne politike [&hellip;]<\/p>\n","protected":false},"author":1,"featured_media":0,"parent":181,"menu_order":0,"comment_status":"closed","ping_status":"closed","template":"","meta":{"footnotes":""},"categories":[],"tags":[],"_links":{"self":[{"href":"https:\/\/www.worldofart.org\/arhiv.worldofart.org\/aktualno\/wp-json\/wp\/v2\/pages\/134"}],"collection":[{"href":"https:\/\/www.worldofart.org\/arhiv.worldofart.org\/aktualno\/wp-json\/wp\/v2\/pages"}],"about":[{"href":"https:\/\/www.worldofart.org\/arhiv.worldofart.org\/aktualno\/wp-json\/wp\/v2\/types\/page"}],"author":[{"embeddable":true,"href":"https:\/\/www.worldofart.org\/arhiv.worldofart.org\/aktualno\/wp-json\/wp\/v2\/users\/1"}],"replies":[{"embeddable":true,"href":"https:\/\/www.worldofart.org\/arhiv.worldofart.org\/aktualno\/wp-json\/wp\/v2\/comments?post=134"}],"version-history":[{"count":1,"href":"https:\/\/www.worldofart.org\/arhiv.worldofart.org\/aktualno\/wp-json\/wp\/v2\/pages\/134\/revisions"}],"predecessor-version":[{"id":9448,"href":"https:\/\/www.worldofart.org\/arhiv.worldofart.org\/aktualno\/wp-json\/wp\/v2\/pages\/134\/revisions\/9448"}],"up":[{"embeddable":true,"href":"https:\/\/www.worldofart.org\/arhiv.worldofart.org\/aktualno\/wp-json\/wp\/v2\/pages\/181"}],"wp:attachment":[{"href":"https:\/\/www.worldofart.org\/arhiv.worldofart.org\/aktualno\/wp-json\/wp\/v2\/media?parent=134"}],"wp:term":[{"taxonomy":"category","embeddable":true,"href":"https:\/\/www.worldofart.org\/arhiv.worldofart.org\/aktualno\/wp-json\/wp\/v2\/categories?post=134"},{"taxonomy":"post_tag","embeddable":true,"href":"https:\/\/www.worldofart.org\/arhiv.worldofart.org\/aktualno\/wp-json\/wp\/v2\/tags?post=134"}],"curies":[{"name":"wp","href":"https:\/\/api.w.org\/{rel}","templated":true}]}}