{"id":13704,"date":"2018-09-28T10:41:34","date_gmt":"2018-09-28T08:41:34","guid":{"rendered":"http:\/\/www.worldofart.org\/aktualno\/?page_id=13704"},"modified":"2020-10-01T20:11:24","modified_gmt":"2020-10-01T18:11:24","slug":"urnik","status":"publish","type":"page","link":"https:\/\/www.worldofart.org\/arhiv.worldofart.org\/aktualno\/sedemnajsto-leto-2018-2020\/urnik","title":{"rendered":"Urnik 2018\/2020"},"content":{"rendered":"<p>Svet umetnosti | \u0160ola za kuratorske prakse in kriti\u0161ko pisanje | Leto 17<\/p>\n<hr \/>\n<p><strong>2. LETNIK (oktober 2019\u2013junij 2020)<\/strong><\/p>\n<p class=\"mesec13\"><strong>september<\/strong><\/p>\n<table border=\"0\" width=\"1057\" cellspacing=\"0\" cellpadding=\"0\">\n<tbody>\n<tr>\n<td class=\"mesec\" valign=\"top\" width=\"20%\">torek,<br \/>\n15. 9. 2020<\/td>\n<td class=\"tdprogramsredina\" valign=\"top\" width=\"20%\">18.00\u201319.00<\/td>\n<td class=\"tdprogram\" valign=\"top\" width=\"60%\"><a href=\"https:\/\/www.worldofart.org\/arhiv.worldofart.org\/aktualno\/sedemnajsto-leto-2018-2020\/drugi-letnik#modul_1\">Alenka Gregori\u010d, Miran Mohar: <em>Kuratorski kolegij<\/em><\/a><\/td>\n<\/tr>\n<tr>\n<td class=\"mesec\" valign=\"top\" width=\"20%\">\u010detrtek,<br \/>\n24. 9. 2020<\/td>\n<td class=\"tdprogramsredina\" valign=\"top\" width=\"20%\">splet<\/td>\n<td class=\"tdprogram\" valign=\"top\" width=\"60%\"><a href=\"https:\/\/www.worldofart.org\/arhiv.worldofart.org\/aktualno\/sedemnajsto-leto-2018-2020\/drugi-letnik#modul_1\">Alenka Gregori\u010d: <em>Kuratorski kolegij<\/em><\/a>; konzultacije ob oddaji spremnega besedila<\/td>\n<\/tr>\n<\/tbody>\n<\/table>\n<p class=\"mesec13\"><strong>oktober<\/strong><\/p>\n<table border=\"0\" width=\"1057\" cellspacing=\"0\" cellpadding=\"0\">\n<tbody>\n<tr>\n<td class=\"mesec\" rowspan=\"2\" valign=\"top\" width=\"20%\">torek,<br \/>\n6. 10. 2020<\/td>\n<td class=\"tdprogramsredina\" valign=\"top\" width=\"20%\">17.30\u201319.00<\/td>\n<td class=\"tdprogram\" valign=\"top\" width=\"60%\"><a href=\"https:\/\/www.worldofart.org\/arhiv.worldofart.org\/aktualno\/sedemnajsto-leto-2018-2020\/drugi-letnik#modul_1\">Alenka Gregori\u010d, Miran Mohar: <em>Kuratorski kolegij<\/em><\/a><\/td>\n<\/tr>\n<tr>\n<td class=\"tdprogramsredina\" valign=\"top\" width=\"20%\">19.00\u201320.30<\/td>\n<td class=\"tdprogram\" valign=\"top\" width=\"60%\">Zemira Alajbegovi\u010d Pe\u010dovnik in Jake Yuzna. Pogovor<\/td>\n<\/tr>\n<tr>\n<td class=\"mesec\" rowspan=\"2\" valign=\"top\" width=\"20%\">sreda,<br \/>\n14. 10. 2020<\/td>\n<td class=\"tdprogramsredina\" valign=\"top\" width=\"20%\">17.00\u201318.30<\/td>\n<td class=\"tdprogram\" valign=\"top\" width=\"60%\"><a href=\"https:\/\/www.worldofart.org\/arhiv.worldofart.org\/aktualno\/sedemnajsto-leto-2018-2020\/drugi-letnik#modul_4\">Adela \u017deleznik: <em>Obrazstavni program<\/em><\/a><\/td>\n<\/tr>\n<tr>\n<td class=\"tdprogramsredina\" valign=\"top\" width=\"20%\">18.45\u201320.15<\/td>\n<td class=\"tdprogram\" valign=\"top\" width=\"60%\"><a href=\"https:\/\/www.worldofart.org\/arhiv.worldofart.org\/aktualno\/sedemnajsto-leto-2018-2020\/drugi-letnik#modul_2\">Ur\u0161ka Comino: <em>Odnosi z javnostmi za razstavo sodobne umetnosti<\/em><\/a><\/td>\n<\/tr>\n<tr>\n<td class=\"mesec\" valign=\"top\" width=\"20%\">\u010detrtek,<br \/>\n22. 10. 2020<\/td>\n<td class=\"tdprogramsredina\" valign=\"top\" width=\"20%\">17.00\u201318.30<\/td>\n<td class=\"tdprogram\" valign=\"top\" width=\"60%\"><a href=\"https:\/\/www.worldofart.org\/arhiv.worldofart.org\/aktualno\/sedemnajsto-leto-2018-2020\/drugi-letnik#modul_1\">Alenka Gregori\u010d, Miran Mohar: <em>Kuratorski kolegij<\/em><\/a><\/td>\n<\/tr>\n<tr>\n<td class=\"mesec\" valign=\"top\" width=\"20%\">\u010detrtek,<br \/>\n29. 10. 2020<\/td>\n<td class=\"tdprogramsredina\" valign=\"top\" width=\"20%\">17.00\u201318.30<\/td>\n<td class=\"tdprogram\" valign=\"top\" width=\"60%\">Delovni sestanek kuratorske skupine in ekipe SCCA<\/td>\n<\/tr>\n<\/tbody>\n<\/table>\n<p class=\"mesec13\"><strong>november<\/strong><\/p>\n<table border=\"0\" width=\"1057\" cellspacing=\"0\" cellpadding=\"0\">\n<tbody>\n<tr>\n<td class=\"mesec\" valign=\"top\" width=\"20%\">sreda,<br \/>\n4. 11. 2020<\/td>\n<td class=\"tdprogramsredina\" valign=\"top\" width=\"20%\">19.00<\/td>\n<td class=\"tdprogram\" valign=\"top\" width=\"60%\">Odprtje kon\u010dne razstave v Galeriji \u0160kuc<\/td>\n<\/tr>\n<tr>\n<td class=\"mesec\" valign=\"top\" width=\"20%\">\u010detrtek,<br \/>\n12. 11. 2020<\/td>\n<td class=\"tdprogramsredina\" valign=\"top\" width=\"20%\">17.00\u201318.30<\/td>\n<td class=\"tdprogram\" valign=\"top\" width=\"60%\"><a href=\"https:\/\/www.worldofart.org\/arhiv.worldofart.org\/aktualno\/sedemnajsto-leto-2018-2020\/drugi-letnik#modul_1\">Alenka Gregori\u010d, Miran Mohar: <em>Kuratorski kolegij<\/em><\/a> in evalvacija razstave<\/td>\n<\/tr>\n<tr>\n<td class=\"mesec\" valign=\"top\" width=\"20%\">sreda,<br \/>\n25. 11. 2020<\/td>\n<td class=\"tdprogramsredina\" valign=\"top\" width=\"20%\">19.00<\/td>\n<td class=\"tdprogram\" valign=\"top\" width=\"60%\">Zaprtje razstave in zadnje vodstvo s kuratorkami<\/td>\n<\/tr>\n<\/tbody>\n<\/table>\n<p><a href=\"https:\/\/www.worldofart.org\/arhiv.worldofart.org\/aktualno\/sedemnajsto-leto-2018-2020\/urnik\/urnik-2018-2020\">Celoten urnik 2018\/2020<\/a><\/p>\n","protected":false},"excerpt":{"rendered":"<p>Svet umetnosti | \u0160ola za kuratorske prakse in kriti\u0161ko pisanje | Leto 17 2. LETNIK (oktober 2019\u2013junij 2020) september torek, 15. 9. 2020 18.00\u201319.00 Alenka Gregori\u010d, Miran Mohar: Kuratorski kolegij \u010detrtek, 24. 9. 2020 splet Alenka Gregori\u010d: Kuratorski kolegij; konzultacije ob oddaji spremnega besedila oktober torek, 6. 10. 2020 17.30\u201319.00 Alenka Gregori\u010d, Miran Mohar: Kuratorski [&hellip;]<\/p>\n","protected":false},"author":1,"featured_media":0,"parent":13480,"menu_order":0,"comment_status":"closed","ping_status":"closed","template":"","meta":{"footnotes":""},"categories":[],"tags":[],"_links":{"self":[{"href":"https:\/\/www.worldofart.org\/arhiv.worldofart.org\/aktualno\/wp-json\/wp\/v2\/pages\/13704"}],"collection":[{"href":"https:\/\/www.worldofart.org\/arhiv.worldofart.org\/aktualno\/wp-json\/wp\/v2\/pages"}],"about":[{"href":"https:\/\/www.worldofart.org\/arhiv.worldofart.org\/aktualno\/wp-json\/wp\/v2\/types\/page"}],"author":[{"embeddable":true,"href":"https:\/\/www.worldofart.org\/arhiv.worldofart.org\/aktualno\/wp-json\/wp\/v2\/users\/1"}],"replies":[{"embeddable":true,"href":"https:\/\/www.worldofart.org\/arhiv.worldofart.org\/aktualno\/wp-json\/wp\/v2\/comments?post=13704"}],"version-history":[{"count":143,"href":"https:\/\/www.worldofart.org\/arhiv.worldofart.org\/aktualno\/wp-json\/wp\/v2\/pages\/13704\/revisions"}],"predecessor-version":[{"id":15274,"href":"https:\/\/www.worldofart.org\/arhiv.worldofart.org\/aktualno\/wp-json\/wp\/v2\/pages\/13704\/revisions\/15274"}],"up":[{"embeddable":true,"href":"https:\/\/www.worldofart.org\/arhiv.worldofart.org\/aktualno\/wp-json\/wp\/v2\/pages\/13480"}],"wp:attachment":[{"href":"https:\/\/www.worldofart.org\/arhiv.worldofart.org\/aktualno\/wp-json\/wp\/v2\/media?parent=13704"}],"wp:term":[{"taxonomy":"category","embeddable":true,"href":"https:\/\/www.worldofart.org\/arhiv.worldofart.org\/aktualno\/wp-json\/wp\/v2\/categories?post=13704"},{"taxonomy":"post_tag","embeddable":true,"href":"https:\/\/www.worldofart.org\/arhiv.worldofart.org\/aktualno\/wp-json\/wp\/v2\/tags?post=13704"}],"curies":[{"name":"wp","href":"https:\/\/api.w.org\/{rel}","templated":true}]}}