{"id":138,"date":"2008-01-17T13:32:53","date_gmt":"2008-01-17T11:32:53","guid":{"rendered":"http:\/\/www.worldofart.org\/aktualno\/leto_2006-07\/teksti-udelezencev-200607\/splosni-tekst-o-razstavi-petra-kaps\/"},"modified":"2018-07-11T21:28:41","modified_gmt":"2018-07-11T19:28:41","slug":"splosni-tekst-o-razstavi-petra-kaps","status":"publish","type":"page","link":"https:\/\/www.worldofart.org\/arhiv.worldofart.org\/aktualno\/leto_2006-07\/teksti-udelezencev-200607\/splosni-tekst-o-razstavi-petra-kaps","title":{"rendered":"Splo\u0161ni tekst o razstavi, Petra Kap\u0161"},"content":{"rendered":"<p>Katera prepri\u010danja, odlo\u010ditve, razumevanja, teoretska in intuitivna izhodi\u0161\u010da, politi\u010dna stali\u0161\u010da in vpra\u0161anja okusa sooblikujejo kuratorjevo odlo\u010ditev za sodelovanje z umetnikom, kadar razstava kot trenutna ali kon\u010dna manifestacija dolo\u010denega procesa nima teme in je njen koncept zasnovan tako, da vsak izmed kuratorjev, neodvisno drug od drugega, pripravi izbor umetnika\/ov oz umetni\u0161kih del?  <em>LabSUs osebno\/osobno<\/em> razgalja in postavlja pod vpra\u0161aj &#8220;osebno&#8221;. Najprej skozi optiko selekcije kot pomenljive in konstitutivne to\u010dke kuratorjeve prakse ter v nadaljevanju z vrsto pojavov, simptomov in ravni, ki jih naslovna sintagma razpira.<\/p>\n<p>Kuratorji z razstavo <em>LabSUs osebno\/osobno<\/em> odgovarjamo na vpra\u0161anje, ki smo si ga kot impulz zastavili v <em>LabSUsu, Odprti platformi kuratorjev, umetnikov, piscev, teoretikov<\/em> \u2013  situaciji, ki smo jo kot enotedensko bivanje nas samih uprizorili v prostorih galerije \u0160kuc (23. \u2013 29. junij 2007). Tovrstno dogajanje je bilo v na\u0161ih o\u010deh logi\u010dna konsekvenca na\u0161ega skupnega na\u010dina delovanja, zastavljeno je bilo kot razkritje in prehajanje osebnega ter javnega. Ob odlo\u010ditvi, da ob lastnem delu vzporedno delujemo v sestavi posameznikov (pod specifi\u010dnimi predpogoji in v dolo\u010denem kontekstu) je bilo za nas odlo\u010dujo\u010de spoznanje, da se kreativni procesi sodelovanja spro\u017eijo v stanju in po dolo\u010denem \u010dasu skupne prisotnosti. <em>LabSUs<\/em> je bila ekstremna situacija bivanja v osebnem, interosebnem in javnem. Hkrati je bil osnovan kot diskurzivno dogajanje z omogo\u010danjem in vzpodbujanjem razgovorov z in med gosti &#8211; umetniki, strokovno in zainteresirano javnostjo \u2013 participatorji. Omenjeno vpra\u0161anje, ki smo ga ves \u010das nosili na priponkah, se je glasilo: Kurator, kaj je to? \u010ceprav so mo\u017ena razli\u010dna branja, se odmikamo od retori\u010dnosti vpra\u0161anja, saj menimo, da je za nas, laborante Laboratorija SU, esencialnega pomena. Proces Laboratorija SU (2006\/07) se je pri\u010del novembra 2006, intenziviral pa ob delovno \u2013 dru\u017eabnem sre\u010danju v Labinu januarja 2007. <\/p>\n<p>Organizem razstave <em>LabSUs osebno\/osobno<\/em> je interakcija med umetniki, kuratorji, publiko ob okvirju, ki ga nudi Laboratorij SU; konstituirajo ga razmerja med osebnim, dualnim in skupnim.  <\/p>\n<p>Laboranti nismo skupina s skupnim stali\u0161\u010dem, vendar zagovarjamo skupaj sprejete odlo\u010ditve. To besedilo je zapisano (Petra Kap\u0161) iz pogleda kuratorjev Ivane Bago, Petje Grafenauer Krnc, Petre Kap\u0161, Vasje Nagy, Mojce Puncer in Jake \u017deleznikarja in temelji na javnem izrekanju zavestno sestavljajo\u010de se subjektivne pozicije, ki je zavezana nenehni refleksiji. Vsak izmed kuratorjev razstave <em>Labsus osebno\/osobno<\/em> prevzema odgovornost in zagovarja svoje odlo\u010ditve o izboru avtorja\/ev in umetni\u0161kih del. Isto\u010dasno vsi sodelujemo pri zagotavljanju pogojev za realizacijo.<\/p>\n<p><em>LabSUs<\/em> je aktivno iskanje in vzpostavljanje ravnovesja med udele\u017eenci, \u010deprav je tudi boj med razli\u010dnimi jeziki, idiomom osebnega in javnega. Prevpra\u0161uje relacije med posameznikom in institucijo. Laboratorij SU (2006\/07), kot smo ga zastavili in realizirali, je eksperiment v smislu preizku\u0161anja razli\u010dnih oblik sodelovanja med ljudmi. Usmerjen je v iskanje nove oblike dela in iskanja mo\u017enosti za (so)delovanje in komunikacijo. Artikulacija lastnih in skupnih zanimanj ter vizij je nenehen izziv. <\/p>\n<p>Petra Kap\u0161<\/p>\n","protected":false},"excerpt":{"rendered":"<p>Katera prepri\u010danja, odlo\u010ditve, razumevanja, teoretska in intuitivna izhodi\u0161\u010da, politi\u010dna stali\u0161\u010da in vpra\u0161anja okusa sooblikujejo kuratorjevo odlo\u010ditev za sodelovanje z umetnikom, kadar razstava kot trenutna ali kon\u010dna manifestacija dolo\u010denega procesa nima teme in je njen koncept zasnovan tako, da vsak izmed kuratorjev, neodvisno drug od drugega, pripravi izbor umetnika\/ov oz umetni\u0161kih del? LabSUs osebno\/osobno razgalja in [&hellip;]<\/p>\n","protected":false},"author":1,"featured_media":0,"parent":137,"menu_order":0,"comment_status":"closed","ping_status":"closed","template":"","meta":{"footnotes":""},"categories":[],"tags":[],"_links":{"self":[{"href":"https:\/\/www.worldofart.org\/arhiv.worldofart.org\/aktualno\/wp-json\/wp\/v2\/pages\/138"}],"collection":[{"href":"https:\/\/www.worldofart.org\/arhiv.worldofart.org\/aktualno\/wp-json\/wp\/v2\/pages"}],"about":[{"href":"https:\/\/www.worldofart.org\/arhiv.worldofart.org\/aktualno\/wp-json\/wp\/v2\/types\/page"}],"author":[{"embeddable":true,"href":"https:\/\/www.worldofart.org\/arhiv.worldofart.org\/aktualno\/wp-json\/wp\/v2\/users\/1"}],"replies":[{"embeddable":true,"href":"https:\/\/www.worldofart.org\/arhiv.worldofart.org\/aktualno\/wp-json\/wp\/v2\/comments?post=138"}],"version-history":[{"count":1,"href":"https:\/\/www.worldofart.org\/arhiv.worldofart.org\/aktualno\/wp-json\/wp\/v2\/pages\/138\/revisions"}],"predecessor-version":[{"id":9482,"href":"https:\/\/www.worldofart.org\/arhiv.worldofart.org\/aktualno\/wp-json\/wp\/v2\/pages\/138\/revisions\/9482"}],"up":[{"embeddable":true,"href":"https:\/\/www.worldofart.org\/arhiv.worldofart.org\/aktualno\/wp-json\/wp\/v2\/pages\/137"}],"wp:attachment":[{"href":"https:\/\/www.worldofart.org\/arhiv.worldofart.org\/aktualno\/wp-json\/wp\/v2\/media?parent=138"}],"wp:term":[{"taxonomy":"category","embeddable":true,"href":"https:\/\/www.worldofart.org\/arhiv.worldofart.org\/aktualno\/wp-json\/wp\/v2\/categories?post=138"},{"taxonomy":"post_tag","embeddable":true,"href":"https:\/\/www.worldofart.org\/arhiv.worldofart.org\/aktualno\/wp-json\/wp\/v2\/tags?post=138"}],"curies":[{"name":"wp","href":"https:\/\/api.w.org\/{rel}","templated":true}]}}