{"id":183,"date":"2008-08-16T12:20:28","date_gmt":"2008-08-16T10:20:28","guid":{"rendered":"http:\/\/www.worldofart.org\/aktualno\/enajsti-letnik-200708\/seminar-200708\/"},"modified":"2018-07-17T09:18:29","modified_gmt":"2018-07-17T07:18:29","slug":"seminar-200708","status":"publish","type":"page","link":"https:\/\/www.worldofart.org\/arhiv.worldofart.org\/aktualno\/enajsti-letnik-200708\/seminar-200708","title":{"rendered":"Seminar 2007\/08"},"content":{"rendered":"<p>\nSeminar iz pisanja zapolnjuje vrzel v teoretski in kriti\u0161ki refleksiji ter spodbuja pisanje o sodobnih umetni\u0161kih praksah in iniciira nove diskurze, metode zapisovanja in zgodovinjenja umetni\u0161kih praks.\n<\/p>\n<p>\nSestavljajo ga delavnice, ki jih vodijo gostujo\u010di strokovnjaki in so namenjene seznanjanju z razli\u010dnimi \u017eanri pisanja in medijskih predstavitev ter prakti\u010dnemu preizku\u0161anju v njih.\n<\/p>\n<hr \/>\n<ul>\n<li><a href=\"https:\/\/www.worldofart.org\/arhiv.worldofart.org\/aktualno\/enajsti-letnik-200708\/seminar-200708\/program-200708\/\">Program<\/a><\/li>\n<li><a href=\"https:\/\/www.worldofart.org\/arhiv.worldofart.org\/aktualno\/enajsti-letnik-200708\/seminar-200708\/voditelji-delavnic\/\">Voditelji delavnic<\/a><\/li>\n<\/ul>\n","protected":false},"excerpt":{"rendered":"<p>Seminar iz pisanja zapolnjuje vrzel v teoretski in kriti\u0161ki refleksiji ter spodbuja pisanje o sodobnih umetni\u0161kih praksah in iniciira nove diskurze, metode zapisovanja in zgodovinjenja umetni\u0161kih praks. Sestavljajo ga delavnice, ki jih vodijo gostujo\u010di strokovnjaki in so namenjene seznanjanju z razli\u010dnimi \u017eanri pisanja in medijskih predstavitev ter prakti\u010dnemu preizku\u0161anju v njih. Program Voditelji delavnic<\/p>\n","protected":false},"author":1,"featured_media":0,"parent":180,"menu_order":0,"comment_status":"closed","ping_status":"closed","template":"","meta":{"footnotes":""},"categories":[],"tags":[],"_links":{"self":[{"href":"https:\/\/www.worldofart.org\/arhiv.worldofart.org\/aktualno\/wp-json\/wp\/v2\/pages\/183"}],"collection":[{"href":"https:\/\/www.worldofart.org\/arhiv.worldofart.org\/aktualno\/wp-json\/wp\/v2\/pages"}],"about":[{"href":"https:\/\/www.worldofart.org\/arhiv.worldofart.org\/aktualno\/wp-json\/wp\/v2\/types\/page"}],"author":[{"embeddable":true,"href":"https:\/\/www.worldofart.org\/arhiv.worldofart.org\/aktualno\/wp-json\/wp\/v2\/users\/1"}],"replies":[{"embeddable":true,"href":"https:\/\/www.worldofart.org\/arhiv.worldofart.org\/aktualno\/wp-json\/wp\/v2\/comments?post=183"}],"version-history":[{"count":1,"href":"https:\/\/www.worldofart.org\/arhiv.worldofart.org\/aktualno\/wp-json\/wp\/v2\/pages\/183\/revisions"}],"predecessor-version":[{"id":9454,"href":"https:\/\/www.worldofart.org\/arhiv.worldofart.org\/aktualno\/wp-json\/wp\/v2\/pages\/183\/revisions\/9454"}],"up":[{"embeddable":true,"href":"https:\/\/www.worldofart.org\/arhiv.worldofart.org\/aktualno\/wp-json\/wp\/v2\/pages\/180"}],"wp:attachment":[{"href":"https:\/\/www.worldofart.org\/arhiv.worldofart.org\/aktualno\/wp-json\/wp\/v2\/media?parent=183"}],"wp:term":[{"taxonomy":"category","embeddable":true,"href":"https:\/\/www.worldofart.org\/arhiv.worldofart.org\/aktualno\/wp-json\/wp\/v2\/categories?post=183"},{"taxonomy":"post_tag","embeddable":true,"href":"https:\/\/www.worldofart.org\/arhiv.worldofart.org\/aktualno\/wp-json\/wp\/v2\/tags?post=183"}],"curies":[{"name":"wp","href":"https:\/\/api.w.org\/{rel}","templated":true}]}}