{"id":248,"date":"2010-02-27T20:23:04","date_gmt":"2010-02-27T18:23:04","guid":{"rendered":"http:\/\/www.worldofart.org\/aktualno\/trinajsti-letnik-20102011\/kuratorski-tecaj\/"},"modified":"2018-06-18T21:42:58","modified_gmt":"2018-06-18T19:42:58","slug":"kuratorski-tecaj","status":"publish","type":"page","link":"https:\/\/www.worldofart.org\/arhiv.worldofart.org\/aktualno\/trinajsti-letnik-20102011\/kuratorski-tecaj","title":{"rendered":"Kuratorski te\u010daj"},"content":{"rendered":"<p>SVET UMETNOSTI<br \/>\n\u0160ola za kustose in kritike sodobne umetnosti<br \/>\nLetnik 13<br \/>\n2. semester (september 2010\u2013maj 2010)<\/p>\n<hr \/>\n<p>Redna tedenska sre\u010danja pod mentorskim vodstvom posve\u010dena koncipiranju in izvedbi razstave sodobne umetnosti, ki bo otvorjena v galeriji Alkatraz 8. aprila 2011.<\/p>\n<p>Delo bo obsegalo koncipiranje razstave, delo z umetniki, finan\u010dno na\u010drtovanje, stike z javnostmi in marketing ter tehni\u010dno izvedbo.<\/p>\n<p>Mentorja: Jo\u017ee Bar\u0161i in Nevenka \u0160ivavec<\/p>\n","protected":false},"excerpt":{"rendered":"<p>SVET UMETNOSTI \u0160ola za kustose in kritike sodobne umetnosti Letnik 13 2. semester (september 2010\u2013maj 2010) Redna tedenska sre\u010danja pod mentorskim vodstvom posve\u010dena koncipiranju in izvedbi razstave sodobne umetnosti, ki bo otvorjena v galeriji Alkatraz 8. aprila 2011. Delo bo obsegalo koncipiranje razstave, delo z umetniki, finan\u010dno na\u010drtovanje, stike z javnostmi in marketing ter tehni\u010dno [&hellip;]<\/p>\n","protected":false},"author":1,"featured_media":0,"parent":237,"menu_order":0,"comment_status":"closed","ping_status":"closed","template":"","meta":{"footnotes":""},"categories":[],"tags":[],"_links":{"self":[{"href":"https:\/\/www.worldofart.org\/arhiv.worldofart.org\/aktualno\/wp-json\/wp\/v2\/pages\/248"}],"collection":[{"href":"https:\/\/www.worldofart.org\/arhiv.worldofart.org\/aktualno\/wp-json\/wp\/v2\/pages"}],"about":[{"href":"https:\/\/www.worldofart.org\/arhiv.worldofart.org\/aktualno\/wp-json\/wp\/v2\/types\/page"}],"author":[{"embeddable":true,"href":"https:\/\/www.worldofart.org\/arhiv.worldofart.org\/aktualno\/wp-json\/wp\/v2\/users\/1"}],"replies":[{"embeddable":true,"href":"https:\/\/www.worldofart.org\/arhiv.worldofart.org\/aktualno\/wp-json\/wp\/v2\/comments?post=248"}],"version-history":[{"count":1,"href":"https:\/\/www.worldofart.org\/arhiv.worldofart.org\/aktualno\/wp-json\/wp\/v2\/pages\/248\/revisions"}],"predecessor-version":[{"id":9542,"href":"https:\/\/www.worldofart.org\/arhiv.worldofart.org\/aktualno\/wp-json\/wp\/v2\/pages\/248\/revisions\/9542"}],"up":[{"embeddable":true,"href":"https:\/\/www.worldofart.org\/arhiv.worldofart.org\/aktualno\/wp-json\/wp\/v2\/pages\/237"}],"wp:attachment":[{"href":"https:\/\/www.worldofart.org\/arhiv.worldofart.org\/aktualno\/wp-json\/wp\/v2\/media?parent=248"}],"wp:term":[{"taxonomy":"category","embeddable":true,"href":"https:\/\/www.worldofart.org\/arhiv.worldofart.org\/aktualno\/wp-json\/wp\/v2\/categories?post=248"},{"taxonomy":"post_tag","embeddable":true,"href":"https:\/\/www.worldofart.org\/arhiv.worldofart.org\/aktualno\/wp-json\/wp\/v2\/tags?post=248"}],"curies":[{"name":"wp","href":"https:\/\/api.w.org\/{rel}","templated":true}]}}