{"id":251,"date":"2010-02-27T20:29:14","date_gmt":"2010-02-27T18:29:14","guid":{"rendered":"http:\/\/www.worldofart.org\/aktualno\/trinajsti-letnik-20102011\/praksa\/"},"modified":"2018-06-18T21:42:04","modified_gmt":"2018-06-18T19:42:04","slug":"praksa","status":"publish","type":"page","link":"https:\/\/www.worldofart.org\/arhiv.worldofart.org\/aktualno\/trinajsti-letnik-20102011\/praksa","title":{"rendered":"Praksa"},"content":{"rendered":"<p>SVET UMETNOSTI<br \/>\n\u0160ola za kustose in kritike sodobne umetnosti<br \/>\nLetnik 13<br \/>\n2. semester (september 2010\u2013maj 2010)<\/p>\n<hr \/>\n<p>Udele\u017eenci \u0161ole bodo imeli mo\u017enost sodelovati pri izbranih razstavnih projektih v ljubljanskih prostorih umetnosti in tako v praksi izkusiti razli\u010dne vidike dela kustosa.  Udele\u017eenci bodo tesno sodelovali s kustosom, umetniki in celotno ekipo galerije. <\/p>\n<p>Razstavni projekti:<\/p>\n<ul>\n<li><a href=\"http:\/\/www2.arnes.si\/~ljskuc2\/\" target=\"_blank\">Galerija \u0160kuc<\/a> (Tev\u017e Logar, razstava Ministrstvo za arhitekturo: Kulturne dr\u017eave)<\/li>\n<li><a href=\"http:\/\/www.mestna-galerija.si\/index2.htm\" target=\"_blank\">Mestna galerija<\/a> (Alenka Gregori\u010d, razstava Koordinate na\u0161e biv\u0161e zemlje)<\/li>\n<li><a href=\"http:\/\/www.kudmreza.org\/alkatraz\/\" target=\"_blank\">Galerija Alkatraz<\/a> (Sa\u0161a Nabergoj, razstava Svet umetnosti)<\/li>\n<li><a href=\"http:\/\/www.photon.si\/si\/\" target=\"_blank\">Galerija Photon<\/a> (Miha Colner, Razstavni projekt &#8216;Tension Field&#8217;)<\/li>\n<\/ul>\n","protected":false},"excerpt":{"rendered":"<p>SVET UMETNOSTI \u0160ola za kustose in kritike sodobne umetnosti Letnik 13 2. semester (september 2010\u2013maj 2010) Udele\u017eenci \u0161ole bodo imeli mo\u017enost sodelovati pri izbranih razstavnih projektih v ljubljanskih prostorih umetnosti in tako v praksi izkusiti razli\u010dne vidike dela kustosa. Udele\u017eenci bodo tesno sodelovali s kustosom, umetniki in celotno ekipo galerije. Razstavni projekti: Galerija \u0160kuc (Tev\u017e [&hellip;]<\/p>\n","protected":false},"author":1,"featured_media":0,"parent":237,"menu_order":0,"comment_status":"closed","ping_status":"closed","template":"","meta":{"footnotes":""},"categories":[],"tags":[],"_links":{"self":[{"href":"https:\/\/www.worldofart.org\/arhiv.worldofart.org\/aktualno\/wp-json\/wp\/v2\/pages\/251"}],"collection":[{"href":"https:\/\/www.worldofart.org\/arhiv.worldofart.org\/aktualno\/wp-json\/wp\/v2\/pages"}],"about":[{"href":"https:\/\/www.worldofart.org\/arhiv.worldofart.org\/aktualno\/wp-json\/wp\/v2\/types\/page"}],"author":[{"embeddable":true,"href":"https:\/\/www.worldofart.org\/arhiv.worldofart.org\/aktualno\/wp-json\/wp\/v2\/users\/1"}],"replies":[{"embeddable":true,"href":"https:\/\/www.worldofart.org\/arhiv.worldofart.org\/aktualno\/wp-json\/wp\/v2\/comments?post=251"}],"version-history":[{"count":1,"href":"https:\/\/www.worldofart.org\/arhiv.worldofart.org\/aktualno\/wp-json\/wp\/v2\/pages\/251\/revisions"}],"predecessor-version":[{"id":9553,"href":"https:\/\/www.worldofart.org\/arhiv.worldofart.org\/aktualno\/wp-json\/wp\/v2\/pages\/251\/revisions\/9553"}],"up":[{"embeddable":true,"href":"https:\/\/www.worldofart.org\/arhiv.worldofart.org\/aktualno\/wp-json\/wp\/v2\/pages\/237"}],"wp:attachment":[{"href":"https:\/\/www.worldofart.org\/arhiv.worldofart.org\/aktualno\/wp-json\/wp\/v2\/media?parent=251"}],"wp:term":[{"taxonomy":"category","embeddable":true,"href":"https:\/\/www.worldofart.org\/arhiv.worldofart.org\/aktualno\/wp-json\/wp\/v2\/categories?post=251"},{"taxonomy":"post_tag","embeddable":true,"href":"https:\/\/www.worldofart.org\/arhiv.worldofart.org\/aktualno\/wp-json\/wp\/v2\/tags?post=251"}],"curies":[{"name":"wp","href":"https:\/\/api.w.org\/{rel}","templated":true}]}}

<p>SVET UMETNOSTI<br />
Šola za kustose in kritike sodobne umetnosti<br />
Letnik 13<br />
2. semester (september 2010–maj 2010)</p>
<hr />
<p>Udeleženci šole bodo imeli možnost sodelovati pri izbranih razstavnih projektih v ljubljanskih prostorih umetnosti in tako v praksi izkusiti različne vidike dela kustosa.  Udeleženci bodo tesno sodelovali s kustosom, umetniki in celotno ekipo galerije. </p>
<p>Razstavni projekti:</p>
<ul>
<li><a href="http://www2.arnes.si/~ljskuc2/" target="_blank">Galerija Škuc</a> (Tevž Logar, razstava Ministrstvo za arhitekturo: Kulturne države)</li>
<li><a href="http://www.mestna-galerija.si/index2.htm" target="_blank">Mestna galerija</a> (Alenka Gregorič, razstava Koordinate naše bivše zemlje)</li>
<li><a href="http://www.kudmreza.org/alkatraz/" target="_blank">Galerija Alkatraz</a> (Saša Nabergoj, razstava Svet umetnosti)</li>
<li><a href="http://www.photon.si/si/" target="_blank">Galerija Photon</a> (Miha Colner, Razstavni projekt &#8216;Tension Field&#8217;)</li>
</ul>

<p>SVET UMETNOSTI Šola za kustose in kritike sodobne umetnosti Letnik 13 2. semester (september 2010–maj 2010) Udeleženci šole bodo imeli možnost sodelovati pri izbranih razstavnih projektih v ljubljanskih prostorih umetnosti in tako v praksi izkusiti različne vidike dela kustosa. Udeleženci bodo tesno sodelovali s kustosom, umetniki in celotno ekipo galerije. Razstavni projekti: Galerija Škuc (Tevž [&hellip;]</p>
