{"id":261,"date":"2010-02-27T21:34:47","date_gmt":"2010-02-27T19:34:47","guid":{"rendered":"http:\/\/www.worldofart.org\/aktualno\/trinajsti-letnik-20102011\/delavnice\/petja-grafenauer-pisanje-teksta-o-razstavi-sodobne-umetnosti\/"},"modified":"2018-06-18T21:40:28","modified_gmt":"2018-06-18T19:40:28","slug":"petja-grafenauer-pisanje-teksta-o-razstavi-sodobne-umetnosti","status":"publish","type":"page","link":"https:\/\/www.worldofart.org\/arhiv.worldofart.org\/aktualno\/trinajsti-letnik-20102011\/delavnice\/petja-grafenauer-pisanje-teksta-o-razstavi-sodobne-umetnosti","title":{"rendered":"Petja Grafenauer: Kako pisati besedilo o razstavi sodobne umetnosti? (Od opisa do umestitve v kontekst)"},"content":{"rendered":"<p>SVET UMETNOSTI<br \/>\n\u0160ola za kustose in kritike sodobne umetnosti<br \/>\nLetnik 13<\/p>\n<p>Delavnica iz pisanja o sodobni umetnosti v dveh delih<br \/>\n<strong>4. in 18. 11. 2010<\/strong><\/p>\n<hr \/>\n<p>Delo ali projekt sodobne umetnosti ni zamejen z dolo\u010deno formo, vsebino ali materialom. Ker umetni\u0161ko delo danes nima prepoznavnih intrinzi\u010dnih lastnosti, hkrati pa se sodobna umetnost nahaja v vozli\u0161\u010du umetnostnih, estetskih, filozofskih, sociolo\u0161kih, politi\u010dnih, medijskih, znanstvenih in mnogih drugih diskurzov, se tisti, ki si \u017eeli pisati o razstavi ali projektu sodobne umetnosti mnogokrat znajde pred \u0161tevilnimi navidez nere\u0161ljivimi vpra\u0161anji:<\/p>\n<ul>\n<li>Kako naj se lotim ogleda razstave?<\/li>\n<li>Kaj je tisto na kar moram biti pozoren?<\/li>\n<li>Kje in kako pridem do informacij, ki jih potrebujem in kako naj jih uporabim?<\/li>\n<li>Kako naj te informacije uporabim?<\/li>\n<li>Kako naj se lotim pisanja?<\/li>\n<li>Naj se naslonim na teorijo in na kak na\u010din naj jo uporabljam?<\/li>\n<li>Kako naj sestavim besedilo?<\/li>\n<\/ul>\n<p>Delavnica: &#8220;Kako pisati besedilo o razstavi sodobne umetnosti&#8221; bo vodila udele\u017eence od priprave na ogled in ogleda razstave do pisanja in dokon\u010danja dalj\u0161ega strokovnega besedila o razstavi. Najbolj\u0161e besedilo bo tudi objavljeno v strokovnem tisku. <\/p>\n<hr \/>\n<p><strong>Urnik<\/strong><\/p>\n<p>1. del<br \/>\n<strong>\u010detrtek, 4. 11. 2010<\/strong><br \/>\n10:00-12:00 Predstavitev udele\u017eencev. Predavanje o klju\u010dnih elementih razstave o katerih je potrebno razmi\u0161ljati pred pisanjem strokovnega besedila<br \/>\n12.00 \u2013 12.30 Samostojni ogled razstavnega projekta.<br \/>\n12.30 \u2013 14.00 Vodeni ogled in pogovor z ustvarjalci razstavnega projekta.<br \/>\n14.00 \u2013 16.00 Odmor za kosilo<br \/>\n16.00 \u2013 18.00 Pogovor o klju\u010dnih vsebinskih to\u010dkah razstave, priprava na pisanje besedila<\/p>\n<p>2. del<br \/>\n<strong>\u010detrtek, 18. 11. 2010<\/strong><br \/>\n16.00\u201318.00 Udele\u017eenci se skupaj z mentorico pogovorijo o vsakem izmed dokon\u010danih besedil in izberejo najbolj\u0161e besedilo, ki ga avtor v naslednjem tednu pripravi za objavo v strokovni reviji.<\/p>\n<hr \/>\n<p><a href=\"https:\/\/www.worldofart.org\/arhiv.worldofart.org\/aktualno\/archives\/776\">Poro\u010dilo z delavnice<\/a><br \/>\n<a href=\"https:\/\/www.worldofart.org\/arhiv.worldofart.org\/aktualno\/trinajsti-letnik-20102011\/delavnice\/petja-grafenauer-pisanje-teksta-o-razstavi-sodobne-umetnosti\/ikonoklazem-ali-pomilostitev-vizualnega-uzitka\">Najbolj\u0161e besedilo (Iva Kova\u010d: Ikonoklazem ali pomilostitev vizualnega u\u017eitka. Tomislav Brajnovi\u0107 v Galeriji Alkatraz)<\/a><\/p>\n","protected":false},"excerpt":{"rendered":"<p>SVET UMETNOSTI \u0160ola za kustose in kritike sodobne umetnosti Letnik 13 Delavnica iz pisanja o sodobni umetnosti v dveh delih 4. in 18. 11. 2010 Delo ali projekt sodobne umetnosti ni zamejen z dolo\u010deno formo, vsebino ali materialom. Ker umetni\u0161ko delo danes nima prepoznavnih intrinzi\u010dnih lastnosti, hkrati pa se sodobna umetnost nahaja v vozli\u0161\u010du umetnostnih, [&hellip;]<\/p>\n","protected":false},"author":1,"featured_media":0,"parent":241,"menu_order":0,"comment_status":"closed","ping_status":"closed","template":"","meta":{"footnotes":""},"categories":[],"tags":[],"_links":{"self":[{"href":"https:\/\/www.worldofart.org\/arhiv.worldofart.org\/aktualno\/wp-json\/wp\/v2\/pages\/261"}],"collection":[{"href":"https:\/\/www.worldofart.org\/arhiv.worldofart.org\/aktualno\/wp-json\/wp\/v2\/pages"}],"about":[{"href":"https:\/\/www.worldofart.org\/arhiv.worldofart.org\/aktualno\/wp-json\/wp\/v2\/types\/page"}],"author":[{"embeddable":true,"href":"https:\/\/www.worldofart.org\/arhiv.worldofart.org\/aktualno\/wp-json\/wp\/v2\/users\/1"}],"replies":[{"embeddable":true,"href":"https:\/\/www.worldofart.org\/arhiv.worldofart.org\/aktualno\/wp-json\/wp\/v2\/comments?post=261"}],"version-history":[{"count":1,"href":"https:\/\/www.worldofart.org\/arhiv.worldofart.org\/aktualno\/wp-json\/wp\/v2\/pages\/261\/revisions"}],"predecessor-version":[{"id":9535,"href":"https:\/\/www.worldofart.org\/arhiv.worldofart.org\/aktualno\/wp-json\/wp\/v2\/pages\/261\/revisions\/9535"}],"up":[{"embeddable":true,"href":"https:\/\/www.worldofart.org\/arhiv.worldofart.org\/aktualno\/wp-json\/wp\/v2\/pages\/241"}],"wp:attachment":[{"href":"https:\/\/www.worldofart.org\/arhiv.worldofart.org\/aktualno\/wp-json\/wp\/v2\/media?parent=261"}],"wp:term":[{"taxonomy":"category","embeddable":true,"href":"https:\/\/www.worldofart.org\/arhiv.worldofart.org\/aktualno\/wp-json\/wp\/v2\/categories?post=261"},{"taxonomy":"post_tag","embeddable":true,"href":"https:\/\/www.worldofart.org\/arhiv.worldofart.org\/aktualno\/wp-json\/wp\/v2\/tags?post=261"}],"curies":[{"name":"wp","href":"https:\/\/api.w.org\/{rel}","templated":true}]}}