{"id":264,"date":"2010-03-04T16:50:24","date_gmt":"2010-03-04T14:50:24","guid":{"rendered":"http:\/\/www.worldofart.org\/aktualno\/trinajsti-letnik-20102011\/sodelovanja\/"},"modified":"2018-06-18T21:39:56","modified_gmt":"2018-06-18T19:39:56","slug":"partnerji","status":"publish","type":"page","link":"https:\/\/www.worldofart.org\/arhiv.worldofart.org\/aktualno\/trinajsti-letnik-20102011\/partnerji","title":{"rendered":"Partnerji 2010\/2011"},"content":{"rendered":"<p>Predavanja &#8220;Umetnost XX. stoletja. Poglavlja&#8221;, ki jih pripravljata Sa\u0161a Nabergoj in Rebeka Vidrih, so nastala v sodelovanju <a href=\"http:\/\/www.ff.uni-lj.si\/oddelki\/umzgod\/index.htm\" target=\"_blank\">Oddelka za umetnostno zgodovino na Filozofski fakulteti<\/a> in <a href=\"http:\/\/www.scca-ljubljana.si\/\" target=\"_blank\">Zavoda SCCA-Ljubljana<\/a>. <\/p>\n<p>Predavanje Marie Hlavajove smo pripravili v sodelovanju z <a href=\"http:\/\/www.mgng.net\/aktualno.html\" target=\"_blank\">Mestno galerijo Nova Gorica<\/a>.<\/p>\n<p>V okviru projekta World of Art (Models of training and collaboration in contemporary arts) sodelujemo s partnerji <a href=\"http:\/\/www.uni-ak.ac.at\/ecm\/\" target=\"_blank\">ECM<\/a>, magistrski \u0161tudij kuratorstva v okviru Univerze uporabnih umetnosti na Dunaju, Podiplomske kuratorske \u0161tudije v okviru <a href=\"http:\/\/www.uj.edu.pl\/en_GB\/\" target=\"_blank\">Univerze Jagiellonski Krakov<\/a> in <a href=\"http:\/\/www.rhiz.eu\/institution-54896-en.html\" target=\"_blank\">KURZIV<\/a>, platforma za vpra\u0161anja kulture, medijev in dru\u017ebe. Projekt je sofinanciran s strani evropskega programa <a href=\"http:\/\/www.cmepius.si\/vzu\/leonardo.aspx\" target=\"_blank\">Vse\u017eivljenjsko u\u010denje (partnerstvo Leonardo da Vinci)<\/a>.<\/p>\n<p>V okviru projekta ATOM<sup>2<\/sup> (A je TO! uMetnost, phAntom TO Mindset) sodelujemo s <a href=\"http:\/\/www.curating.org\/\" target=\"_blank\">Podiplomskim programom kuratorstva in\u0161tituta za kulturne \u0161tudije z Univerze za umetnost Z\u00fcrich<\/a>.<\/p>\n<p>Zaklju\u010dno razstavo \u0161ole pripravljamo v sodelovanju s <a href=\"http:\/\/www.kudmreza.org\/alkatraz\/\" target=\"_blank\">KUD Mre\u017ea \/ Galerija Alkatraz<\/a>.<\/p>\n<p>Svet umetnosti sodeluje s portalom <a href=\"http:\/\/videolectures.net\/scca_ljubljana\/\" target=\"_blank\">Videolectures<\/a>, kjer objavljamo videodokumente predavanj s podro\u010dja kuratorskih praks sodobne umetnosti .<\/p>\n","protected":false},"excerpt":{"rendered":"<p>Predavanja &#8220;Umetnost XX. stoletja. Poglavlja&#8221;, ki jih pripravljata Sa\u0161a Nabergoj in Rebeka Vidrih, so nastala v sodelovanju Oddelka za umetnostno zgodovino na Filozofski fakulteti in Zavoda SCCA-Ljubljana. Predavanje Marie Hlavajove smo pripravili v sodelovanju z Mestno galerijo Nova Gorica. V okviru projekta World of Art (Models of training and collaboration in contemporary arts) sodelujemo s [&hellip;]<\/p>\n","protected":false},"author":1,"featured_media":0,"parent":237,"menu_order":0,"comment_status":"closed","ping_status":"closed","template":"","meta":{"footnotes":""},"categories":[],"tags":[],"_links":{"self":[{"href":"https:\/\/www.worldofart.org\/arhiv.worldofart.org\/aktualno\/wp-json\/wp\/v2\/pages\/264"}],"collection":[{"href":"https:\/\/www.worldofart.org\/arhiv.worldofart.org\/aktualno\/wp-json\/wp\/v2\/pages"}],"about":[{"href":"https:\/\/www.worldofart.org\/arhiv.worldofart.org\/aktualno\/wp-json\/wp\/v2\/types\/page"}],"author":[{"embeddable":true,"href":"https:\/\/www.worldofart.org\/arhiv.worldofart.org\/aktualno\/wp-json\/wp\/v2\/users\/1"}],"replies":[{"embeddable":true,"href":"https:\/\/www.worldofart.org\/arhiv.worldofart.org\/aktualno\/wp-json\/wp\/v2\/comments?post=264"}],"version-history":[{"count":1,"href":"https:\/\/www.worldofart.org\/arhiv.worldofart.org\/aktualno\/wp-json\/wp\/v2\/pages\/264\/revisions"}],"predecessor-version":[{"id":9551,"href":"https:\/\/www.worldofart.org\/arhiv.worldofart.org\/aktualno\/wp-json\/wp\/v2\/pages\/264\/revisions\/9551"}],"up":[{"embeddable":true,"href":"https:\/\/www.worldofart.org\/arhiv.worldofart.org\/aktualno\/wp-json\/wp\/v2\/pages\/237"}],"wp:attachment":[{"href":"https:\/\/www.worldofart.org\/arhiv.worldofart.org\/aktualno\/wp-json\/wp\/v2\/media?parent=264"}],"wp:term":[{"taxonomy":"category","embeddable":true,"href":"https:\/\/www.worldofart.org\/arhiv.worldofart.org\/aktualno\/wp-json\/wp\/v2\/categories?post=264"},{"taxonomy":"post_tag","embeddable":true,"href":"https:\/\/www.worldofart.org\/arhiv.worldofart.org\/aktualno\/wp-json\/wp\/v2\/tags?post=264"}],"curies":[{"name":"wp","href":"https:\/\/api.w.org\/{rel}","templated":true}]}}