{"id":3,"date":"2006-12-11T19:26:13","date_gmt":"2006-12-11T18:26:13","guid":{"rendered":"http:\/\/www.worldofart.org\/aktualno\/?page_id=3"},"modified":"2018-06-18T21:59:10","modified_gmt":"2018-06-18T19:59:10","slug":"laboratorij","status":"publish","type":"page","link":"https:\/\/www.worldofart.org\/arhiv.worldofart.org\/aktualno\/dvanajsti-letnik-20082009\/laboratorij","title":{"rendered":"Laboratorij kuratorskih praks 2008\/2009"},"content":{"rendered":"<p><strong>Laboratorij kuratorskih praks<\/strong> raziskuje sistem sodobne umetnosti in mo\u017ene na\u010dine (so)delovanja v njem. V okviru laboratorija se premi\u0161ljuje, analizira, kontekstualizira in vrednoti kuratorske prakse, pa tudi sedaj \u017ee desetletno zgodovino delovanja Sveta umetnosti, ki je kot edini slovenski izobra\u017eevalni program na podro\u010dju sodobne vizualne umetnosti sooblikoval mlaj\u0161o generacijo slovenskih kuratorjev in piscev.<\/p>\n<p>V \u0161olskem letu 2008\/2009 bo Laboratorij potekal v obliki delavnic o kuratorski praksi. Za vsako posami\u010dno delavnico bomo pripravili javni razpis za udele\u017ebo. Natan\u010den urnik bo pripravljen oktobra 2008.<\/p>\n<hr \/>\n<ul>\n<li><a href=\"https:\/\/www.worldofart.org\/arhiv.worldofart.org\/aktualno\/laboratorij\/program-200809\/\">Program<\/a><\/li>\n<li><a href=\"https:\/\/www.worldofart.org\/arhiv.worldofart.org\/aktualno\/laboratorij\/voditeljice-delavnic\/\">Voditeljice delavnic<\/a><\/li>\n<\/ul>\n","protected":false},"excerpt":{"rendered":"<p>Laboratorij kuratorskih praks raziskuje sistem sodobne umetnosti in mo\u017ene na\u010dine (so)delovanja v njem. V okviru laboratorija se premi\u0161ljuje, analizira, kontekstualizira in vrednoti kuratorske prakse, pa tudi sedaj \u017ee desetletno zgodovino delovanja Sveta umetnosti, ki je kot edini slovenski izobra\u017eevalni program na podro\u010dju sodobne vizualne umetnosti sooblikoval mlaj\u0161o generacijo slovenskih kuratorjev in piscev. V \u0161olskem letu [&hellip;]<\/p>\n","protected":false},"author":1,"featured_media":0,"parent":232,"menu_order":1,"comment_status":"closed","ping_status":"closed","template":"","meta":{"footnotes":""},"categories":[],"tags":[],"_links":{"self":[{"href":"https:\/\/www.worldofart.org\/arhiv.worldofart.org\/aktualno\/wp-json\/wp\/v2\/pages\/3"}],"collection":[{"href":"https:\/\/www.worldofart.org\/arhiv.worldofart.org\/aktualno\/wp-json\/wp\/v2\/pages"}],"about":[{"href":"https:\/\/www.worldofart.org\/arhiv.worldofart.org\/aktualno\/wp-json\/wp\/v2\/types\/page"}],"author":[{"embeddable":true,"href":"https:\/\/www.worldofart.org\/arhiv.worldofart.org\/aktualno\/wp-json\/wp\/v2\/users\/1"}],"replies":[{"embeddable":true,"href":"https:\/\/www.worldofart.org\/arhiv.worldofart.org\/aktualno\/wp-json\/wp\/v2\/comments?post=3"}],"version-history":[{"count":1,"href":"https:\/\/www.worldofart.org\/arhiv.worldofart.org\/aktualno\/wp-json\/wp\/v2\/pages\/3\/revisions"}],"predecessor-version":[{"id":9441,"href":"https:\/\/www.worldofart.org\/arhiv.worldofart.org\/aktualno\/wp-json\/wp\/v2\/pages\/3\/revisions\/9441"}],"up":[{"embeddable":true,"href":"https:\/\/www.worldofart.org\/arhiv.worldofart.org\/aktualno\/wp-json\/wp\/v2\/pages\/232"}],"wp:attachment":[{"href":"https:\/\/www.worldofart.org\/arhiv.worldofart.org\/aktualno\/wp-json\/wp\/v2\/media?parent=3"}],"wp:term":[{"taxonomy":"category","embeddable":true,"href":"https:\/\/www.worldofart.org\/arhiv.worldofart.org\/aktualno\/wp-json\/wp\/v2\/categories?post=3"},{"taxonomy":"post_tag","embeddable":true,"href":"https:\/\/www.worldofart.org\/arhiv.worldofart.org\/aktualno\/wp-json\/wp\/v2\/tags?post=3"}],"curies":[{"name":"wp","href":"https:\/\/api.w.org\/{rel}","templated":true}]}}