{"id":428,"date":"2010-08-27T13:21:46","date_gmt":"2010-08-27T11:21:46","guid":{"rendered":"http:\/\/www.worldofart.org\/aktualno\/?page_id=428"},"modified":"2018-06-18T21:31:18","modified_gmt":"2018-06-18T19:31:18","slug":"spopadanje-z-druzbenimi-in-politicnimi-nujnimi-zadevami-na-podrocju-umetnostne-prakse","status":"publish","type":"page","link":"https:\/\/www.worldofart.org\/arhiv.worldofart.org\/aktualno\/trinajsti-letnik-20102011\/serija-predavanj\/spopadanje-z-druzbenimi-in-politicnimi-nujnimi-zadevami-na-podrocju-umetnostne-prakse","title":{"rendered":"Spopadanje z dru\u017ebenimi in politi\u010dnimi nujnimi zadevami na podro\u010dju umetnostne prakse"},"content":{"rendered":"<p>SVET UMETNOSTI<br \/>\n\u0160ola za kustose in kritike sodobne umetnosti<br \/>\nLetnik 13<br \/>\nSerija predavanj<\/p>\n<p><strong>Maria Hlavajova<br \/>\nSpopadanje z dru\u017ebenimi in politi\u010dnimi nujnimi zadevami na podro\u010dju umetnostne prakse:<br \/>\nBAK, basis voor actuele kunst, kot \u0161tudija primera<br \/>\nZavod SCCA-Ljubljana, torek, 16. 11. 2010 ob 20. 00<br \/>\nMestna galerija Nova Gorica, sreda, 17. 11. 2010 ob 19. 00<\/strong><\/p>\n<hr \/>\n<p>Maria Hlavajova, umetni\u0161ka direktorica BAK, basis voor actuele kunst, iz Utrechta na primeru BAK, ki ga je bila ustanovila leta 2003, raziskuje mo\u017enosti, ki jih ima umetnostna ustanova, da slu\u017ei kot javni prostor kritike in dialoga. Umetnostni in intelektualni kontekst BAK kot &#8220;prostora umetnosti in misli&#8221; rabi kot \u0161tudija primera, ob kateri so izpostavljeni ideali umetnostne ustanove, ki si prizadeva odzivati na izzive, izra\u017eene v nenehnem gibanju umetnostnih praks. Ta pristop, ki ga ozna\u010dujejo udele\u017eenost, diskurzivnost, produkcija, fleksibilnost, fluidnost in kriti\u010dnost, je v \u0161tevilnih pogledih nasproten glavnemu toku institucionalnih modelov. BAK-ova investicija v dva \u017eivljenjsko pomembna odnosa \u2013 povezavo umetnosti in javne sfere ter zavezni\u0161tvo med umetnostno prakso in teorijo \u2013 je obravnavana skozi razpravo o \u0161tevilnih konkretnih projektih (med drugim neodvisnih projektih BAK, kot je npr. FORMER WEST, dolgoro\u010den projekt raziskovanja, izobra\u017eevanja, izdajanja in razstavljanja sodobne umetnosti (2008\u20132013). Tovrstni projekti postavljajo nedvoumno trditev, da je umetnost del &#8220;resni\u010dnega&#8221; sveta, sveta, polnega dru\u017ebenih in politi\u010dnih nujnih primerov, in ugotavljajo, da je umetnost pravzaprav prostor vznikanja novih dru\u017ebenih in politi\u010dnih imaginarijev. Poleg tega ti projekti prevzemajo vlogo umetnosti kot proizvajalke vednosti, kar implicira, da mora glavni navdih in orodje umetnosti \u2013 domi\u0161ljija \u2013 vsakokrat ostati v osr\u010dju vsakr\u0161ne sodobne kriti\u0161ke institucionalne prakse.<\/p>\n<hr \/>\n<p><a href=\"https:\/\/www.worldofart.org\/arhiv.worldofart.org\/aktualno\/archives\/760\">Poro\u010dilo s predavanja<\/a><\/p>\n","protected":false},"excerpt":{"rendered":"<p>SVET UMETNOSTI \u0160ola za kustose in kritike sodobne umetnosti Letnik 13 Serija predavanj Maria Hlavajova Spopadanje z dru\u017ebenimi in politi\u010dnimi nujnimi zadevami na podro\u010dju umetnostne prakse: BAK, basis voor actuele kunst, kot \u0161tudija primera Zavod SCCA-Ljubljana, torek, 16. 11. 2010 ob 20. 00 Mestna galerija Nova Gorica, sreda, 17. 11. 2010 ob 19. 00 Maria [&hellip;]<\/p>\n","protected":false},"author":1,"featured_media":0,"parent":240,"menu_order":0,"comment_status":"closed","ping_status":"closed","template":"","meta":{"footnotes":""},"categories":[],"tags":[],"_links":{"self":[{"href":"https:\/\/www.worldofart.org\/arhiv.worldofart.org\/aktualno\/wp-json\/wp\/v2\/pages\/428"}],"collection":[{"href":"https:\/\/www.worldofart.org\/arhiv.worldofart.org\/aktualno\/wp-json\/wp\/v2\/pages"}],"about":[{"href":"https:\/\/www.worldofart.org\/arhiv.worldofart.org\/aktualno\/wp-json\/wp\/v2\/types\/page"}],"author":[{"embeddable":true,"href":"https:\/\/www.worldofart.org\/arhiv.worldofart.org\/aktualno\/wp-json\/wp\/v2\/users\/1"}],"replies":[{"embeddable":true,"href":"https:\/\/www.worldofart.org\/arhiv.worldofart.org\/aktualno\/wp-json\/wp\/v2\/comments?post=428"}],"version-history":[{"count":2,"href":"https:\/\/www.worldofart.org\/arhiv.worldofart.org\/aktualno\/wp-json\/wp\/v2\/pages\/428\/revisions"}],"predecessor-version":[{"id":13130,"href":"https:\/\/www.worldofart.org\/arhiv.worldofart.org\/aktualno\/wp-json\/wp\/v2\/pages\/428\/revisions\/13130"}],"up":[{"embeddable":true,"href":"https:\/\/www.worldofart.org\/arhiv.worldofart.org\/aktualno\/wp-json\/wp\/v2\/pages\/240"}],"wp:attachment":[{"href":"https:\/\/www.worldofart.org\/arhiv.worldofart.org\/aktualno\/wp-json\/wp\/v2\/media?parent=428"}],"wp:term":[{"taxonomy":"category","embeddable":true,"href":"https:\/\/www.worldofart.org\/arhiv.worldofart.org\/aktualno\/wp-json\/wp\/v2\/categories?post=428"},{"taxonomy":"post_tag","embeddable":true,"href":"https:\/\/www.worldofart.org\/arhiv.worldofart.org\/aktualno\/wp-json\/wp\/v2\/tags?post=428"}],"curies":[{"name":"wp","href":"https:\/\/api.w.org\/{rel}","templated":true}]}}