{"id":4538,"date":"2013-04-12T13:05:54","date_gmt":"2013-04-12T11:05:54","guid":{"rendered":"http:\/\/www.worldofart.org\/aktualno\/?page_id=4538"},"modified":"2016-11-19T22:00:51","modified_gmt":"2016-11-19T20:00:51","slug":"barbara-borcic-katalog-pogled-urednika","status":"publish","type":"page","link":"https:\/\/www.worldofart.org\/arhiv.worldofart.org\/aktualno\/stirinajsti-letnik-20112013\/modul-o-prakticnih-delih-kustosa\/barbara-borcic-katalog-pogled-urednika","title":{"rendered":"Barbara Bor\u010di\u0107: Katalog. Pogled urednika. O zasnovi teksta in pripravi kataloga"},"content":{"rendered":"<p>SVET UMETNOSTI<br \/>\n\u0160ola za kustose in kritike sodobne umetnosti<br \/>\nLeto 14<br \/>\n2. letnik (september 2012\u2013maj 2013)<\/p>\n<p>Modul o prakti\u010dnih delih kustosa<\/p>\n<p><strong>\u010cetrtek, 28. 2. 2012<\/strong><br \/>\nProjektna soba SCCA, Metelkova 6, Ljubljana <\/p>\n<hr \/>\n<p>Katalog je ena od najpogostej\u0161ih oblik publikacije, ki spremlja razstavo, lahko pa predstavlja tudi raziskavo, arhivsko delo, festival ali kuratorski in umetni\u0161ki projekt. Na za\u010detku se bomo na konkretnih primerih seznanili z razli\u010dnimi tipi katalogov, ki spremljajo skupinsko, tematsko, pregledno in samostojni razstavo ali dokumentarni in raziskovalni projekt. Pogledali bomo, kak\u0161no vlogo in funkcijo ima lahko katalog in kak\u0161no je njegovo razmerje z razstavo in umetni\u0161kimi deli. Potem se bomo posvetili zasnovi razstavnega kataloga: obsegu, strukturi, obliki in vsebini, v nadaljevanju pa tipom teksta za katalog in prakti\u010dnim nasvetom za pisanje. Seznanili se bomo tudi z navodili, kako naj bo urejeno besedilo za objavo, na\u010dini citiranja in pisanja bibliografije.<\/p>\n<hr \/>\n<p><strong>Vodja modula<\/strong><\/p>\n<p><img loading=\"lazy\" decoding=\"async\" style=\"margin-right: 10px; margin-bottom: 5px; margin-top: 3px; margin-left: 0px;\" src=\"https:\/\/www.worldofart.org\/arhiv.worldofart.org\/aktualno\/wp-content\/2008-09\/simpozij-kuratorskih-praks\/barbara-borcic.jpg\" alt=\"Barbara Bor\u010di\u0107\" width=\"100\" height=\"100\" align=\"left\" \/><strong>Barbara Bor\u010di\u0107<\/strong><br \/>\nUmetnostna zgodovinarka in anglistka; \u0161tudirala medijske \u0161tudije in antropologijo na ISH \u2013 Institutum Studiorum Humanitatis &#8211; Fakulteta za podiplomski humanisti\u010dni \u0161tudij v Ljubljani. Direktorica Zavoda za sodobno umetnost SCCA\u2212Ljubljana. Na podro\u010dju sodobne umetnosti deluje kot kustosinja, publicistka, urednica in avtorica knjig s statusom samostojne ustvarjalke na podro\u010dju kulture. Prejemnica priznanja Izidorja Cankarja (2005). \u010clanica mednarodnega zdru\u017eenja umetnostnih kritikov AICA (International Association of Art Critics, Pariz) in mednarodnega zdru\u017eenja kustosov sodobne umetnosti IKT (International Association of Curators of Contemporary Art, Amsterdam). Vodja projektov v okviru Zavoda SCCA\u2212Ljubljana: <em>Videodokument: Video umetnost v slovenskem prostoru 1969\u20131998<\/em>, <em>Videospotting<\/em>, <em>Internet Portfolio<\/em>, <em>PlatformaSCCA<\/em>, <em>Manifesta na doma\u010dem pragu<\/em>, <em>Kaj storiti z Balkansko umetnostjo<\/em>, <em>Kaj storiti z avdiovizualnimi arhivi<\/em> in sourednica knji\u017ene zbirke \u017depna in publikacij <em>PlatformaSCCA<\/em>. Vodi program <em>Brez \u017eebljev in podstavkov<\/em> in video arhiv <em>Postaja DIVA<\/em>.   Umetni\u0161ki vodja ljubljanske Galerije \u0160kuc (1982\u20131985), sodelavka zalo\u017ebe Studia humanitatis (1986\u20131993), odgovorna urednica revije <em>Likovne besede<\/em> (1991\u20131992); od leta 1993 zaposlena na Zavodu za odprto dru\u017ebo \u2013 Slovenija (Open Society Institute \u2013 Slovenia) kot asistentka direktorice Sorosovega centra za sodobne umetnosti \u2212 Ljubljana (SCCA\u2212Ljubljana) in kot njegova direktorica (1997\u20131999).<\/p>\n","protected":false},"excerpt":{"rendered":"<p>SVET UMETNOSTI \u0160ola za kustose in kritike sodobne umetnosti Leto 14 2. letnik (september 2012\u2013maj 2013) Modul o prakti\u010dnih delih kustosa \u010cetrtek, 28. 2. 2012 Projektna soba SCCA, Metelkova 6, Ljubljana Katalog je ena od najpogostej\u0161ih oblik publikacije, ki spremlja razstavo, lahko pa predstavlja tudi raziskavo, arhivsko delo, festival ali kuratorski in umetni\u0161ki projekt. Na [&hellip;]<\/p>\n","protected":false},"author":1,"featured_media":0,"parent":2635,"menu_order":0,"comment_status":"closed","ping_status":"closed","template":"","meta":{"footnotes":""},"categories":[],"tags":[],"_links":{"self":[{"href":"https:\/\/www.worldofart.org\/arhiv.worldofart.org\/aktualno\/wp-json\/wp\/v2\/pages\/4538"}],"collection":[{"href":"https:\/\/www.worldofart.org\/arhiv.worldofart.org\/aktualno\/wp-json\/wp\/v2\/pages"}],"about":[{"href":"https:\/\/www.worldofart.org\/arhiv.worldofart.org\/aktualno\/wp-json\/wp\/v2\/types\/page"}],"author":[{"embeddable":true,"href":"https:\/\/www.worldofart.org\/arhiv.worldofart.org\/aktualno\/wp-json\/wp\/v2\/users\/1"}],"replies":[{"embeddable":true,"href":"https:\/\/www.worldofart.org\/arhiv.worldofart.org\/aktualno\/wp-json\/wp\/v2\/comments?post=4538"}],"version-history":[{"count":2,"href":"https:\/\/www.worldofart.org\/arhiv.worldofart.org\/aktualno\/wp-json\/wp\/v2\/pages\/4538\/revisions"}],"predecessor-version":[{"id":4540,"href":"https:\/\/www.worldofart.org\/arhiv.worldofart.org\/aktualno\/wp-json\/wp\/v2\/pages\/4538\/revisions\/4540"}],"up":[{"embeddable":true,"href":"https:\/\/www.worldofart.org\/arhiv.worldofart.org\/aktualno\/wp-json\/wp\/v2\/pages\/2635"}],"wp:attachment":[{"href":"https:\/\/www.worldofart.org\/arhiv.worldofart.org\/aktualno\/wp-json\/wp\/v2\/media?parent=4538"}],"wp:term":[{"taxonomy":"category","embeddable":true,"href":"https:\/\/www.worldofart.org\/arhiv.worldofart.org\/aktualno\/wp-json\/wp\/v2\/categories?post=4538"},{"taxonomy":"post_tag","embeddable":true,"href":"https:\/\/www.worldofart.org\/arhiv.worldofart.org\/aktualno\/wp-json\/wp\/v2\/tags?post=4538"}],"curies":[{"name":"wp","href":"https:\/\/api.w.org\/{rel}","templated":true}]}}