{"id":4557,"date":"2013-04-12T14:39:08","date_gmt":"2013-04-12T12:39:08","guid":{"rendered":"http:\/\/www.worldofart.org\/aktualno\/?page_id=4557"},"modified":"2016-11-19T22:00:51","modified_gmt":"2016-11-19T20:00:51","slug":"dusan-dovc-odnosi-z-javnostmi-za-razstavo-sodobne-umetnosti","status":"publish","type":"page","link":"https:\/\/www.worldofart.org\/arhiv.worldofart.org\/aktualno\/stirinajsti-letnik-20112013\/modul-o-prakticnih-delih-kustosa\/dusan-dovc-odnosi-z-javnostmi-za-razstavo-sodobne-umetnosti","title":{"rendered":"Du\u0161an Dov\u010d: Odnosi z javnostmi za razstavo sodobne umetnosti"},"content":{"rendered":"<p>SVET UMETNOSTI<br \/>\n\u0160ola za kustose in kritike sodobne umetnosti<br \/>\nLeto 14<br \/>\n2. letnik (september 2012\u2013maj 2013)<\/p>\n<p>Modul o prakti\u010dnih delih kustosa<\/p>\n<p><strong>Vsak \u010detrtek v marcu 2013<\/strong><br \/>\nProjektna soba SCCA, Metelkova 6, Ljubljana <\/p>\n<hr \/>\n<p>Uspe\u0161no in zlasti inovativno obve\u0161\u010danje javnosti je pomembne del produkcije razstavnega dogodka. V svetu umetnosti s tehnikami odnosov z javnostmi ne skrbimo le za obve\u0161\u010danje in promocijo umetni\u0161kega dogodka, ampak je na\u0161 namen narediti sodobno umetnost bolj razumljivo, dostopno in manj hermeti\u010dno. Zaklepanje v slonoko\u0161\u010deni stolp sodobne umetnosti je dolgoro\u010dno slaba poteza, saj daje vtis, da je umetnost namenjena le \u00bbposve\u010denim\u00ab. <\/p>\n<p>Modul za odnose z javnostmi je v drugem letniku \u0161olskega leta 2011\/13 zastavljen v obliki rednih tedenskih kratkih sre\u010danj, ki se intenzivirajo zlasti zadnji mesec pred odprtjem razstave. Pred tem \u010dasom skupina usmerjeno dela na pridobivanju sredstev ter iskanju sponzorjev in donatorjev. Ko je ta del v ve\u010dji meri zaklju\u010den, nastopi priprava komunikacijskega na\u010drta za odnose z javnostmi. Te\u010dajniki se seznanijo z razli\u010dnimi orodji komuniciranja (obvestila za \u0161ir\u0161o javnost in medije, tiskano vabilo, izdelava spletnih strani \u2026) in njihovimi formalnimi zna\u010dilnostmi. Posebno pozornost namenimo pisanju besedil o razstavnem dogodku. <\/p>\n<p>Dolgoletne izku\u0161nje nas u\u010dijo, da se je pri izvajanju odnosov z javnostmi najpomembneje dr\u017eati za\u010drtanega \u010dasovnega okvirja. Ker pa so razstavni dogodki \u0161ole za kustose in kritike Svet umetnosti rezultat dolgoro\u010dnega procesa, ki je poln vsebinskih premen in finan\u010dnih prilagoditev, in ker je vanj vklju\u010dena skupina kustosov ponavadi sedmih te\u010dajnikov, je pomemben del namenjen tudi notranjemu komuniciranju med kustosi samimi. <\/p>\n<p>Delo z javnostmi bo v \u0161olskem letu 2013 obogatila produkcija razstavnega kataloga, kar je oz. bo izjemen dose\u017eek te skupine. Prav zato smo namenili dodatne predstavitve produkciji kataloga, zlasti z vidika uredni\u0161kega dela. <\/p>\n<p>Skupina za odnose z javnostmi pa zaklju\u010di svoje delo, ko je razstavni dogodek v galeriji fizi\u010dno zaklju\u010den, ko je razstava ustrezno dokumentirana (fizi\u010dno in na spletu), ko so pripravljeni mapa medijskih objav ter vsebinsko in finan\u010dno poro\u010dilo. Zadnje in najbolj pomembne pa so osebne zahvale vsem, ki so pripomogli pri izvedbi razstave. <\/p>\n<hr \/>\n<p><strong>Vodja modula<\/strong><\/p>\n<p><img loading=\"lazy\" decoding=\"async\" style=\"margin-right: 10px; margin-bottom: 5px; margin-top: 3px; margin-left: 0px;\" src=\"https:\/\/www.worldofart.org\/arhiv.worldofart.org\/aktualno\/wp-content\/2007-08\/ekipa-board\/dusan_dovc.jpg\" alt=\"Du\u0161an Dov\u010d\" width=\"100\" height=\"100\" align=\"left\" \/><strong>Du\u0161an Dov\u010d<\/strong>, vodja produkcije Zavoda SCCA\u2212Ljubljana<br \/>\nDelovne izku\u0161nje sprva pridobival na Emzinu, neprofitnem zavodu in reviji za kulturo (1997\u22122002) kot urednik in vodja projektov; nato na Pristopu, dru\u017ebi za komunikacijski management, d.o.o. (junij\u2212december 2003) kot asistent odnosov z javnostmi za razli\u010dne naro\u010dnike (spremljanje in analiza dnevnih objav v medijih, priprava novinarskih gradiv, sourejanje in pisanje tekstov za interna glasila, priprava nate\u010dajev, vodenje ogla\u0161evalskih akcij). Od leta 2004 zaposlen na Zavodu SCCA\u2212Ljubljana, kjer koordinira produkcijo, skrbi za odnose z javnostmi in pridobivanje sredstev. Aktiven tudi v razli\u010dnih skupinah za razvoj kulturne politike (ekspertna skupina za mobilnost pri Evropski komisiji, maj\u2013december 2011, \u010dlan upravnega odbora pri Asociaciji). <\/p>\n<p>Kontakt: production.manager@scca-ljubljana.si, tel: 051 361 681, 01 431 83 85  <\/p>\n","protected":false},"excerpt":{"rendered":"<p>SVET UMETNOSTI \u0160ola za kustose in kritike sodobne umetnosti Leto 14 2. letnik (september 2012\u2013maj 2013) Modul o prakti\u010dnih delih kustosa Vsak \u010detrtek v marcu 2013 Projektna soba SCCA, Metelkova 6, Ljubljana Uspe\u0161no in zlasti inovativno obve\u0161\u010danje javnosti je pomembne del produkcije razstavnega dogodka. V svetu umetnosti s tehnikami odnosov z javnostmi ne skrbimo le [&hellip;]<\/p>\n","protected":false},"author":1,"featured_media":0,"parent":2635,"menu_order":0,"comment_status":"closed","ping_status":"closed","template":"","meta":{"footnotes":""},"categories":[],"tags":[],"_links":{"self":[{"href":"https:\/\/www.worldofart.org\/arhiv.worldofart.org\/aktualno\/wp-json\/wp\/v2\/pages\/4557"}],"collection":[{"href":"https:\/\/www.worldofart.org\/arhiv.worldofart.org\/aktualno\/wp-json\/wp\/v2\/pages"}],"about":[{"href":"https:\/\/www.worldofart.org\/arhiv.worldofart.org\/aktualno\/wp-json\/wp\/v2\/types\/page"}],"author":[{"embeddable":true,"href":"https:\/\/www.worldofart.org\/arhiv.worldofart.org\/aktualno\/wp-json\/wp\/v2\/users\/1"}],"replies":[{"embeddable":true,"href":"https:\/\/www.worldofart.org\/arhiv.worldofart.org\/aktualno\/wp-json\/wp\/v2\/comments?post=4557"}],"version-history":[{"count":2,"href":"https:\/\/www.worldofart.org\/arhiv.worldofart.org\/aktualno\/wp-json\/wp\/v2\/pages\/4557\/revisions"}],"predecessor-version":[{"id":9587,"href":"https:\/\/www.worldofart.org\/arhiv.worldofart.org\/aktualno\/wp-json\/wp\/v2\/pages\/4557\/revisions\/9587"}],"up":[{"embeddable":true,"href":"https:\/\/www.worldofart.org\/arhiv.worldofart.org\/aktualno\/wp-json\/wp\/v2\/pages\/2635"}],"wp:attachment":[{"href":"https:\/\/www.worldofart.org\/arhiv.worldofart.org\/aktualno\/wp-json\/wp\/v2\/media?parent=4557"}],"wp:term":[{"taxonomy":"category","embeddable":true,"href":"https:\/\/www.worldofart.org\/arhiv.worldofart.org\/aktualno\/wp-json\/wp\/v2\/categories?post=4557"},{"taxonomy":"post_tag","embeddable":true,"href":"https:\/\/www.worldofart.org\/arhiv.worldofart.org\/aktualno\/wp-json\/wp\/v2\/tags?post=4557"}],"curies":[{"name":"wp","href":"https:\/\/api.w.org\/{rel}","templated":true}]}}