{"id":499,"date":"2010-09-27T18:14:52","date_gmt":"2010-09-27T16:14:52","guid":{"rendered":"http:\/\/www.worldofart.org\/aktualno\/?page_id=499"},"modified":"2018-06-18T20:51:15","modified_gmt":"2018-06-18T18:51:15","slug":"udelezenci-sole-1-semester","status":"publish","type":"page","link":"https:\/\/www.worldofart.org\/arhiv.worldofart.org\/aktualno\/trinajsti-letnik-20102011\/udelezenci-sole\/udelezenci-sole-1-semester","title":{"rendered":"Udele\u017eenci \u0161ole: 1. semester"},"content":{"rendered":"<p><img loading=\"lazy\" decoding=\"async\" width=\"100\" height=\"100\" align=\"left\" style=\"margin-right: 10px; margin-bottom: 5px; margin-top: 3px; margin-left: 0px\" src=\"https:\/\/www.worldofart.org\/arhiv.worldofart.org\/aktualno\/wp-content\/2010-11\/tecajniki\/yasmin-brik.jpg\" alt=\"Yasm\u00edn Brik\" \/><strong>Yasm\u00edn Brik<\/strong><br \/>\n\u010ceprav se je rodila v Sloveniji, je Yasm\u00edn Mart\u00edn Vodopivec ve\u010dino svojega \u017eivljenja pre\u017eivela v \u0160paniji. Diplomirala je iz slovanskih jezikov, smer ruski jezik in knji\u017eevnost, na univerzi Complutense v Madridu. Njena profesionalna pot se je za\u010dela v slovenski galeriji A+A v Madridu, kjer je delala dve leti. Po dalj\u0161em obdobju ki ga je pre\u017eivela v Rusiji, se je pred dvema letoma vrnila v Slovenijo in postala vodja kulturnega programa Veleposlani\u0161tva \u0160panije v Ljubljani. Svoje znanje je nadgradila s podiplomskim \u0161tudijem iz mednarodnega sodelovanja in kulturnega mened\u017ementa ter z magisterijem iz mened\u017ementa kulturnih in\u0161titucij in podjetij univerze v Barceloni.<\/p>\n<hr \/>\n<p><img loading=\"lazy\" decoding=\"async\" width=\"100\" height=\"100\" align=\"left\" style=\"margin-right: 10px; margin-bottom: 5px; margin-top: 3px; margin-left: 0px\" src=\"https:\/\/www.worldofart.org\/arhiv.worldofart.org\/aktualno\/wp-content\/2010-11\/tecajniki\/ziga-dobnikar.jpg\" alt=\"\u017diga Dobnikar\" \/><strong>\u017diga Dobnikar<\/strong><br \/>\n\u0160tudent tretjega letnika umetnostne zgodovine na Filozofski fakulteti v Ljubljani.<\/p>\n<div style=\"margin: 47px; color: #fff\">.<\/div>\n<hr \/>\n<p><img loading=\"lazy\" decoding=\"async\" width=\"100\" height=\"100\" align=\"left\" style=\"margin-right: 10px; margin-bottom: 5px; margin-top: 3px; margin-left: 0px\" src=\"https:\/\/www.worldofart.org\/arhiv.worldofart.org\/aktualno\/wp-content\/2010-11\/tecajniki\/helena-grahek.jpg\" alt=\"Helena Grahek\" \/><strong>Helena Grahek (1976)<\/strong><br \/>\nRojena v Ljubljani. Z odliko zaklju\u010dila Srednjo \u0161olo za oblikovanje in fotografijo &#8211; smer fotografija in nadaljevala \u0161olanje na Ekonomski fakulteti, kjer je leta 2004 zaklju\u010dila podiplomski specialisti\u010dni \u0161tudij managmenta. V \u010dasu \u0161tudija je nabirala organizacijske izku\u0161nje in vtise o delovanju v slovenski kulturi v Cankarjevem domu, festivalih Druga godba in Jazz festivalu. Od leta 2001 zaposlena na Delo Revijah d.d., kot produktni vodja za marketing, kjer se je  ukvarjala s tr\u017eenjem, promocijo, pisanjem pr novic, izdelavo ogla\u0161evalskih akcij, ipd. Zadnje leto deluje kot vodja PR v salonu z notranjo opremo. Zasebno je \u017eena glasbenika in mati Voranca in Line, ki jo vsak dan u\u010dita novih lekcij \u017eivljenja. Po dolgem zati\u0161ju obuja staro strast &#8211; fotografijo, s katero se je v bistvu vse za\u010delo. <\/p>\n<hr \/>\n<p><img loading=\"lazy\" decoding=\"async\" width=\"100\" height=\"100\" align=\"left\" style=\"margin-right: 10px; margin-bottom: 5px; margin-top: 3px; margin-left: 0px\" src=\"https:\/\/www.worldofart.org\/arhiv.worldofart.org\/aktualno\/wp-content\/2010-11\/tecajniki\/ana-grobler.jpg\" alt=\"Ana Grobler\" \/><strong>Ana Grobler<\/strong><br \/>\nAkademska slikarka Ana Grobler je podiplomska \u0161tudentka videa na ALUO v Ljubljani. V \u0161tudijskem letu 2009\/10 prejema \u0161tipendijo za \u0161tudij Ministrstva za kulturo. Ana Grobler razstavlja doma in v tujini, za svoje delo je prejela nekaj nominacij in priznanj, sodeluje na mednarodnem feministi\u010dnem in queer festivalu Rde\u010de zore v Ljubljani kot \u010dlanica selekcije vizualnega umetni\u0161kega programa in je asistentka v Galeriji Alkatraz. Leta 2009 je v okviru Rde\u010dih zor v Projektni sobi kurirala prvo razstavo slovenske feministi\u010dne umetnosti. Je tudi \u010dlanica projektne skupine Postaja DIVA, digitalni intermedijski video arhiv (SCCA-Ljubljana). <\/p>\n<hr \/>\n<p><img loading=\"lazy\" decoding=\"async\" width=\"100\" height=\"100\" align=\"left\" style=\"margin-right: 10px; margin-bottom: 5px; margin-top: 3px; margin-left: 0px\" src=\"https:\/\/www.worldofart.org\/arhiv.worldofart.org\/aktualno\/wp-content\/2010-11\/tecajniki\/iva-kovac.jpg\" alt=\"Iva Kova\u010d\" \/><strong>Iva Kova\u010d (1983)<\/strong><br \/>\nRojena v Splitu. Otro\u0161tvo pre\u017eivela v Mariboru. Leta 2008 je diplomirala na Akademiji likovnih umetnosti v Zagrebu, kjer je prejela nagrado za najbolj\u0161o diplomsko nalogo. V \u010dasu \u0161tudija je dobila \u0161tipendijo na Indiana University of Pennsylvania (ZDA), delala je v Peggy Guggenheim Collection v Benetkah, sodelovala je na delavnici Dana Perjovschija na Summer Academy v Salzburgu. Po \u0161tudiju je obiskovala eksperimentalni kuratorski program Kustoska platforma v Zagrebu, delala za multimedijalno gledali\u0161ko skupino Baca\u010di sjenki ter sodelovala na SAP2009 reziden\u010dnem programu v Republiki Koreji, kjer je skupaj z Elvisom Krstulovi\u0107em organizirala serijo predavanj ter izdala \u010dasopis in spletno stran <a href=\"http:\/\/www.stonenwater.org\/iva_and_elvis\/home.html\" target=\"_blank\">Art&#038;Market<\/a>.<\/p>\n<hr \/>\n<p><img loading=\"lazy\" decoding=\"async\" width=\"100\" height=\"100\" align=\"left\" style=\"margin-right: 10px; margin-bottom: 5px; margin-top: 3px; margin-left: 0px\" src=\"https:\/\/www.worldofart.org\/arhiv.worldofart.org\/aktualno\/wp-content\/2010-11\/tecajniki\/sebastian-krawczyk.jpg\" alt=\"Sebastian Krawczyk\" \/><strong>Sebastian Krawczyk (1980)<\/strong><br \/>\nRojen v na Poljskem. Diplomiral je iz sociologije in slavistike na \u0160lezijski univerzi v Katovicah. Od 2009 pomo\u010dnik umetni\u0161ke vodje in koordinator programov v Galeriji Alkatraz. Kot asistent galerije pomaga pri organizaciji razstav in ostalih del vezanih na galerijo. \u017divi v Ljubljani.<\/p>\n<div style=\"margin: 30px; color: #fff\">.<\/div>\n<hr \/>\n<p><img loading=\"lazy\" decoding=\"async\" width=\"100\" height=\"100\" align=\"left\" style=\"margin-right: 10px; margin-bottom: 5px; margin-top: 3px; margin-left: 0px\" src=\"https:\/\/www.worldofart.org\/arhiv.worldofart.org\/aktualno\/wp-content\/2010-11\/tecajniki\/spela-pavli.jpg\" alt=\"\u0160pela Pavli\" \/><strong>\u0160pela Pavli (1982)<\/strong><br \/>\nDiplomirala iz likovne umetnosti, pri prof. Petri Varl, na Pedago\u0161ki Fakulteti v Mariboru. Leta 2005 se je udele\u017eila \u0161tudijske izmenjave na \u010ce\u0161kem (Art Centre, Olomouc). Leta 2008 vpisala magistrski \u0161tudij Teorija in filozofija vizualne kulture na Fakulteti za Humanisti\u010dne \u0161tudije v Kopru, pri prof. Ale\u0161u Erjavcu. Leta 2009 je uspe\u0161no zaklju\u010dila seminar iz pisanja o sodobni umetnosti (Zavod SCCA \u2013 Ljubljana). Ob umetni\u0161kem delu, ki je povezan s klasi\u010dnimi in novo medijskimi likovnimi tehnikami skozi pisanje in razmi\u0161ljanje, raziskuje vpra\u0161anja o sodobni umetnosti in filozofiji. Trenutno dela kot programska sodelavka v Zavodu za kulturo Delavski dom Trbovlje.<\/p>\n<hr \/>\n<p><img loading=\"lazy\" decoding=\"async\" width=\"100\" height=\"100\" align=\"left\" style=\"margin-right: 10px; margin-bottom: 5px; margin-top: 3px; margin-left: 0px\" src=\"https:\/\/www.worldofart.org\/arhiv.worldofart.org\/aktualno\/wp-content\/2010-11\/tecajniki\/lara-plavcak.jpg\" alt=\"Lara Plav\u010dak\" \/><strong>Lara Plav\u010dak (1987)<\/strong><br \/>\nRojena v Celju. Leta 2006 je vpisala enopredmetni \u0161tudij umetnostne zgodovine na Filozofski fakulteti in leto kasneje vzporedni \u0161tudij kulturologije na Fakulteti za dru\u017ebene vede. V obdobju med 2008 in 2009 je redno pisala za Kinote\u010dnik, poleg tega so njene prispevke do zdaj objavili v reviji Dialogi (2009), v Likovnih besedah (2009) in v Delovi prilogi Pogledi (2010). Od leta 2008 pomaga pri arhivu Zavoda za sodobno umetnost SCCA. Trenutno \u0161tudira v Ljubljani.<\/p>\n<div style=\"margin: 15px; color: #fff\">.<\/div>\n<hr \/>\n<p><img loading=\"lazy\" decoding=\"async\" width=\"100\" height=\"100\" align=\"left\" style=\"margin-right: 10px; margin-bottom: 5px; margin-top: 3px; margin-left: 0px\" src=\"https:\/\/www.worldofart.org\/arhiv.worldofart.org\/aktualno\/wp-content\/2010-11\/tecajniki\/vladimir-vidmar.jpg\" alt=\"Vladimir Vidmar\" \/><strong>Vladimir Vidmar (1982)<\/strong><br \/>\nRojen na Reki. Diplomiral iz filozofije na Filozofski fakulteti in novinarstva na Fakulteti za dru\u017ebene vede v Ljubljani. Kon\u010duje tudi vzporedni \u0161tudij umetnostne zgodovine. Od leta 2008 je zunanji sodelavec Mestnega muzeja Ljubljana, udele\u017eeval se je strokovnih sta\u017eev v tujini (Peggy Guggenheim Collection). Ukvarja se tudi s prevajanjem.  <\/p>\n<div style=\"margin: 20px; color: #fff\">.<\/div>\n<hr \/>\n<p><img loading=\"lazy\" decoding=\"async\" width=\"100\" height=\"100\" align=\"left\" style=\"margin-right: 10px; margin-bottom: 5px; margin-top: 3px; margin-left: 0px\" src=\"https:\/\/www.worldofart.org\/arhiv.worldofart.org\/aktualno\/wp-content\/2010-11\/tecajniki\/asta-vrecko.jpg\" alt=\"Asta Vre\u010dko\" \/><strong>Asta Vre\u010dko (1984)<\/strong><br \/>\nRojena v Celju. Diplomirala je iz Umetnostne zgodovine na Filozofski fakulteti v Ljubljani. Leta 2009 je vpisala doktorski \u0161tudij Humanistika in dru\u017eboslovje \u2013 smer umetnostna zgodovina iz slovenske umetnosti tridesetih let prej\u0161njega stoletja. Ukvarja se s prepleti politike in umetnosti, predvsem jo zanimajo svetovno nazorski pogledi umetnikov ter odraz le-teh na njihovih delih. V \u010dasu \u0161tudija je bila \u010dlanica  senata Filozofske fakultete in  dve leti predsednica dru\u0161tva \u0161tudentov umetnostne zgodovine Kunsthisterik. Od leta 2008 obiskuje \u0161tudijski bralni seminar Transformacije v umetnosti v okviru DPU. \u017divi in dela v Ljubljani.<\/p>\n<hr \/>\n<p><img loading=\"lazy\" decoding=\"async\" width=\"100\" height=\"100\" align=\"left\" style=\"margin-right: 10px; margin-bottom: 5px; margin-top: 3px; margin-left: 0px\" src=\"https:\/\/www.worldofart.org\/arhiv.worldofart.org\/aktualno\/wp-content\/2010-11\/tecajniki\/mojca-zaloznik.jpg\" alt=\"Mojca Zalo\u017enik\" \/><strong>Mojca Zalo\u017enik (1978)<\/strong><br \/>\nRojena v Ljubljani. Diplomirala je iz mikrobiologije na Biotehni\u0161ki fakulteti v Ljubljani in likovne pedagogike na Pedago\u0161ki fakulteti v Ljubljani. Zaklju\u010duje magistrski \u0161tudij biologije na Biotehni\u0161ki fakulteti v Ljubljani, leta 2007 pa je vpisala podiplomski \u0161tudij slikarstva na ALUO v Ljubljani. <\/p>\n","protected":false},"excerpt":{"rendered":"<p>Yasm\u00edn Brik \u010ceprav se je rodila v Sloveniji, je Yasm\u00edn Mart\u00edn Vodopivec ve\u010dino svojega \u017eivljenja pre\u017eivela v \u0160paniji. Diplomirala je iz slovanskih jezikov, smer ruski jezik in knji\u017eevnost, na univerzi Complutense v Madridu. Njena profesionalna pot se je za\u010dela v slovenski galeriji A+A v Madridu, kjer je delala dve leti. Po dalj\u0161em obdobju ki ga [&hellip;]<\/p>\n","protected":false},"author":1,"featured_media":0,"parent":308,"menu_order":0,"comment_status":"closed","ping_status":"closed","template":"","meta":{"footnotes":""},"categories":[],"tags":[],"_links":{"self":[{"href":"https:\/\/www.worldofart.org\/arhiv.worldofart.org\/aktualno\/wp-json\/wp\/v2\/pages\/499"}],"collection":[{"href":"https:\/\/www.worldofart.org\/arhiv.worldofart.org\/aktualno\/wp-json\/wp\/v2\/pages"}],"about":[{"href":"https:\/\/www.worldofart.org\/arhiv.worldofart.org\/aktualno\/wp-json\/wp\/v2\/types\/page"}],"author":[{"embeddable":true,"href":"https:\/\/www.worldofart.org\/arhiv.worldofart.org\/aktualno\/wp-json\/wp\/v2\/users\/1"}],"replies":[{"embeddable":true,"href":"https:\/\/www.worldofart.org\/arhiv.worldofart.org\/aktualno\/wp-json\/wp\/v2\/comments?post=499"}],"version-history":[{"count":1,"href":"https:\/\/www.worldofart.org\/arhiv.worldofart.org\/aktualno\/wp-json\/wp\/v2\/pages\/499\/revisions"}],"predecessor-version":[{"id":9564,"href":"https:\/\/www.worldofart.org\/arhiv.worldofart.org\/aktualno\/wp-json\/wp\/v2\/pages\/499\/revisions\/9564"}],"up":[{"embeddable":true,"href":"https:\/\/www.worldofart.org\/arhiv.worldofart.org\/aktualno\/wp-json\/wp\/v2\/pages\/308"}],"wp:attachment":[{"href":"https:\/\/www.worldofart.org\/arhiv.worldofart.org\/aktualno\/wp-json\/wp\/v2\/media?parent=499"}],"wp:term":[{"taxonomy":"category","embeddable":true,"href":"https:\/\/www.worldofart.org\/arhiv.worldofart.org\/aktualno\/wp-json\/wp\/v2\/categories?post=499"},{"taxonomy":"post_tag","embeddable":true,"href":"https:\/\/www.worldofart.org\/arhiv.worldofart.org\/aktualno\/wp-json\/wp\/v2\/tags?post=499"}],"curies":[{"name":"wp","href":"https:\/\/api.w.org\/{rel}","templated":true}]}}

Udeleženci šole: 1. semester

<p><img loading="lazy" decoding="async" width="100" height="100" align="left" style="margin-right: 10px; margin-bottom: 5px; margin-top: 3px; margin-left: 0px" src="https://www.worldofart.org/arhiv.worldofart.org/aktualno/wp-content/2010-11/tecajniki/yasmin-brik.jpg" alt="Yasmín Brik" /><strong>Yasmín Brik</strong><br />
Čeprav se je rodila v Sloveniji, je Yasmín Martín Vodopivec večino svojega življenja preživela v Španiji. Diplomirala je iz slovanskih jezikov, smer ruski jezik in književnost, na univerzi Complutense v Madridu. Njena profesionalna pot se je začela v slovenski galeriji A+A v Madridu, kjer je delala dve leti. Po daljšem obdobju ki ga je preživela v Rusiji, se je pred dvema letoma vrnila v Slovenijo in postala vodja kulturnega programa Veleposlaništva Španije v Ljubljani. Svoje znanje je nadgradila s podiplomskim študijem iz mednarodnega sodelovanja in kulturnega menedžmenta ter z magisterijem iz menedžmenta kulturnih inštitucij in podjetij univerze v Barceloni.</p>
<hr />
<p><img loading="lazy" decoding="async" width="100" height="100" align="left" style="margin-right: 10px; margin-bottom: 5px; margin-top: 3px; margin-left: 0px" src="https://www.worldofart.org/arhiv.worldofart.org/aktualno/wp-content/2010-11/tecajniki/ziga-dobnikar.jpg" alt="Žiga Dobnikar" /><strong>Žiga Dobnikar</strong><br />
Študent tretjega letnika umetnostne zgodovine na Filozofski fakulteti v Ljubljani.</p>
<div style="margin: 47px; color: #fff">.</div>
<hr />
<p><img loading="lazy" decoding="async" width="100" height="100" align="left" style="margin-right: 10px; margin-bottom: 5px; margin-top: 3px; margin-left: 0px" src="https://www.worldofart.org/arhiv.worldofart.org/aktualno/wp-content/2010-11/tecajniki/helena-grahek.jpg" alt="Helena Grahek" /><strong>Helena Grahek (1976)</strong><br />
Rojena v Ljubljani. Z odliko zaključila Srednjo šolo za oblikovanje in fotografijo &#8211; smer fotografija in nadaljevala šolanje na Ekonomski fakulteti, kjer je leta 2004 zaključila podiplomski specialistični študij managmenta. V času študija je nabirala organizacijske izkušnje in vtise o delovanju v slovenski kulturi v Cankarjevem domu, festivalih Druga godba in Jazz festivalu. Od leta 2001 zaposlena na Delo Revijah d.d., kot produktni vodja za marketing, kjer se je  ukvarjala s trženjem, promocijo, pisanjem pr novic, izdelavo oglaševalskih akcij, ipd. Zadnje leto deluje kot vodja PR v salonu z notranjo opremo. Zasebno je žena glasbenika in mati Voranca in Line, ki jo vsak dan učita novih lekcij življenja. Po dolgem zatišju obuja staro strast &#8211; fotografijo, s katero se je v bistvu vse začelo. </p>
<hr />
<p><img loading="lazy" decoding="async" width="100" height="100" align="left" style="margin-right: 10px; margin-bottom: 5px; margin-top: 3px; margin-left: 0px" src="https://www.worldofart.org/arhiv.worldofart.org/aktualno/wp-content/2010-11/tecajniki/ana-grobler.jpg" alt="Ana Grobler" /><strong>Ana Grobler</strong><br />
Akademska slikarka Ana Grobler je podiplomska študentka videa na ALUO v Ljubljani. V študijskem letu 2009/10 prejema štipendijo za študij Ministrstva za kulturo. Ana Grobler razstavlja doma in v tujini, za svoje delo je prejela nekaj nominacij in priznanj, sodeluje na mednarodnem feminističnem in queer festivalu Rdeče zore v Ljubljani kot članica selekcije vizualnega umetniškega programa in je asistentka v Galeriji Alkatraz. Leta 2009 je v okviru Rdečih zor v Projektni sobi kurirala prvo razstavo slovenske feministične umetnosti. Je tudi članica projektne skupine Postaja DIVA, digitalni intermedijski video arhiv (SCCA-Ljubljana). </p>
<hr />
<p><img loading="lazy" decoding="async" width="100" height="100" align="left" style="margin-right: 10px; margin-bottom: 5px; margin-top: 3px; margin-left: 0px" src="https://www.worldofart.org/arhiv.worldofart.org/aktualno/wp-content/2010-11/tecajniki/iva-kovac.jpg" alt="Iva Kovač" /><strong>Iva Kovač (1983)</strong><br />
Rojena v Splitu. Otroštvo preživela v Mariboru. Leta 2008 je diplomirala na Akademiji likovnih umetnosti v Zagrebu, kjer je prejela nagrado za najboljšo diplomsko nalogo. V času študija je dobila štipendijo na Indiana University of Pennsylvania (ZDA), delala je v Peggy Guggenheim Collection v Benetkah, sodelovala je na delavnici Dana Perjovschija na Summer Academy v Salzburgu. Po študiju je obiskovala eksperimentalni kuratorski program Kustoska platforma v Zagrebu, delala za multimedijalno gledališko skupino Bacači sjenki ter sodelovala na SAP2009 rezidenčnem programu v Republiki Koreji, kjer je skupaj z Elvisom Krstulovićem organizirala serijo predavanj ter izdala časopis in spletno stran <a href="http://www.stonenwater.org/iva_and_elvis/home.html" target="_blank">Art&#038;Market</a>.</p>
<hr />
<p><img loading="lazy" decoding="async" width="100" height="100" align="left" style="margin-right: 10px; margin-bottom: 5px; margin-top: 3px; margin-left: 0px" src="https://www.worldofart.org/arhiv.worldofart.org/aktualno/wp-content/2010-11/tecajniki/sebastian-krawczyk.jpg" alt="Sebastian Krawczyk" /><strong>Sebastian Krawczyk (1980)</strong><br />
Rojen v na Poljskem. Diplomiral je iz sociologije in slavistike na Šlezijski univerzi v Katovicah. Od 2009 pomočnik umetniške vodje in koordinator programov v Galeriji Alkatraz. Kot asistent galerije pomaga pri organizaciji razstav in ostalih del vezanih na galerijo. Živi v Ljubljani.</p>
<div style="margin: 30px; color: #fff">.</div>
<hr />
<p><img loading="lazy" decoding="async" width="100" height="100" align="left" style="margin-right: 10px; margin-bottom: 5px; margin-top: 3px; margin-left: 0px" src="https://www.worldofart.org/arhiv.worldofart.org/aktualno/wp-content/2010-11/tecajniki/spela-pavli.jpg" alt="Špela Pavli" /><strong>Špela Pavli (1982)</strong><br />
Diplomirala iz likovne umetnosti, pri prof. Petri Varl, na Pedagoški Fakulteti v Mariboru. Leta 2005 se je udeležila študijske izmenjave na Češkem (Art Centre, Olomouc). Leta 2008 vpisala magistrski študij Teorija in filozofija vizualne kulture na Fakulteti za Humanistične študije v Kopru, pri prof. Alešu Erjavcu. Leta 2009 je uspešno zaključila seminar iz pisanja o sodobni umetnosti (Zavod SCCA – Ljubljana). Ob umetniškem delu, ki je povezan s klasičnimi in novo medijskimi likovnimi tehnikami skozi pisanje in razmišljanje, raziskuje vprašanja o sodobni umetnosti in filozofiji. Trenutno dela kot programska sodelavka v Zavodu za kulturo Delavski dom Trbovlje.</p>
<hr />
<p><img loading="lazy" decoding="async" width="100" height="100" align="left" style="margin-right: 10px; margin-bottom: 5px; margin-top: 3px; margin-left: 0px" src="https://www.worldofart.org/arhiv.worldofart.org/aktualno/wp-content/2010-11/tecajniki/lara-plavcak.jpg" alt="Lara Plavčak" /><strong>Lara Plavčak (1987)</strong><br />
Rojena v Celju. Leta 2006 je vpisala enopredmetni študij umetnostne zgodovine na Filozofski fakulteti in leto kasneje vzporedni študij kulturologije na Fakulteti za družbene vede. V obdobju med 2008 in 2009 je redno pisala za Kinotečnik, poleg tega so njene prispevke do zdaj objavili v reviji Dialogi (2009), v Likovnih besedah (2009) in v Delovi prilogi Pogledi (2010). Od leta 2008 pomaga pri arhivu Zavoda za sodobno umetnost SCCA. Trenutno študira v Ljubljani.</p>
<div style="margin: 15px; color: #fff">.</div>
<hr />
<p><img loading="lazy" decoding="async" width="100" height="100" align="left" style="margin-right: 10px; margin-bottom: 5px; margin-top: 3px; margin-left: 0px" src="https://www.worldofart.org/arhiv.worldofart.org/aktualno/wp-content/2010-11/tecajniki/vladimir-vidmar.jpg" alt="Vladimir Vidmar" /><strong>Vladimir Vidmar (1982)</strong><br />
Rojen na Reki. Diplomiral iz filozofije na Filozofski fakulteti in novinarstva na Fakulteti za družbene vede v Ljubljani. Končuje tudi vzporedni študij umetnostne zgodovine. Od leta 2008 je zunanji sodelavec Mestnega muzeja Ljubljana, udeleževal se je strokovnih stažev v tujini (Peggy Guggenheim Collection). Ukvarja se tudi s prevajanjem.  </p>
<div style="margin: 20px; color: #fff">.</div>
<hr />
<p><img loading="lazy" decoding="async" width="100" height="100" align="left" style="margin-right: 10px; margin-bottom: 5px; margin-top: 3px; margin-left: 0px" src="https://www.worldofart.org/arhiv.worldofart.org/aktualno/wp-content/2010-11/tecajniki/asta-vrecko.jpg" alt="Asta Vrečko" /><strong>Asta Vrečko (1984)</strong><br />
Rojena v Celju. Diplomirala je iz Umetnostne zgodovine na Filozofski fakulteti v Ljubljani. Leta 2009 je vpisala doktorski študij Humanistika in družboslovje – smer umetnostna zgodovina iz slovenske umetnosti tridesetih let prejšnjega stoletja. Ukvarja se s prepleti politike in umetnosti, predvsem jo zanimajo svetovno nazorski pogledi umetnikov ter odraz le-teh na njihovih delih. V času študija je bila članica  senata Filozofske fakultete in  dve leti predsednica društva študentov umetnostne zgodovine Kunsthisterik. Od leta 2008 obiskuje študijski bralni seminar Transformacije v umetnosti v okviru DPU. Živi in dela v Ljubljani.</p>
<hr />
<p><img loading="lazy" decoding="async" width="100" height="100" align="left" style="margin-right: 10px; margin-bottom: 5px; margin-top: 3px; margin-left: 0px" src="https://www.worldofart.org/arhiv.worldofart.org/aktualno/wp-content/2010-11/tecajniki/mojca-zaloznik.jpg" alt="Mojca Založnik" /><strong>Mojca Založnik (1978)</strong><br />
Rojena v Ljubljani. Diplomirala je iz mikrobiologije na Biotehniški fakulteti v Ljubljani in likovne pedagogike na Pedagoški fakulteti v Ljubljani. Zaključuje magistrski študij biologije na Biotehniški fakulteti v Ljubljani, leta 2007 pa je vpisala podiplomski študij slikarstva na ALUO v Ljubljani. </p>

<p>Yasmín Brik Čeprav se je rodila v Sloveniji, je Yasmín Martín Vodopivec večino svojega življenja preživela v Španiji. Diplomirala je iz slovanskih jezikov, smer ruski jezik in književnost, na univerzi Complutense v Madridu. Njena profesionalna pot se je začela v slovenski galeriji A+A v Madridu, kjer je delala dve leti. Po daljšem obdobju ki ga [&hellip;]</p>
