{"id":509,"date":"2010-10-07T07:17:39","date_gmt":"2010-10-07T05:17:39","guid":{"rendered":"http:\/\/www.worldofart.org\/aktualno\/?page_id=509"},"modified":"2018-06-18T20:50:25","modified_gmt":"2018-06-18T18:50:25","slug":"dusan-dovc-indea-vidovic-pridobivanje-financnih-sredstev","status":"publish","type":"page","link":"https:\/\/www.worldofart.org\/arhiv.worldofart.org\/aktualno\/trinajsti-letnik-20102011\/modul-o-prakticnih-delih-kustosa\/dusan-dovc-indea-vidovic-pridobivanje-financnih-sredstev","title":{"rendered":"Du\u0161an Dov\u010d in Dea Vidovi\u0107: Pridobivanje finan\u010dnih sredstev"},"content":{"rendered":"<p>SVET UMETNOSTI<br \/>\n\u0160ola za kustose in kritike sodobne umetnosti<br \/>\nLetnik 13<br \/>\n2. semester (september 2010 \u2013 maj 2010)<\/p>\n<p><a href=\"https:\/\/www.worldofart.org\/arhiv.worldofart.org\/aktualno\/trinajsti-letnik-20102011\/modul-o-prakticnih-delih-kustosa\">Modul o prakti\u010dnih delih kustosa<\/a><br \/>\n7.-8. 10. 2010<\/p>\n<hr \/>\n<p>Delavnica bo udele\u017eencem ponudila osnovna znanja, informacije in ve\u0161\u010dine projektnega mened\u017ementa in iskanja sredstev.<br \/>\nFinanciranja projektov se bomo lotili glede na specifi\u010dne potrebe, strate\u0161ko analizo razli\u010dnih vrst projektov in ciljev, od kulturnih, umetni\u0161kih, dru\u017ebenih do politi\u010dnih. Udele\u017eenci bodo seznanjeni z nekaterimi priporo\u010dili, kako pridobivati sredstva, zlasti za evropske in mednarodne projekte.<br \/>\nDelavnica bo med drugim odgovorila na vpra\u0161anja: Kako razmi\u0161ljati \u00bbprojektno\u00ab? Kdo so potencialni financerji? Kje so viri informacij o financerjih, zlasti evropskih fundacijah in donatorjih? Kako razumeti poslanstvo in politike fundacij? Kako je strukturirana projektna prijava? Kaj je logi\u010dni okvir? Na kak\u0161en na\u010din uskladiti vsebino in prora\u010dun projekta? Kako pripraviti prora\u010dun? Analiza primerov dobre prakse. <\/p>\n<p>Delavnica bo potekala v slovenskem in hrva\u0161kem jeziku. <\/p>\n","protected":false},"excerpt":{"rendered":"<p>SVET UMETNOSTI \u0160ola za kustose in kritike sodobne umetnosti Letnik 13 2. semester (september 2010 \u2013 maj 2010) Modul o prakti\u010dnih delih kustosa 7.-8. 10. 2010 Delavnica bo udele\u017eencem ponudila osnovna znanja, informacije in ve\u0161\u010dine projektnega mened\u017ementa in iskanja sredstev. Financiranja projektov se bomo lotili glede na specifi\u010dne potrebe, strate\u0161ko analizo razli\u010dnih vrst projektov in [&hellip;]<\/p>\n","protected":false},"author":1,"featured_media":0,"parent":249,"menu_order":0,"comment_status":"closed","ping_status":"closed","template":"","meta":{"footnotes":""},"categories":[],"tags":[],"_links":{"self":[{"href":"https:\/\/www.worldofart.org\/arhiv.worldofart.org\/aktualno\/wp-json\/wp\/v2\/pages\/509"}],"collection":[{"href":"https:\/\/www.worldofart.org\/arhiv.worldofart.org\/aktualno\/wp-json\/wp\/v2\/pages"}],"about":[{"href":"https:\/\/www.worldofart.org\/arhiv.worldofart.org\/aktualno\/wp-json\/wp\/v2\/types\/page"}],"author":[{"embeddable":true,"href":"https:\/\/www.worldofart.org\/arhiv.worldofart.org\/aktualno\/wp-json\/wp\/v2\/users\/1"}],"replies":[{"embeddable":true,"href":"https:\/\/www.worldofart.org\/arhiv.worldofart.org\/aktualno\/wp-json\/wp\/v2\/comments?post=509"}],"version-history":[{"count":1,"href":"https:\/\/www.worldofart.org\/arhiv.worldofart.org\/aktualno\/wp-json\/wp\/v2\/pages\/509\/revisions"}],"predecessor-version":[{"id":9545,"href":"https:\/\/www.worldofart.org\/arhiv.worldofart.org\/aktualno\/wp-json\/wp\/v2\/pages\/509\/revisions\/9545"}],"up":[{"embeddable":true,"href":"https:\/\/www.worldofart.org\/arhiv.worldofart.org\/aktualno\/wp-json\/wp\/v2\/pages\/249"}],"wp:attachment":[{"href":"https:\/\/www.worldofart.org\/arhiv.worldofart.org\/aktualno\/wp-json\/wp\/v2\/media?parent=509"}],"wp:term":[{"taxonomy":"category","embeddable":true,"href":"https:\/\/www.worldofart.org\/arhiv.worldofart.org\/aktualno\/wp-json\/wp\/v2\/categories?post=509"},{"taxonomy":"post_tag","embeddable":true,"href":"https:\/\/www.worldofart.org\/arhiv.worldofart.org\/aktualno\/wp-json\/wp\/v2\/tags?post=509"}],"curies":[{"name":"wp","href":"https:\/\/api.w.org\/{rel}","templated":true}]}}