{"id":515,"date":"2010-10-07T07:21:35","date_gmt":"2010-10-07T05:21:35","guid":{"rendered":"http:\/\/www.worldofart.org\/aktualno\/?page_id=515"},"modified":"2018-06-18T20:48:59","modified_gmt":"2018-06-18T18:48:59","slug":"metka-daris-katalog-pogled-oblikovalca","status":"publish","type":"page","link":"https:\/\/www.worldofart.org\/arhiv.worldofart.org\/aktualno\/trinajsti-letnik-20102011\/modul-o-prakticnih-delih-kustosa\/metka-daris-katalog-pogled-oblikovalca","title":{"rendered":"Metka Dari\u0161: Katalog: pogled oblikovalca"},"content":{"rendered":"<p>SVET UMETNOSTI<br \/>\n\u0160ola za kustose in kritike sodobne umetnosti<br \/>\nLetnik 13<br \/>\n2. semester (september 2010\u2013maj 2010)<\/p>\n<p><a href=\"https:\/\/www.worldofart.org\/arhiv.worldofart.org\/aktualno\/trinajsti-letnik-20102011\/modul-o-prakticnih-delih-kustosa\">Modul o prakti\u010dnih delih kustosa<\/a><br \/>\n7.-8. 10. 2010<\/p>\n<hr \/>\n<p>Predavanje bo govorilo o katalogu in njegovem nastajanju. Predstavilo bo mo\u017ene tehni\u010dne zna\u010dilnosti kataloga, pojasnilo bo na\u010din priprave finan\u010dnega in terminskega na\u010drta ter se podrobneje posvetilo sodelovanju urednika in oblikovalca pri zasnovi in izvedbi kataloga.<br \/>\nGovora bo tudi o nevidnem (\u010de je delo pravilno opravljeno) in nepriljubljenem delu \u2013 korekturah in pregledih kataloga pred tiskom. Na koncu pa se bo pojasnilo \u0161e, kako ravnati, \u010de gre pri pripravi kataloga na katerikoli stopnji dela \u2013 ali pa kar vseh \u2013 kaj narobe. Kako odpraviti napake, kaj se sploh \u0161e lahko naredi \u2026<\/p>\n","protected":false},"excerpt":{"rendered":"<p>SVET UMETNOSTI \u0160ola za kustose in kritike sodobne umetnosti Letnik 13 2. semester (september 2010\u2013maj 2010) Modul o prakti\u010dnih delih kustosa 7.-8. 10. 2010 Predavanje bo govorilo o katalogu in njegovem nastajanju. Predstavilo bo mo\u017ene tehni\u010dne zna\u010dilnosti kataloga, pojasnilo bo na\u010din priprave finan\u010dnega in terminskega na\u010drta ter se podrobneje posvetilo sodelovanju urednika in oblikovalca pri [&hellip;]<\/p>\n","protected":false},"author":1,"featured_media":0,"parent":249,"menu_order":0,"comment_status":"closed","ping_status":"closed","template":"","meta":{"footnotes":""},"categories":[],"tags":[],"_links":{"self":[{"href":"https:\/\/www.worldofart.org\/arhiv.worldofart.org\/aktualno\/wp-json\/wp\/v2\/pages\/515"}],"collection":[{"href":"https:\/\/www.worldofart.org\/arhiv.worldofart.org\/aktualno\/wp-json\/wp\/v2\/pages"}],"about":[{"href":"https:\/\/www.worldofart.org\/arhiv.worldofart.org\/aktualno\/wp-json\/wp\/v2\/types\/page"}],"author":[{"embeddable":true,"href":"https:\/\/www.worldofart.org\/arhiv.worldofart.org\/aktualno\/wp-json\/wp\/v2\/users\/1"}],"replies":[{"embeddable":true,"href":"https:\/\/www.worldofart.org\/arhiv.worldofart.org\/aktualno\/wp-json\/wp\/v2\/comments?post=515"}],"version-history":[{"count":1,"href":"https:\/\/www.worldofart.org\/arhiv.worldofart.org\/aktualno\/wp-json\/wp\/v2\/pages\/515\/revisions"}],"predecessor-version":[{"id":9548,"href":"https:\/\/www.worldofart.org\/arhiv.worldofart.org\/aktualno\/wp-json\/wp\/v2\/pages\/515\/revisions\/9548"}],"up":[{"embeddable":true,"href":"https:\/\/www.worldofart.org\/arhiv.worldofart.org\/aktualno\/wp-json\/wp\/v2\/pages\/249"}],"wp:attachment":[{"href":"https:\/\/www.worldofart.org\/arhiv.worldofart.org\/aktualno\/wp-json\/wp\/v2\/media?parent=515"}],"wp:term":[{"taxonomy":"category","embeddable":true,"href":"https:\/\/www.worldofart.org\/arhiv.worldofart.org\/aktualno\/wp-json\/wp\/v2\/categories?post=515"},{"taxonomy":"post_tag","embeddable":true,"href":"https:\/\/www.worldofart.org\/arhiv.worldofart.org\/aktualno\/wp-json\/wp\/v2\/tags?post=515"}],"curies":[{"name":"wp","href":"https:\/\/api.w.org\/{rel}","templated":true}]}}