{"id":5984,"date":"2014-02-21T15:20:04","date_gmt":"2014-02-21T13:20:04","guid":{"rendered":"http:\/\/www.worldofart.org\/aktualno\/?page_id=5984"},"modified":"2016-11-19T22:00:48","modified_gmt":"2016-11-19T20:00:48","slug":"obiski-razstav","status":"publish","type":"page","link":"https:\/\/www.worldofart.org\/arhiv.worldofart.org\/aktualno\/petnajsto-leto-2014-2016\/obiski-razstav","title":{"rendered":"Obiski razstav"},"content":{"rendered":"<p>SVET UMETNOSTI<br \/>\n\u0160ola za kustose in kritike sodobne umetnosti<br \/>\nLeto 15<br \/>\n1. letnik (oktober 2014\u2013junij 2015)<\/p>\n<hr \/>\n<p>Usmerjeno in poglobljeno obiskovanje razstav. Za vsako se bo v naprej pripravilo referen\u010dno gradivo; po razstavi bo vodil kustos, sodelovali bodo sodelujo\u010di umetniki.<\/p>\n<p><a href=\"https:\/\/www.worldofart.org\/arhiv.worldofart.org\/aktualno\/wp-content\/uploads\/2014\/12\/Sestanki-08.jpg\" rel=\"lightbox[5984]\"><img loading=\"lazy\" decoding=\"async\" class=\"alignnone size-thumbnail wp-image-6793\" title=\"Odprtje razstave Sestanki na prostem v Likovnem salonu v Celju; foto: Nik Jarh\" src=\"https:\/\/www.worldofart.org\/arhiv.worldofart.org\/aktualno\/wp-content\/uploads\/2014\/12\/Sestanki-08-150x150.jpg\" alt=\"\" width=\"150\" height=\"150\" \/><\/a> <a href=\"https:\/\/www.worldofart.org\/arhiv.worldofart.org\/aktualno\/wp-content\/uploads\/2014\/12\/Pirman-06.jpg\" rel=\"lightbox[5984]\"><img loading=\"lazy\" decoding=\"async\" class=\"alignnone size-thumbnail wp-image-6847\" title=\"Alenka Pirman, Zbrana dela, postavitev razstave v MGLC, \u00a9MGLC; foto: Ur\u0161ka Boljkovac\" src=\"https:\/\/www.worldofart.org\/arhiv.worldofart.org\/aktualno\/wp-content\/uploads\/2014\/12\/Pirman-06-150x150.jpg\" alt=\"\" width=\"150\" height=\"150\" \/><\/a> <a href=\"https:\/\/www.worldofart.org\/arhiv.worldofart.org\/aktualno\/wp-content\/uploads\/2014\/02\/Tadej-Pogacar_vodstvo-po-razstavi.jpg\" rel=\"lightbox[5984]\"><img loading=\"lazy\" decoding=\"async\" class=\"alignnone size-thumbnail wp-image-6976\" title=\"Vodstvo por razstavi Tadej Poga\u010dar &amp; P.A.R.A.S.I.T.E. muzej sodobne umetnosti: Hribi in doline in rudna bogastva, Moderna galerija; foto: arhiv SCCA-Ljubljana\" src=\"https:\/\/www.worldofart.org\/arhiv.worldofart.org\/aktualno\/wp-content\/uploads\/2014\/02\/Tadej-Pogacar_vodstvo-po-razstavi-150x150.jpg\" alt=\"\" width=\"150\" height=\"150\" \/><\/a> <a href=\"https:\/\/www.worldofart.org\/arhiv.worldofart.org\/aktualno\/wp-content\/uploads\/2014\/02\/Krize-in-novi-zacetki-msum.jpg\" rel=\"lightbox[5984]\"><img loading=\"lazy\" decoding=\"async\" src=\"https:\/\/www.worldofart.org\/arhiv.worldofart.org\/aktualno\/wp-content\/uploads\/2014\/02\/Krize-in-novi-zacetki-msum-150x150.jpg\" alt=\"\" title=\"Vodstvo po razstavi Krize in novi za\u010detki: umetnost v Sloveniji 2005\u20132015, MSUM, foto: arhiv SCCA-Ljubljana\" width=\"150\" height=\"150\" class=\"alignnone size-thumbnail wp-image-8365\" \/><\/a><\/p>\n<p class=\"leto\"><strong>2016<\/strong><\/p>\n<table width=\"100%\" border=\"0\" cellspacing=\"0\" cellpadding=\"0\">\n<tbody>\n<tr>\n<td class=\"mesec\" valign=\"top\" width=\"20%\">\u010detrtek,<br \/>\n4. 2. 2016<\/td>\n<td class=\"tdprogramsredina\" valign=\"top\" width=\"20%\">16.00\u201318.00<\/td>\n<td class=\"tdprogram\" valign=\"top\" width=\"60%\">Vodstvo po razstavi <a href=\"http:\/\/www.mg-lj.si\/si\/razstave\/1215\/2005-2015\/\" target=\"_blank\"><em>Krize in novi za\u010detki: umetnost v Sloveniji 2005\u20132015<\/em><\/a> s kuratorjem Vladimirjem Vidmarjem, MSUM\n<\/td>\n<\/tr>\n<\/tbody>\n<\/table>\n<p class=\"leto\"><strong>2015<\/strong><\/p>\n<table width=\"100%\" border=\"0\" cellspacing=\"0\" cellpadding=\"0\">\n<tbody>\n<tr>\n<td class=\"mesec\" valign=\"top\" width=\"20%\">\u010detrtek,<br \/>\n15. 1. 2015<\/td>\n<td class=\"tdprogramsredina\" valign=\"top\" width=\"20%\">18.00\u201319.00<\/td>\n<td class=\"tdprogram\" valign=\"top\" width=\"60%\">Vodstvo po razstavi <a href=\"http:\/\/wiki.ljudmila.org\/Nevromat\" target=\"_blank\"><em>Nevromat<\/em><\/a>, MoTa POINT, Ljubljana<br \/>\n(vodita Ida Hir\u0161enfelder in Matej Stupica)<\/td>\n<\/tr>\n<tr>\n<td class=\"mesec\" valign=\"top\" width=\"20%\">petek,<br \/>\n13. 2. 2015<\/td>\n<td class=\"tdprogramsredina\" valign=\"top\" width=\"20%\">19.00<\/td>\n<td class=\"tdprogram\" valign=\"top\" width=\"60%\">Predogled razstave <a href=\"http:\/\/www.vesna-bukovec.net\/eng\/projects\/vesna-bukovec-in-ce-se-motim-and-if-i-am-wrong\" target=\"_blank\">Vesna Bukovec: <em>In \u010de se motim? \/ And if I am wrong?<\/em><\/a> z vodstvom umetnice in kuratorke Mojce Grmek.<br \/>\n(<a href=\"https:\/\/www.worldofart.org\/arhiv.worldofart.org\/aktualno\/archives\/7262\">kritika razstave<\/a>)\n<\/td>\n<\/tr>\n<tr>\n<td class=\"mesec\" valign=\"top\" width=\"20%\">petek,<br \/>\n10. 4. 2015<\/td>\n<td class=\"tdprogramsredina\" valign=\"top\" width=\"20%\">19.00<\/td>\n<td class=\"tdprogram\" valign=\"top\" width=\"60%\">Odprtje razstave Matej Stupica: <em>V.I.P. <\/em><br \/>\n(<a href=\"https:\/\/www.worldofart.org\/arhiv.worldofart.org\/aktualno\/archives\/7904\">kritika razstave<\/a>)\n<\/td>\n<\/tr>\n<tr>\n<td class=\"mesec\" valign=\"top\" width=\"20%\">\u010detrtek,<br \/>\n22. 10. 2015<\/td>\n<td class=\"tdprogramsredina\" valign=\"top\" width=\"20%\">17.00\u201318.00<\/td>\n<td class=\"tdprogram\" valign=\"top\" width=\"60%\">Vodstvo po razstavi <a href=\"http:\/\/www.mgml.si\/mestna-galerija-ljubljana\/aktualna-razstava\/narobe-obrnjeno-ne-tako-bela-kocka\/\" target=\"_blank\"><em>Narobe obrnjeno \u2013 ne tako bela kocka<\/em><\/a>, Mestna galerija (vodi sokustosinja razstave Alenka Gregori\u010d)\n<\/td>\n<\/tr>\n<\/tbody>\n<\/table>\n<p class=\"leto\"><strong>2014<\/strong><\/p>\n<table width=\"100%\" border=\"0\" cellspacing=\"0\" cellpadding=\"0\">\n<tbody>\n<tr>\n<td class=\"mesec\" rowspan=\"2\" valign=\"top\" width=\"20%\">ponedeljek,<br \/>\n10. 11. 2014<\/td>\n<td class=\"tdprogramsredina\" valign=\"top\" width=\"20%\">11.00\u201313.00<\/td>\n<td class=\"tdprogram\" valign=\"top\" width=\"60%\">Predstavitev Centra sodobne umetnosti, Celje: Galerija sodobne umetnosti in Likovni salon ter vodstvo po razstavi <a href=\"http:\/\/www.celeia.info\/Galerija_sodobne_umetnosti_Celje\" target=\"_blank\"><em>Vidno\/nevidno. Afekt in razpolo\u017eenje skozi fotografijo<\/em><\/a> (kustosinja razstave Irena \u010cer\u010dnik)<\/td>\n<\/tr>\n<tr>\n<td class=\"tdprogramsredina\" valign=\"top\" width=\"20%\">19.00\u201319.30<\/td>\n<td class=\"tdprogram\" valign=\"top\" width=\"60%\">Vodstvo po razstavi <a href=\"http:\/\/sestankinaprostem.wordpress.com\/\" target=\"_blank\"><em>Sestanki na prostem<\/em><\/a>, Likovni salon, Celje (kustosinja razstave Ida Hir\u0161enfelder)<br \/>\n(<a href=\"https:\/\/www.worldofart.org\/arhiv.worldofart.org\/aktualno\/archives\/6785\">kritika razstave<\/a>)<\/td>\n<\/tr>\n<tr>\n<td class=\"mesec\" valign=\"top\" width=\"20%\">\u010detrtek,<br \/>\n13. 11. 2014<\/td>\n<td class=\"tdprogramsredina\" valign=\"top\" width=\"20%\">18.00\u201319.00<\/td>\n<td class=\"tdprogram\" valign=\"top\" width=\"60%\">Vodstvo po razstavi <a href=\"http:\/\/gregorpodnar.com\/tensions-ljubljana-2014\/\" target=\"_blank\"><em>Napetosti<\/em><\/a>, Galerija Gregorja Podnarja, Ljubljana (kustos razstave Tev\u017e Logar)<\/td>\n<\/tr>\n<tr>\n<td class=\"mesec\" valign=\"top\" width=\"20%\">\u010detrtek,<br \/>\n27. 11. 2014<\/td>\n<td class=\"tdprogramsredina\" valign=\"top\" width=\"20%\">14.00\u201315.00<\/td>\n<td class=\"tdprogram\" valign=\"top\" width=\"60%\">Vodstvo po razstavi <a href=\"http:\/\/www.mglc-lj.si\/razstave_in_dogodki\/alenka_pirman_zbrana_dela\/37\" target=\"_blank\">Alenka Pirman, <em>Zbrana dela<\/em><\/a>, MGLC, Ljubljana (so-kustosinja razstave Barbara Bor\u010di\u0107)<br \/>\n(<a href=\"https:\/\/www.worldofart.org\/arhiv.worldofart.org\/aktualno\/archives\/6840\">kritika razstave<\/a>)<\/td>\n<\/tr>\n<tr>\n<td class=\"mesec\" valign=\"top\" width=\"20%\">petek,<br \/>\n12. 12. 2014<\/td>\n<td class=\"tdprogramsredina\" valign=\"top\" width=\"20%\">19.00<\/td>\n<td class=\"tdprogram\" valign=\"top\" width=\"60%\">Odprtje razstave <a href=\"https:\/\/www.worldofart.org\/arhiv.worldofart.org\/aktualno\/archives\/6743\"><em>Dan na dan<\/em><\/a> in predogled z umetniki in kustosinjami, Galerija \u0160kuc<\/td>\n<\/tr>\n<tr>\n<td class=\"mesec\" valign=\"top\" width=\"20%\">\u010detrtek,<br \/>\n18. 12. 2014<\/td>\n<td class=\"tdprogramsredina\" valign=\"top\" width=\"20%\">14.00\u201315.30<\/td>\n<td class=\"tdprogram\" valign=\"top\" width=\"60%\">Vodstvo po razstavi <a href=\"http:\/\/www.mg-lj.si\/node\/1330\" target=\"_blank\"><em>Tadej Poga\u010dar &amp; P.A.R.A.S.I.T.E. muzej sodobne umetnosti: Hribi in doline in rudna bogastva<\/em><\/a>, Moderna galerija, Ljubljana (vodi Tadej Poga\u010dar)<br \/>\n(<a href=\"https:\/\/www.worldofart.org\/arhiv.worldofart.org\/aktualno\/archives\/7031\">kritika razstave<\/a>)<\/td>\n<\/tr>\n<\/tbody>\n<\/table>\n<p><a href=\"https:\/\/www.worldofart.org\/arhiv.worldofart.org\/aktualno\/stirinajsti-letnik-20112013\/obiski-razstav\/\">Obiski razstav v 14. letu<\/a><\/p>\n","protected":false},"excerpt":{"rendered":"<p>SVET UMETNOSTI \u0160ola za kustose in kritike sodobne umetnosti Leto 15 1. letnik (oktober 2014\u2013junij 2015) Usmerjeno in poglobljeno obiskovanje razstav. Za vsako se bo v naprej pripravilo referen\u010dno gradivo; po razstavi bo vodil kustos, sodelovali bodo sodelujo\u010di umetniki. 2016 \u010detrtek, 4. 2. 2016 16.00\u201318.00 Vodstvo po razstavi Krize in novi za\u010detki: umetnost v Sloveniji [&hellip;]<\/p>\n","protected":false},"author":1,"featured_media":0,"parent":5971,"menu_order":0,"comment_status":"closed","ping_status":"closed","template":"","meta":{"footnotes":""},"categories":[],"tags":[],"_links":{"self":[{"href":"https:\/\/www.worldofart.org\/arhiv.worldofart.org\/aktualno\/wp-json\/wp\/v2\/pages\/5984"}],"collection":[{"href":"https:\/\/www.worldofart.org\/arhiv.worldofart.org\/aktualno\/wp-json\/wp\/v2\/pages"}],"about":[{"href":"https:\/\/www.worldofart.org\/arhiv.worldofart.org\/aktualno\/wp-json\/wp\/v2\/types\/page"}],"author":[{"embeddable":true,"href":"https:\/\/www.worldofart.org\/arhiv.worldofart.org\/aktualno\/wp-json\/wp\/v2\/users\/1"}],"replies":[{"embeddable":true,"href":"https:\/\/www.worldofart.org\/arhiv.worldofart.org\/aktualno\/wp-json\/wp\/v2\/comments?post=5984"}],"version-history":[{"count":30,"href":"https:\/\/www.worldofart.org\/arhiv.worldofart.org\/aktualno\/wp-json\/wp\/v2\/pages\/5984\/revisions"}],"predecessor-version":[{"id":9504,"href":"https:\/\/www.worldofart.org\/arhiv.worldofart.org\/aktualno\/wp-json\/wp\/v2\/pages\/5984\/revisions\/9504"}],"up":[{"embeddable":true,"href":"https:\/\/www.worldofart.org\/arhiv.worldofart.org\/aktualno\/wp-json\/wp\/v2\/pages\/5971"}],"wp:attachment":[{"href":"https:\/\/www.worldofart.org\/arhiv.worldofart.org\/aktualno\/wp-json\/wp\/v2\/media?parent=5984"}],"wp:term":[{"taxonomy":"category","embeddable":true,"href":"https:\/\/www.worldofart.org\/arhiv.worldofart.org\/aktualno\/wp-json\/wp\/v2\/categories?post=5984"},{"taxonomy":"post_tag","embeddable":true,"href":"https:\/\/www.worldofart.org\/arhiv.worldofart.org\/aktualno\/wp-json\/wp\/v2\/tags?post=5984"}],"curies":[{"name":"wp","href":"https:\/\/api.w.org\/{rel}","templated":true}]}}