{"id":5997,"date":"2014-02-21T15:30:45","date_gmt":"2014-02-21T13:30:45","guid":{"rendered":"http:\/\/www.worldofart.org\/aktualno\/?page_id=5997"},"modified":"2016-11-19T22:00:48","modified_gmt":"2016-11-19T20:00:48","slug":"modul-o-prakticnih-delih-kustosa","status":"publish","type":"page","link":"https:\/\/www.worldofart.org\/arhiv.worldofart.org\/aktualno\/petnajsto-leto-2014-2016\/modul-o-prakticnih-delih-kustosa","title":{"rendered":"Modul o prakti\u010dnih delih kustosa"},"content":{"rendered":"<p>SVET UMETNOSTI<br \/>\n\u0160ola za kustose in kritike sodobne umetnosti<br \/>\nLeto 15<br \/>\n2. letnik (oktober 2015\u2013junij 2016)<\/p>\n<hr \/>\n<p>Modul o prakti\u010dnih delih kuratorja bo v ve\u010d delih ponudil prakti\u010dna znanja, ki bodo udele\u017eence 15. leta <em>Sveta umetnosti<\/em> dodatno usposobila za uspe\u0161no koncipiranje in izvedbo kon\u010dne razstave. V obliki predavanj, pogovorov in delavnic se bodo seznanili z osnovnimi znanji, informacijami in ve\u0161\u010dinami projektnega mened\u017ementa in iskanja sredstev, vodenja strategije odnosov z javnostmi, pripravo materialov za katalog razstave, pisanje besedila o razstavi, idr.<\/p>\n<p>Program:<\/p>\n<ul>\n<li><a href=\"https:\/\/www.worldofart.org\/arhiv.worldofart.org\/aktualno\/petnajsto-leto-2014-2016\/modul-o-prakticnih-delih-kustosa\/producent-v-sodobni-likovni-umetnosti\">Du\u0161an Dov\u010d: Producent v sodobni likovni umetnosti<\/a> (29. 10. 2015)<\/li>\n<li><a href=\"https:\/\/www.worldofart.org\/arhiv.worldofart.org\/aktualno\/petnajsto-leto-2014-2016\/modul-o-prakticnih-delih-kustosa\/upravljanje-sponzorstev\">Vesna Stani\u0107: Upravljanje sponzorskih sredstev<\/a> (16. 12. 2015)<\/li>\n<li><a href=\"https:\/\/www.worldofart.org\/arhiv.worldofart.org\/aktualno\/petnajsto-leto-2014-2016\/modul-o-prakticnih-delih-kustosa\/odnosi-z-javnostmi-za-razstavo-sodobne-umetnosti\">\u0160pela Polak: Odnosi z javnostmi za razstavo sodobne umetnosti<\/a> (14. 1. in 7. 4. 2016)<\/li>\n<li><a href=\"https:\/\/www.worldofart.org\/arhiv.worldofart.org\/aktualno\/petnajsto-leto-2014-2016\/modul-o-prakticnih-delih-kustosa\/dusan-dovc-priprava-financnega-nacrta-za-razstavo-sodobne-umetnosti\">Du\u0161an Dov\u010d: Priprava finan\u010dnega na\u010drta za razstavo sodobne umetnosti<\/a> (18. 2. 2016)<\/li>\n<li><a href=\"https:\/\/www.worldofart.org\/arhiv.worldofart.org\/aktualno\/petnajsto-leto-2014-2016\/modul-o-prakticnih-delih-kustosa\/jana-intihar-ferjan-in-teja-merhar-dokumentacija\">Jana Intihar Ferjan in Teja Merhar: Dokumentacija<\/a> (10. 3. 2016)<\/li>\n<li><a href=\"https:\/\/www.worldofart.org\/arhiv.worldofart.org\/aktualno\/petnajsto-leto-2014-2016\/modul-o-prakticnih-delih-kustosa\/miha-kelemina-priprava-tehnicnega-nacrta-za-razstavo-sodobne-umetnosti\">Miha Kelemina: Priprava tehni\u010dnega na\u010drta za razstavo sodobne umetnosti<\/a> (24. 3. 2016)<\/li>\n<li><a href=\"https:\/\/www.worldofart.org\/arhiv.worldofart.org\/aktualno\/petnajsto-leto-2014-2016\/modul-o-prakticnih-delih-kustosa\/katja-kranjc-knjiznica-mgmsum\">Katja Kranjc: Knji\u017enica MG+MSUM<\/a> (15. 4. 2016)<\/li>\n<li><a href=\"https:\/\/www.worldofart.org\/arhiv.worldofart.org\/aktualno\/petnajsto-leto-2014-2016\/modul-o-prakticnih-delih-kustosa\/barbara-borcic-katalog-pogled-urednika\">Barbara Bor\u010di\u0107: Katalog. Pogled urednika<\/a> (14. 4. 2016)<\/li>\n<\/ul>\n<p><a href=\"https:\/\/www.worldofart.org\/arhiv.worldofart.org\/aktualno\/stirinajsti-letnik-20112013\/modul-o-prakticnih-delih-kustosa\">Modul o prakti\u010dnih delih kustosa v 14. letu<br \/>\n<\/a><\/p>\n","protected":false},"excerpt":{"rendered":"<p>SVET UMETNOSTI \u0160ola za kustose in kritike sodobne umetnosti Leto 15 2. letnik (oktober 2015\u2013junij 2016) Modul o prakti\u010dnih delih kuratorja bo v ve\u010d delih ponudil prakti\u010dna znanja, ki bodo udele\u017eence 15. leta Sveta umetnosti dodatno usposobila za uspe\u0161no koncipiranje in izvedbo kon\u010dne razstave. V obliki predavanj, pogovorov in delavnic se bodo seznanili z osnovnimi [&hellip;]<\/p>\n","protected":false},"author":1,"featured_media":0,"parent":5971,"menu_order":0,"comment_status":"closed","ping_status":"closed","template":"","meta":{"footnotes":""},"categories":[],"tags":[],"_links":{"self":[{"href":"https:\/\/www.worldofart.org\/arhiv.worldofart.org\/aktualno\/wp-json\/wp\/v2\/pages\/5997"}],"collection":[{"href":"https:\/\/www.worldofart.org\/arhiv.worldofart.org\/aktualno\/wp-json\/wp\/v2\/pages"}],"about":[{"href":"https:\/\/www.worldofart.org\/arhiv.worldofart.org\/aktualno\/wp-json\/wp\/v2\/types\/page"}],"author":[{"embeddable":true,"href":"https:\/\/www.worldofart.org\/arhiv.worldofart.org\/aktualno\/wp-json\/wp\/v2\/users\/1"}],"replies":[{"embeddable":true,"href":"https:\/\/www.worldofart.org\/arhiv.worldofart.org\/aktualno\/wp-json\/wp\/v2\/comments?post=5997"}],"version-history":[{"count":31,"href":"https:\/\/www.worldofart.org\/arhiv.worldofart.org\/aktualno\/wp-json\/wp\/v2\/pages\/5997\/revisions"}],"predecessor-version":[{"id":8666,"href":"https:\/\/www.worldofart.org\/arhiv.worldofart.org\/aktualno\/wp-json\/wp\/v2\/pages\/5997\/revisions\/8666"}],"up":[{"embeddable":true,"href":"https:\/\/www.worldofart.org\/arhiv.worldofart.org\/aktualno\/wp-json\/wp\/v2\/pages\/5971"}],"wp:attachment":[{"href":"https:\/\/www.worldofart.org\/arhiv.worldofart.org\/aktualno\/wp-json\/wp\/v2\/media?parent=5997"}],"wp:term":[{"taxonomy":"category","embeddable":true,"href":"https:\/\/www.worldofart.org\/arhiv.worldofart.org\/aktualno\/wp-json\/wp\/v2\/categories?post=5997"},{"taxonomy":"post_tag","embeddable":true,"href":"https:\/\/www.worldofart.org\/arhiv.worldofart.org\/aktualno\/wp-json\/wp\/v2\/tags?post=5997"}],"curies":[{"name":"wp","href":"https:\/\/api.w.org\/{rel}","templated":true}]}}