{"id":6,"date":"2006-12-11T19:45:48","date_gmt":"2006-12-11T18:45:48","guid":{"rendered":"http:\/\/www.worldofart.org\/aktualno\/?page_id=6"},"modified":"2018-06-18T22:01:36","modified_gmt":"2018-06-18T20:01:36","slug":"udelezenci-2006-07","status":"publish","type":"page","link":"https:\/\/www.worldofart.org\/arhiv.worldofart.org\/aktualno\/laboratorij-2006-07\/udelezenci-2006-07","title":{"rendered":"Udele\u017eenci 2006\/07"},"content":{"rendered":"<table width=\"100%\" border=\"0\" cellspacing=\"0\" cellpadding=\"0\">\n<tr>\n<td width=\"70%\" class=\"tekstlevo\" valign=\"top\">\n<img decoding=\"async\" align=\"left\" style=\"margin-right:10px; margin-bottom: 5px; margin-top: 3px; margin-left: 0px \" src=\"https:\/\/www.worldofart.org\/arhiv.worldofart.org\/aktualno\/wp-content\/2007\/laboratorij-udelezenci\/ivana_bago.jpg\" alt=\"Ivana Bago\" \/><strong>Ivana Bago (1979)<\/strong><br \/>\nRojena v Mostarju. Diplomirala je iz umetnostne zgodovine in iz angle\u0161kega jezika s knji\u017eevnostjo na Filozofski fakulteti v Zagrebu.. V letih 2004 in 2005 je obiskovala te\u010daj za kustose (Zavod SCCA &#8211; Ljubljana). Je ena od ustanoviteljic neodvisne organizacije Katapult 6 v Zagrebu. Sodeluje tudi z neodvisno organizacijo KONTEJNER &#8211; biro za sodobne umetni\u0161ke prakse (<a target=\"_blank\" href=\"http:\/\/www.kontejner.org\/\">www.kontejner.org<\/a>). Dela kot kustos asistent v Galeriji Miroslav Kraljevi\u0107 v Zagrebu (<a target=\"_blank\" href=\"http:\/\/www.miroslav-kraljevic.hr\/\">www.miroslav-kraljevic.hr<\/a>).<\/p>\n<hr \/>\n<p><img decoding=\"async\" align=\"left\" style=\"margin-right:10px; margin-bottom: 5px; margin-top: 3px; margin-left: 0px \" src=\"https:\/\/www.worldofart.org\/arhiv.worldofart.org\/aktualno\/wp-content\/2007\/laboratorij-udelezenci\/monika_ivancic.jpg\" alt=\"Monika Ivan\u010di\u010d Fajfar\" \/><strong>Monika Ivan\u010di\u010d Fajfar (1976)<\/strong><br \/>\nRojena v \u0160empetru pri Gorici. Diplomirala je iz umetnostne zgodovine in sociologije kulture na Filozofski fakulteti v Ljubljani. V letih 2004 in 2005 je obiskovala te\u010daj za kustose (Zavod SCCA &#8211; Ljubljana). Leta 2006 se je udele\u017eila mednarodne poletne \u0161ole za kustose v Armeniji (NAAC,  Erevan). Dela kot samozaposlena na podro\u010dju kulture in sodeluje z Zavodom P.A.R.A.S.I.T.E., JSKD Republike Slovenije, MGLC in prosvetnim dru\u0161tvom So\u010da Kanal. \u017divi in dela v Ljubljani. <\/p>\n<hr \/>\n<p><img decoding=\"async\" align=\"left\" style=\"margin-right:10px; margin-bottom: 5px; margin-top: 3px; margin-left: 0px \" src=\"https:\/\/www.worldofart.org\/arhiv.worldofart.org\/aktualno\/wp-content\/2007\/laboratorij-udelezenci\/petra_kaps.jpg\" alt=\"Perta Kap\u0161\" \/><strong>Petra Kap\u0161 (1975)<\/strong><br \/>\nRojena v Mariboru. Diplomirala je iz sloven\u0161\u010dine in teologije na Pedago\u0161ki fakulteti v Mariboru. Leta 2002 je vpisala magistrski \u0161tudij Kultura, filozofija in izobra\u017eevanje v Srednji Evropi na PEF v Mariboru .V letih med 2003 in 2005 je obiskovala te\u010daj za kustose in seminar iz pisanja (Zavod SCCA &#8211; Ljubljana). Leta 2004 je ena izmed ustanoviteljev Odprtega ateljeja in TU dru\u0161tva za promocijo in razvoj kulture v Mariboru. Ob\u010dasno objavlja strokovne prispevke v razli\u010dnem tisku. Kot samozaposlena na podro\u010dju kulture dela v Mariboru. <\/p>\n<hr \/>\n<p><img decoding=\"async\" align=\"left\" style=\"margin-right:10px; margin-bottom: 5px; margin-top: 3px; margin-left: 0px \" src=\"https:\/\/www.worldofart.org\/arhiv.worldofart.org\/aktualno\/wp-content\/2007\/laboratorij-udelezenci\/jaka_zeleznikar.jpg\" alt=\"Jaka \u017deleznikar\" \/><strong>Jaka \u017deleznikar (1971) <\/strong><br \/>\nRojen v Ljubljani. Zaklju\u010duje \u0161tudij splo\u0161nega jezikoslovja in ju\u017enoslovanskih jezikov na Filozofski fakulteti v Ljubljani. V letih 2000 in 2001 je obiskoval te\u010daj za kustose za sodobno umetnost, leta 2005 pa je uspe\u0161no zaklju\u010dil seminar iz pisanja o sodobni umetnosti (Zavod SCCA &#8211; Ljubljana).  Je avtor del s podro\u010dij\/preseka poezije, proze in spletne\/ra\u010dunalni\u0161ke umetnosti. Stalnica njegovega dela je vsebinsko-formalno raziskovanje izraza, ve\u010dinoma v medijih informacijsko komunikacijskih tehnologij, zlasti na podro\u010dju spletne besedilnosti  v  kombinaciji z likovnimi prvinami. Ob umetni\u0161kem delu ob\u010dasno deluje tudi kot selektor\/kustos in pi\u0161e o sodobni umetnosti. Trenutno dela kot urednik spletne Mladine. \u017divi in dela v Ljubljani. Ve\u010d na <a target=\"_blank\" href=\"http:\/\/www.jaka.org\/\">www.jaka.org<\/a>. <\/p>\n<hr \/>\n<p><img decoding=\"async\" align=\"left\" style=\"margin-right:10px; margin-bottom: 5px; margin-top: 3px; margin-left: 0px \" src=\"https:\/\/www.worldofart.org\/arhiv.worldofart.org\/aktualno\/wp-content\/2007\/laboratorij-udelezenci\/vasja_nagy.jpg\" alt=\"Vasja Nagy\" \/><strong>Vasja Nagy (1972) <\/strong><br \/>\nRojen v Postojni. Diplomiral iz umetnostne zgodovine na Filozofski fakulteti v Ljubljani.V letih 1996 in 1997 je obiskoval te\u010daj za kustose za sodobno umetnost, leta 2004 pa je uspe\u0161no zaklju\u010dil seminar iz pisanja o sodobni umetnosti. (Zavod SCCA &#8211; Ljubljana).  Med leti 2004 in 2006 je deloval kot programski vodja in kustos v Galeriji Zapor v Kopru. V letih 1998 in 1999 je bil tudi \u010dlan organizacijskega kolektiva za festival Mladifest (Klub \u0161tudentov Se\u017eana). Ob\u010dasno objavlja kraj\u0161e prispevke in strokovne tekste v razli\u010dnem tisku Trenutno je zaposlen kot kustos v Obalnih galerijah Piran. <\/p>\n<hr \/>\n<p><img decoding=\"async\" align=\"left\" style=\"margin-right:10px; margin-bottom: 5px; margin-top: 3px; margin-left: 0px \" src=\"https:\/\/www.worldofart.org\/arhiv.worldofart.org\/aktualno\/wp-content\/2007-08\/ekipa-board\/petja_grafenauer_krnc.jpg\" alt=\"Petja Grafenauer Krnc\" \/><strong>Petja Grafenauer Krnc (1976)<\/strong><br \/>\nRojena v Ljubljani. Diplomirala je iz umetnostne zgodovine na Filozofski fakulteti v Ljubljani Leta 2002 je vpisala enovit doktorski \u0161tudij Zgodovinske antropologije likovnega na ISH- Institutum Studiorum Humanitatis &#8211; Fakulteti za podiplomski humanisti\u010dni \u0161tudij v Ljubljani. V letih 2003 in 2004 je obiskovala seminar iz pisanja o sodobni umetnosti (Zavod SCCA &#8211; Ljubljana). Od leta 2003 do oktobra 2006 je bila \u0161tipendistka Ministrstva za kulturo. Redno objavlja kraj\u0161e prispevke in strokovne tekste v razli\u010dnem tisku.  Od leta 2006 predava zgodovino umetnosti na \u0161oli Famul Stuart. \u017divi in dela v Ljubljani. <\/p>\n<hr \/>\n<p><img decoding=\"async\" align=\"left\" style=\"margin-right:10px; margin-bottom: 5px; margin-top: 3px; margin-left: 0px \" src=\"https:\/\/www.worldofart.org\/arhiv.worldofart.org\/aktualno\/wp-content\/2007\/laboratorij-udelezenci\/mojca_puncer.jpg\" alt=\"Mojca Puncer \" \/><strong>Mojca Puncer (1972)<\/strong><br \/>\nRojena v Celju. Leta 1999 je diplomirala iz filozofije na Filozofski fakulteti v Ljubljani. Trenutno pi\u0161e doktorat na tezo Estetske strategije slovenskih vizualnih umetnosti v 90-ih. V letih 2003 in 2004 je obiskovala seminar iz pisanja o sodobni umetnosti (Zavod SCCA &#8211; Ljubljana).  V letih 2005 in 2006 v poletnem semestru dela s \u0161tudenti na Oddelku za likovno umetnost Pedago\u0161ke fakultete Maribor. Ob\u010dasno tudi predava na temo znanosti in umetnosti, predvsem o temah s podro\u010dja bioarta.  Rezultate svoje raziskovalne in strokovne dejavnosti objavlja v razli\u010dnih publikacijah. \u017divi in dela v Ljubljani. <\/p>\n<\/td>\n<td width=\"30%\" class=\"podlagaslike\" valign=\"top\">\n    <img decoding=\"async\" id=\"image12\" alt=\"Laboratorij\" src=\"https:\/\/www.worldofart.org\/arhiv.worldofart.org\/aktualno\/wp-content\/slike\/udelezenci\/lab01.jpg\" \/><br \/> <br \/>\n    <img decoding=\"async\" id=\"image13\" alt=\"Laboratorij\" src=\"https:\/\/www.worldofart.org\/arhiv.worldofart.org\/aktualno\/wp-content\/slike\/udelezenci\/lab02.jpg\" \/><br \/> <br \/>\n    <img decoding=\"async\" id=\"image14\" alt=\"Laboratorij\" src=\"https:\/\/www.worldofart.org\/arhiv.worldofart.org\/aktualno\/wp-content\/slike\/udelezenci\/lab03.jpg\" \/><br \/> <br \/>\n    <img decoding=\"async\" id=\"image15\" alt=\"Laboratorij\" src=\"https:\/\/www.worldofart.org\/arhiv.worldofart.org\/aktualno\/wp-content\/slike\/udelezenci\/lab04.jpg\" \/>\n    <\/td>\n<\/tr>\n<\/table>\n","protected":false},"excerpt":{"rendered":"<p>Ivana Bago (1979) Rojena v Mostarju. Diplomirala je iz umetnostne zgodovine in iz angle\u0161kega jezika s knji\u017eevnostjo na Filozofski fakulteti v Zagrebu.. V letih 2004 in 2005 je obiskovala te\u010daj za kustose (Zavod SCCA &#8211; Ljubljana). Je ena od ustanoviteljic neodvisne organizacije Katapult 6 v Zagrebu. Sodeluje tudi z neodvisno organizacijo KONTEJNER &#8211; biro za [&hellip;]<\/p>\n","protected":false},"author":1,"featured_media":0,"parent":121,"menu_order":3,"comment_status":"closed","ping_status":"closed","template":"","meta":{"footnotes":""},"categories":[],"tags":[],"_links":{"self":[{"href":"https:\/\/www.worldofart.org\/arhiv.worldofart.org\/aktualno\/wp-json\/wp\/v2\/pages\/6"}],"collection":[{"href":"https:\/\/www.worldofart.org\/arhiv.worldofart.org\/aktualno\/wp-json\/wp\/v2\/pages"}],"about":[{"href":"https:\/\/www.worldofart.org\/arhiv.worldofart.org\/aktualno\/wp-json\/wp\/v2\/types\/page"}],"author":[{"embeddable":true,"href":"https:\/\/www.worldofart.org\/arhiv.worldofart.org\/aktualno\/wp-json\/wp\/v2\/users\/1"}],"replies":[{"embeddable":true,"href":"https:\/\/www.worldofart.org\/arhiv.worldofart.org\/aktualno\/wp-json\/wp\/v2\/comments?post=6"}],"version-history":[{"count":1,"href":"https:\/\/www.worldofart.org\/arhiv.worldofart.org\/aktualno\/wp-json\/wp\/v2\/pages\/6\/revisions"}],"predecessor-version":[{"id":9474,"href":"https:\/\/www.worldofart.org\/arhiv.worldofart.org\/aktualno\/wp-json\/wp\/v2\/pages\/6\/revisions\/9474"}],"up":[{"embeddable":true,"href":"https:\/\/www.worldofart.org\/arhiv.worldofart.org\/aktualno\/wp-json\/wp\/v2\/pages\/121"}],"wp:attachment":[{"href":"https:\/\/www.worldofart.org\/arhiv.worldofart.org\/aktualno\/wp-json\/wp\/v2\/media?parent=6"}],"wp:term":[{"taxonomy":"category","embeddable":true,"href":"https:\/\/www.worldofart.org\/arhiv.worldofart.org\/aktualno\/wp-json\/wp\/v2\/categories?post=6"},{"taxonomy":"post_tag","embeddable":true,"href":"https:\/\/www.worldofart.org\/arhiv.worldofart.org\/aktualno\/wp-json\/wp\/v2\/tags?post=6"}],"curies":[{"name":"wp","href":"https:\/\/api.w.org\/{rel}","templated":true}]}}