{"id":6031,"date":"2014-02-21T16:30:48","date_gmt":"2014-02-21T14:30:48","guid":{"rendered":"http:\/\/www.worldofart.org\/aktualno\/?page_id=6031"},"modified":"2016-11-19T22:00:51","modified_gmt":"2016-11-19T20:00:51","slug":"podpora-20112013","status":"publish","type":"page","link":"https:\/\/www.worldofart.org\/arhiv.worldofart.org\/aktualno\/stirinajsti-letnik-20112013\/podpora-20112013","title":{"rendered":"Podpora 2011\/2013"},"content":{"rendered":"<p><strong>Program Svet umetnosti<\/strong><\/p>\n<ul>\n<li><a href=\"http:\/\/www.mizks.gov.si\/\" target=\"_blank\">Ministrstvo za izobra\u017eevanje, znanost, kulturo in \u0161port Republike Slovenije\n<p><img decoding=\"async\" src=\"http:\/\/www.scca-ljubljana.si\/logo\/mizks-logo-slo.gif\" alt=\"\" \/><\/a><\/li>\n<li><a href=\"http:\/\/www.ljubljana.si\/si\/mol\/mestna-uprava\/oddelki\/kultura\/\" target=\"_blank\">Mestna ob\u010dina Ljubljana, Oddelek za kulturo\n<p><img decoding=\"async\" src=\"http:\/\/www.scca-ljubljana.si\/logo\/mol-pokroviteljica.gif\" alt=\"\" \/><\/a><\/li>\n<li><a href=\"http:\/\/www.cmepius.si\/vzu\/leonardo.aspx\" target=\"_blank\">Program Vse\u017eivljenjsko u\u010denje (partnerstvo Leonardo da Vinci)\n<p><img decoding=\"async\" src=\"http:\/\/www.scca-ljubljana.si\/logo\/leonardo-slo.gif\" alt=\"\" \/><\/a><\/li>\n<li>\u0160vicarski prispevek (Projekt ATOM<sup>2<\/sup>)<br \/>\nPodprto z donacijo \u0160vice v okviru \u0160vicarskega prispevka raz\u0161irjeni Evropski uniji.<br \/>\n<a href=\"http:\/\/www.svicarski-prispevek.si\" target=\"_blank\"><img decoding=\"async\" src=\"https:\/\/www.worldofart.org\/arhiv.worldofart.org\/aktualno\/wp-content\/swiss-contribution.gif\" alt=\"Swiss Contribution\" \/><\/a><\/li>\n<\/ul>\n","protected":false},"excerpt":{"rendered":"<p>Program Svet umetnosti Ministrstvo za izobra\u017eevanje, znanost, kulturo in \u0161port Republike Slovenije Mestna ob\u010dina Ljubljana, Oddelek za kulturo Program Vse\u017eivljenjsko u\u010denje (partnerstvo Leonardo da Vinci) \u0160vicarski prispevek (Projekt ATOM2) Podprto z donacijo \u0160vice v okviru \u0160vicarskega prispevka raz\u0161irjeni Evropski uniji.<\/p>\n","protected":false},"author":1,"featured_media":0,"parent":866,"menu_order":0,"comment_status":"closed","ping_status":"closed","template":"","meta":{"footnotes":""},"categories":[],"tags":[],"_links":{"self":[{"href":"https:\/\/www.worldofart.org\/arhiv.worldofart.org\/aktualno\/wp-json\/wp\/v2\/pages\/6031"}],"collection":[{"href":"https:\/\/www.worldofart.org\/arhiv.worldofart.org\/aktualno\/wp-json\/wp\/v2\/pages"}],"about":[{"href":"https:\/\/www.worldofart.org\/arhiv.worldofart.org\/aktualno\/wp-json\/wp\/v2\/types\/page"}],"author":[{"embeddable":true,"href":"https:\/\/www.worldofart.org\/arhiv.worldofart.org\/aktualno\/wp-json\/wp\/v2\/users\/1"}],"replies":[{"embeddable":true,"href":"https:\/\/www.worldofart.org\/arhiv.worldofart.org\/aktualno\/wp-json\/wp\/v2\/comments?post=6031"}],"version-history":[{"count":1,"href":"https:\/\/www.worldofart.org\/arhiv.worldofart.org\/aktualno\/wp-json\/wp\/v2\/pages\/6031\/revisions"}],"predecessor-version":[{"id":6032,"href":"https:\/\/www.worldofart.org\/arhiv.worldofart.org\/aktualno\/wp-json\/wp\/v2\/pages\/6031\/revisions\/6032"}],"up":[{"embeddable":true,"href":"https:\/\/www.worldofart.org\/arhiv.worldofart.org\/aktualno\/wp-json\/wp\/v2\/pages\/866"}],"wp:attachment":[{"href":"https:\/\/www.worldofart.org\/arhiv.worldofart.org\/aktualno\/wp-json\/wp\/v2\/media?parent=6031"}],"wp:term":[{"taxonomy":"category","embeddable":true,"href":"https:\/\/www.worldofart.org\/arhiv.worldofart.org\/aktualno\/wp-json\/wp\/v2\/categories?post=6031"},{"taxonomy":"post_tag","embeddable":true,"href":"https:\/\/www.worldofart.org\/arhiv.worldofart.org\/aktualno\/wp-json\/wp\/v2\/tags?post=6031"}],"curies":[{"name":"wp","href":"https:\/\/api.w.org\/{rel}","templated":true}]}}