{"id":8010,"date":"2015-10-02T09:49:00","date_gmt":"2015-10-02T07:49:00","guid":{"rendered":"http:\/\/www.worldofart.org\/aktualno\/?page_id=8010"},"modified":"2016-11-19T22:00:48","modified_gmt":"2016-11-19T20:00:48","slug":"ekipa-20142015","status":"publish","type":"page","link":"https:\/\/www.worldofart.org\/arhiv.worldofart.org\/aktualno\/petnajsto-leto-2014-2016\/ekipa-20142015","title":{"rendered":"Ekipa 2014\/2015"},"content":{"rendered":"<p><strong>Interna ekipa (oktober 2014 do junij 2015)<\/strong><\/p>\n<p><a id=\"sasa\" name=\"sasa\"><\/a><br \/>\nVodja \u0161ole:<\/p>\n<p><img loading=\"lazy\" decoding=\"async\" style=\"margin-right: 10px; margin-bottom: 5px; margin-top: 3px; margin-left: 0px;\" src=\"https:\/\/www.worldofart.org\/arhiv.worldofart.org\/aktualno\/wp-content\/2007-08\/ekipa-board\/sasa_nabergoj.jpg\" alt=\"Sa\u0161a Nabergoj\" width=\"100\" height=\"100\" align=\"left\" \/><strong>Sa\u0161a (Glavan) Nabergoj (1971)<\/strong><br \/>\nKon\u010dala \u0161tudij umetnostne zgodovine na Univerzi v Ljubljani. Pomo\u010dnica direktorice SCCA\u2212Ljubljana, Zavoda za sodobno umetnost. \u010clanica mednarodnega zdru\u017eenja umetnostnih kritikov AICA (International Association of Art Critics, Pariz) in mednarodnega zdru\u017eenja kustosov sodobne umetnosti IKT (International Association of Curators of Contemporary Art, Amsterdam). Deluje kot kustosinja, piska, urednica in predavateljica na podro\u010dju sodobne umetnosti, s poudarkom na kuratorskih in kriti\u0161kih praksah.\u00a0Na SCCA\u2013Ljubljana od leta 1998 vodi Svet umetnosti, \u0161tudij za kustose in kritike sodobne umetnosti in od leta 2004 razstavni program Studio 6.<br \/>\nKurirala je \u0161tevilne razstave, mdr. <em>Borga Kant\u00fcrk: Raziskovanje spomina: Zgodovine.Vaje.Zgodbe.Ponovitve.<\/em> (Galerija \u0160kuc, Ljubljana, 8.\u201322. 5. 2015); s Simono \u017dvanut, <em>Dan na dan<\/em> (Galerija \u0160kuc, 12. 12. 2014\u20139. 1. 2015);\u00a0s Simono \u017dvanut,\u00a0<em>Na doma\u010dem pragu: PLEH reference v Ljubljani<\/em> (Mednarodni grafi\u010dni likovni center, Ljubljana,\u00a028. 8.\u201326. 9. 2014<em>), <\/em><em>Uni-forma<\/em> (Projektna soba SCCA, Ljubljana, 29. 5.\u20136. 6. 2014); s Simono \u017dvanut, <em>Port Izmir3<\/em>, Trienale sodobne umetnosti, poslopje biv\u0161ega avstrotur\u0161kega skladi\u0161\u010da tobaka in prizori\u0161\u010da po mestu, K2, Center za sodobno umetnost, Izmir, Tur\u010dija, 10. oktober 2013\u201321. junij 2014<em>, S \u010drto \u010dez \u010drko<\/em> (5. 9.\u201313. 10. 2013, Galerija V\u017eigalica, Ljubljana); z\u00a0Barbaro Bor\u010di\u0107, Du\u0161anom Dov\u010dem, Ido Hir\u0161enfelder, \u00a0<em>Studio 6 predstavlja: Liminale<\/em> (Projektna soba SCCA, v okviru 7. trienala sodobne umetnosti v Sloveniji, 20. 6.\u201322. 7. 2013); s Simono \u017dvanut, <em>To so \u010da\u010dke<\/em> (Mestna galerija Nova Gorica, 15. 3.\u20135. 4. 2013), <em>\u010ca\u010dke<\/em> (Galerija Simulaker, Novo mesto, 26. 10.\u201321. 11. 2012), <em>Studio 6 predstavlja: CAC Bukovje (SLO) in Studio Golo Brdo (CRO) <\/em>(Galerija V\u017eigalica, november 2011), <em>Tomislav Brajnovi\u0107: Ekspedicija_ego<\/em> (Galerija Alkatraz, Ljubljana, november 2010); obe s Sonjo Zavrtanik, <em>V 4.380 dneh okoli sveta umetnosti. Svet umetnosti 1997\u20132009 (<\/em>Galerija Alkatraz, november 2009), <em>Ola Pehrson. Retrospektiva. Ljubljana. Beograd. Stockholm<\/em> (Galerija \u0160kuc, 19. 12. 2007\u201320. 1. 2008; Salon muzeja sodobne umetnosti Beograd, Srbija, februar in marec 2008 in F\u00e4rgfabriken, \u0160vedska, oktober 2009); z Joo Ljungberg. Pripravila je \u0161tevilna predavanja, med drugim <em>Legende in zgodbe paralelne realnosti<\/em> na simpoziju <em>Arhiv kot strategija: Pogovori o samozgodovinjenju na primeru East Art Map <\/em>v organizaciji Calvert 22 in University College of London\u00a0(maj 2012), <em>Kuratorska intervencija<\/em> na konferenci <em>Uporabno razstavljanje<\/em>, ECM, magistrski \u0161tudij kuratorstva v okviru Univerze uporabnih umetnosti na Dunaju (maj 2012) in <em>Hvalnica lenobi<\/em> na <em>TEDx<\/em> v Mariboru (januar 2011).<br \/>\nUredila je ve\u010d strokovnih publikacij, mdr. <em>Open Systems, Quaterly for Contemporary Art and Theory<\/em> (avgust 2013), antologijo <em>V precepu kuratorskih praks<\/em> (2012); z Barbaro Bor\u010di\u0107.<br \/>\nOd novembra 2011 do septembra 2013 je skupaj z ekipo Galerije Alkatraz in Simono \u017dvanut delala raziskavo vizualne produkcije AKC Metelkova mesto, pripravili so razstavno-raziskovalna projekta: <em>Kon\u010dna postaja<\/em> (v okviru te je kurirala dokumentarno razstavo <em>Metelkova o\u017eivljena!<\/em><em>, <\/em>Galerija Alkatraz,<em> <\/em>10.\u201322. 9. 2013)<em>; skupaj z<\/em> Ano Grobler, Sebastianom Krawczykom, Jadranko Plut, Simono \u017dvanut) in <em>Vmesna postaja<\/em> (v okviru te je kurirala <em>M&#8217;Art<\/em>, Galerija Alkatraz,\u00a0 6.\u201325. 9. 2012); z Jadranko Plut.<br \/>\nV okviru Vaj iz moderne umetnosti prof. dr. Rebeki Vidrih za 2. stopnjo 2012\/2013 in 2013\/2014, Univerza v Ljubljani, Filozofska fakulteta, Oddelek za umetnostno zgodovino je pripravila in izvedla program Kuratorske in kriti\u0161ke \u0161tudije. V \u0161olskih letih 2014\/2015 in 2015\/2016 je gostujo\u010da predavateljica na Visoki \u0161oli za umetnost (Univerza v Novi Gorici), kjer z dr. Petjo Grafenauer predava predmet z naslovom D.I.Y. in D.I.W.O umetnostni sistemi, Popravki dominantnega, a pomanjkljivega sistema in narativa vizualne umetnosti v Sloveniji, 1960\u20132000.<\/p>\n<p><em>Foto: Voranc Vogel, arhiv Dela<\/em><\/p>\n<hr \/>\n<p><a id=\"simona\" name=\"simona\"><\/a><br \/>\nKoordinatorica programa:<\/p>\n<p><img loading=\"lazy\" decoding=\"async\" style=\"margin-right: 10px; margin-bottom: 5px; margin-top: 3px; margin-left: 0px;\" src=\"https:\/\/www.worldofart.org\/arhiv.worldofart.org\/aktualno\/wp-content\/2011-13\/simona-zvanut.jpg\" alt=\"Simona \u017dvanut\" width=\"100\" height=\"100\" align=\"left\" \/><strong>Simona \u017dvanut (1985)<\/strong><br \/>\n<strong><\/strong>Diplomirala na dvopredmetnem \u0161tudiju primerjalne knji\u017eevnosti in literarne teorije in umetnostne zgodovine na Univerzi v Ljubljani (2011). Na Zavodu za sodobno umetnost SCCA\u2013Ljubljana je koordinatorica Sveta umetnosti in razstavno-raziskovalnega programa Studio 6. Sodeluje pri pripravi njunega programa, projektov in razstav. Avtorica besedil s podro\u010dja sodobne umetnosti.<br \/>\nKurirala:\u00a0<em>Borga Kant\u00fcrk: Raziskovanje spomina: Zgodovine.Vaje.Zgodbe.Ponovitve.<\/em> (Galerija \u0160kuc, Ljubljana, 8.\u201322. 5. 2015); s Sa\u0161o Nabergoj, <em>Dan na dan<\/em>\u00a0(Galerija \u0160kuc, 12. 12. 2014\u20139. 1. 2015);\u00a0s Sa\u0161o Nabergoj,\u00a0<em>Vseeno<\/em> (Sokolski dom, \u0160kofja Loka, 24. 10.\u201312. 11. 2014),\u00a0<em>Stik\/h <\/em>(F\u00fcrstova hi\u0161a, Ptuj, 27.\u201330. 8. 2014), <em>Uni-forma<\/em> (Projektna soba SCCA, Ljubljana, 29. 5.\u20136. 6. 2014); s Sa\u0161o Nabergoj, <em>Studio 6 predstavlja: Liminale<\/em> (Projektna soba SCCA, v okviru 7. trienala sodobne umetnosti v Sloveniji, 20. 6.\u201322. 7. 2013); s Sa\u0161o Nabergoj. Od novembra 2011 do septembra 2013 je skupaj z ekipo Galerije Alkatraz in Sa\u0161o Nabergoj delala raziskavo vizualne produkcije AKC Metelkova mesto, pripravili so razstavno-raziskovalna projekta: <em>Kon\u010dna postaja<\/em> (v okviru te je kurirala dokumentarno razstavo <em>Metelkova o\u017eivljena!<\/em><em>, <\/em>Galerija Alkatraz<em>,<\/em> Ljubljana,\u00a010.\u201322. 9. 2013)<em>;<\/em> skupaj z Ano Grobler, Sebastianom Krawczykom, Jadranko Plut, Sa\u0161o Nabergoj in <em>Vmesna postaja<\/em> (razli\u010dne lokacije v AKC Metelkova mesto, 6.\u201325. 9. 2012).<\/p>\n<hr \/>\n<p>Svetovalka \u0161ole:<\/p>\n<p><img loading=\"lazy\" decoding=\"async\" style=\"margin-right: 10px; margin-bottom: 5px; margin-top: 3px; margin-left: 0px;\" src=\"https:\/\/www.worldofart.org\/arhiv.worldofart.org\/aktualno\/wp-content\/2008-09\/simpozij-kuratorskih-praks\/barbara-borcic.jpg\" alt=\"Barbara Bor\u010di\u0107\" width=\"100\" height=\"100\" align=\"left\" \/><strong>Barbara Bor\u010di\u0107 (1954)<\/strong><br \/>\nUmetnostna zgodovinarka in anglistka; \u0161tudirala medijske \u0161tudije in antropologijo na ISH \u2013 Institutum Studiorum Humanitatis &#8211; Fakulteta za podiplomski humanisti\u010dni \u0161tudij v Ljubljani. Direktorica Zavoda za sodobno umetnost SCCA\u2212Ljubljana. Na podro\u010dju sodobne umetnosti deluje kot kustosinja, publicistka, urednica in avtorica knjig s statusom samostojne ustvarjalke na podro\u010dju kulture. Prejemnica priznanja Izidorja Cankarja (2005). \u010clanica mednarodnega zdru\u017eenja umetnostnih kritikov AICA (International Association of Art Critics, Pariz) in mednarodnega zdru\u017eenja kustosov sodobne umetnosti IKT (International Association of Curators of Contemporary Art, Amsterdam). Vodja projektov v okviru Zavoda SCCA\u2212Ljubljana: <em>Videodokument: Video umetnost v slovenskem prostoru 1969\u20131998<\/em>, <em>Videospotting<\/em>, <em>Internet Portfolio<\/em>, <em>PlatformaSCCA<\/em>, <em>Manifesta na doma\u010dem pragu<\/em>, <em>Kaj storiti z Balkansko umetnostjo<\/em>, <em>Kaj storiti z avdiovizualnimi arhivi<\/em> in sourednica knji\u017ene zbirke \u017depna in publikacij <em>PlatformaSCCA<\/em>. Vodi program <em>Brez \u017eebljev in podstavkov<\/em> in video arhiv <em>Postaja DIVA<\/em>.\u00a0 \u00a0Umetni\u0161ki vodja ljubljanske Galerije \u0160kuc (1982\u20131985), sodelavka zalo\u017ebe Studia humanitatis (1986\u20131993), odgovorna urednica revije <em>Likovne besede<\/em> (1991\u20131992); od leta 1993 zaposlena na Zavodu za odprto dru\u017ebo \u2013 Slovenija (Open Society Institute \u2013 Slovenia) kot asistentka direktorice Sorosovega centra za sodobne umetnosti \u2212 Ljubljana (SCCA\u2212Ljubljana) in kot njegova direktorica (1997\u20131999).<\/p>\n<hr \/>\n<p>Svetovalec za finance in odnose z javnostjo:<\/p>\n<p><img loading=\"lazy\" decoding=\"async\" style=\"margin-right: 10px; margin-bottom: 5px; margin-top: 3px; margin-left: 0px;\" src=\"https:\/\/www.worldofart.org\/arhiv.worldofart.org\/aktualno\/wp-content\/2007-08\/ekipa-board\/dusan_dovc.jpg\" alt=\"Du\u0161an Dov\u010d\" width=\"100\" height=\"100\" align=\"left\" \/><strong>Du\u0161an Dov\u010d (1973)<\/strong><br \/>\n\u0160tudiral je primerjalno knji\u017eevnost in slovenski jezik na Filozofski fakulteti v Ljubljani. Prve delovne izku\u0161nje v kulturi je pridobival na zavodu in reviji za kulturo <em>Emzin<\/em> kot urednik in vodja projektov (1997\u22122002), nato na dru\u017ebi za komunikacijsko upravljanje Pristop kot asistent odnosov z javnostmi (junij\u2212december 2003). Od leta 2004 je zaposlen na Zavodu SCCA\u2212Ljubljana kot vodja produkcije, odnosov z javnostmi in pridobivanje sredstev. Je tudi \u010dlan projektne skupine fizi\u010dnega in spletnega video arhiva <em>Postaja DIVA<\/em> in koordinira program <em>Brez \u017eebljev in podstavkov<\/em>. Aktiven je tudi v razli\u010dnih skupinah za razvoj kulturne politike (\u010dlan ekspertne skupine za mobilnost pri Evropski komisiji, maj\u2013december 2011, \u010dlan upravnega odbora pri dru\u0161tvu Asociacija, dru\u0161tvo nevladnih organizacij in samostojnih ustvarjalcev na podro\u010dju kulture in umetnosti, Ljubljana od leta 2009).<\/p>\n<hr \/>\n<hr \/>\n<p><strong>Ekipa 1. letnika<\/strong><\/p>\n<p><a id=\"mohar\" name=\"mohar\"><\/a><strong><\/strong><br \/>\n<img loading=\"lazy\" decoding=\"async\" style=\"margin-right: 10px; margin-bottom: 5px; margin-top: 3px; margin-left: 0px;\" src=\"https:\/\/www.worldofart.org\/arhiv.worldofart.org\/aktualno\/wp-content\/2011-13\/miran-mohar.jpg\" alt=\"Miran Mohar\" width=\"100\" height=\"100\" align=\"left\" \/><strong>Miran Mohar<\/strong><br \/>\nSlikar, oblikovalec in scenograf. \u017divi in dela v Ljubljani. Je \u010dlan skupine Irwin in so-ustanovitelj gibanja Neue Slowenische Kunst, oblikovalskega studia Novi kolektivizem in Gledali\u0161\u010da Sester Scipion Nasice. Je tudi predavatelj na Akademiji za vizualne umetnosti Ljubljana in njen prodekan ter so-ustanovitelj gibanja Maja Farol za odprto arhitekturo.<\/p>\n<div style=\"height: 10px;\"><\/div>\n<p><img loading=\"lazy\" decoding=\"async\" class=\"alignleft size-full wp-image-6461\" title=\"Tev\u017e Logar, Photo by Damjan Kozole\" src=\"https:\/\/www.worldofart.org\/arhiv.worldofart.org\/aktualno\/wp-content\/uploads\/2014\/02\/Tevz-Logar_Photo_by-Damjan-Kozole_.jpg\" alt=\"\" width=\"100\" height=\"100\" \/><strong>Tev\u017e Logar (1979)<\/strong><br \/>\ncurrently works as a freelance curator. Between 2009 and 2014, he was the artistic director of \u0160kuc Gallery in Ljubljana, Slovenia. He has curated various group and solo exhibitions in Slovenia and abroad. Recent projects include the exhibition and publication \u017deljko Jerman (2008), Ulay: Become, (2009), Vadim Fishkin (2013), Alban Muja (2014); solo exhibitions Societe Realiste: One-way World (2010), Tanja Ostoji\u0107: Body, Politics, Agency\u2026 (2012), Bas Jan Ader: The World Was Young When Gravity Fell (2012; international group exhibitions Broken Down Walls of the Crimson Salon (2010), Displaced Divisions (2010), Disobedience, in the eyes of anyone who has read history, is man&#8217;s original virtue (2010), NSK Folk Art (2011), Beyond Occupied Images (2012); Fragments of Unspoken Thoughts (co-curated) (2012); Only to Melt, Trustingly, Without Reproach(co-curated) (2013), Crossings (2014) and co-curated the group exhibition Accretions in the Museum of Contemporary Art in Lodz, Poland (2011). In 2013, Logar curated Jasmina Cibic\u2019s project, For Our Economy and Culture, for the Slovenian Pavilion at the 55th Venice Biennial. In 2009, Logar was already working as assistant commissioner of the Slovenian Pavilion at the 53rd Venice Biennial. Since 2009, he has been lecturing on the history of 20th century art at the Academy of Visual Arts in Ljubljana (AVA). Recently, he also worked as a screenwriter on a full-length feature documentary, Project Cancer, Ulay&#8217;s journal from November to November. In 2014, he co-founded Ulay Foundation and became one of the trustees of the artist\u2019s oeuvre. He occasionally publishes texts and lectures on contemporary visual art and works as an editor. Logar currently lives and works in Ljubljana.<\/p>\n<p><img loading=\"lazy\" decoding=\"async\" style=\"margin-right: 10px; margin-bottom: 5px; margin-top: 3px; margin-left: 0px;\" src=\"https:\/\/www.worldofart.org\/arhiv.worldofart.org\/aktualno\/wp-content\/2011-13\/andrej-pezelj.jpg\" alt=\"Andrej Pezelj\" width=\"100\" height=\"100\" align=\"left\" \/><strong>Andrej Pezelj (1978)<\/strong><br \/>\nRojen na Reki na Hrva\u0161kem. Po kon\u010dani gimnazijo Eugena Kumi\u010di\u010da v Opatiji se je vpisal na Naravoslovno-tehni\u010dno fakulteto v Ljubljani. Po dveh letih \u0161olanja je leta 1998 za\u010del \u0161tudirati na ljubljanski Akademiji za likovno umetnost, kjer je leta 2003 tudi diplomiral. V \u010dasu \u0161tudija je v sklopu programa Erasmus obiskoval National college of Art and Design v Dublinu. Leta 2004 se je preselil v Pariz, kjer je diplomiral na Fakulteti Paris VIII. Leta 2009 se je vrnil v Ljubljano, kjer je vpisal doktorski \u0161tudij na Filozofski fakulteti, smer sociologija kulture, pri mentorju Rastku Mo\u010dniku. Predava teorijo in kritiko umetnosti na Visoki \u0161oli za umetnost na Univerzi v Novi Gorici. Pi\u0161e za kulturno redakcijo Radia \u0160tudent.<\/p>\n<p><a id=\"rebeka\" name=\"rebeka\"><\/a><br \/>\n<img loading=\"lazy\" decoding=\"async\" style=\"margin-right: 10px; margin-bottom: 5px; margin-top: 3px; margin-left: 0px;\" src=\"https:\/\/www.worldofart.org\/arhiv.worldofart.org\/aktualno\/wp-content\/2011-13\/rebeka-vidrih.jpg\" alt=\"Rebeka Vidrih\" width=\"100\" height=\"100\" align=\"left\" \/><strong>Rebeka Vidrih (1976)<\/strong><br \/>\nDocentka za podro\u010dje umetnostne zgodovine na Oddelku za umetnostno zgodovine Filozofske fakultete v Ljubljani. V \u0161olskem letu 1997\/98 vpisala dodiplomski samostojni \u0161tudij umetnostne zgodovine na Filozofski fakulteti Univerze v Ljubljani. Diplomirala septembra 2004 z nalogo Umetnostni diskurz: od Vasarijevih \u017eivljenj umetnikov do Gombrichove zgodbe o umetnosti (prejela Pre\u0161ernovo nagrado Filozofske fakultete). V \u0161olskem letu 2004\/05 vpisala na podiplomski \u0161tudij umetnosti novega veka in septembra 2008 doktorirala z disertacijo z naslovom Teorija umetnosti in umetnostne zgodovine v drugi polovici 20. stoletja: klasi\u010dna tradicija in novo umetnostno zgodovinopisje (mentorja izr. prof. dr. Tine Germ in red. prof. dr. Lev Kreft). Predava Umetnost novega veka v Zahodni Evropi I (16.-18. stoletje) in II (19.-20. stoletje) ter Sodobne teorije in metode umetnostne zgodovine.<br \/>\nRaziskovalno podro\u010dje: zgodovina pojma umetnosti in umetnostnega zgodovinopisja, s posebnim poudarkom na vlogi, ki sta jo umetnost in teorija umetnosti igrala v dru\u017ebeno-politi\u010dni dejanskosti od renesanse (ko se je pojem umetnosti za\u010del vzpostavljati) do danes (ko je dele\u017een mnogih premislekov in pretresov).<\/p>\n","protected":false},"excerpt":{"rendered":"<p>Interna ekipa (oktober 2014 do junij 2015) Vodja \u0161ole: Sa\u0161a (Glavan) Nabergoj (1971) Kon\u010dala \u0161tudij umetnostne zgodovine na Univerzi v Ljubljani. Pomo\u010dnica direktorice SCCA\u2212Ljubljana, Zavoda za sodobno umetnost. \u010clanica mednarodnega zdru\u017eenja umetnostnih kritikov AICA (International Association of Art Critics, Pariz) in mednarodnega zdru\u017eenja kustosov sodobne umetnosti IKT (International Association of Curators of Contemporary Art, Amsterdam). [&hellip;]<\/p>\n","protected":false},"author":1,"featured_media":0,"parent":5971,"menu_order":0,"comment_status":"closed","ping_status":"closed","template":"","meta":{"footnotes":""},"categories":[],"tags":[],"_links":{"self":[{"href":"https:\/\/www.worldofart.org\/arhiv.worldofart.org\/aktualno\/wp-json\/wp\/v2\/pages\/8010"}],"collection":[{"href":"https:\/\/www.worldofart.org\/arhiv.worldofart.org\/aktualno\/wp-json\/wp\/v2\/pages"}],"about":[{"href":"https:\/\/www.worldofart.org\/arhiv.worldofart.org\/aktualno\/wp-json\/wp\/v2\/types\/page"}],"author":[{"embeddable":true,"href":"https:\/\/www.worldofart.org\/arhiv.worldofart.org\/aktualno\/wp-json\/wp\/v2\/users\/1"}],"replies":[{"embeddable":true,"href":"https:\/\/www.worldofart.org\/arhiv.worldofart.org\/aktualno\/wp-json\/wp\/v2\/comments?post=8010"}],"version-history":[{"count":6,"href":"https:\/\/www.worldofart.org\/arhiv.worldofart.org\/aktualno\/wp-json\/wp\/v2\/pages\/8010\/revisions"}],"predecessor-version":[{"id":9501,"href":"https:\/\/www.worldofart.org\/arhiv.worldofart.org\/aktualno\/wp-json\/wp\/v2\/pages\/8010\/revisions\/9501"}],"up":[{"embeddable":true,"href":"https:\/\/www.worldofart.org\/arhiv.worldofart.org\/aktualno\/wp-json\/wp\/v2\/pages\/5971"}],"wp:attachment":[{"href":"https:\/\/www.worldofart.org\/arhiv.worldofart.org\/aktualno\/wp-json\/wp\/v2\/media?parent=8010"}],"wp:term":[{"taxonomy":"category","embeddable":true,"href":"https:\/\/www.worldofart.org\/arhiv.worldofart.org\/aktualno\/wp-json\/wp\/v2\/categories?post=8010"},{"taxonomy":"post_tag","embeddable":true,"href":"https:\/\/www.worldofart.org\/arhiv.worldofart.org\/aktualno\/wp-json\/wp\/v2\/tags?post=8010"}],"curies":[{"name":"wp","href":"https:\/\/api.w.org\/{rel}","templated":true}]}}