{"id":8013,"date":"2015-10-02T09:59:40","date_gmt":"2015-10-02T07:59:40","guid":{"rendered":"http:\/\/www.worldofart.org\/aktualno\/?page_id=8013"},"modified":"2016-11-19T22:00:48","modified_gmt":"2016-11-19T20:00:48","slug":"ekipa-20152016","status":"publish","type":"page","link":"https:\/\/www.worldofart.org\/arhiv.worldofart.org\/aktualno\/petnajsto-leto-2014-2016\/ekipa-20152016","title":{"rendered":"Ekipa 2015\/2016"},"content":{"rendered":"<p><strong>Interna ekipa (avgust 2015 do junij 2016)<\/strong><\/p>\n<p><a id=\"simona\" name=\"simona\"><\/a><br \/>\nVodja \u0161ole:<\/p>\n<p><img loading=\"lazy\" decoding=\"async\" style=\"margin: 3px 10px 5px 0px;\" src=\"https:\/\/www.worldofart.org\/arhiv.worldofart.org\/aktualno\/wp-content\/2011-13\/simona-zvanut.jpg\" alt=\"Simona \u017dvanut\" width=\"100\" height=\"100\" align=\"left\" \/><strong>Simona \u017dvanut (1985)<\/strong><br \/>\nUmetnostna zgodovinarka, avtorica besedil s podro\u010dja sodobne umetnosti, kuratorka. \u0160tudentka doktorskega \u0161tudija na Oddelku za filozofijo Filozofske fakultete Univerze v Ljubljani od 2015\/16. Diplomirala na dvopredmetnem \u0161tudiju primerjalne knji\u017eevnosti in literarne teorije in umetnostne zgodovine na Filozofski fakulteti Univerze v Ljubljani (2011).<br \/>\nKurirala: mdr. <em><em>Besede kot barve, barve kot besede<\/em><\/em>, likovni sprehod po galeriji (Vodnikova doma\u010dija, Ljubljana, 21. 1.\u201314. 2. 2016),<em> Besede kot barve, barve kot besede<\/em> (Stara steklarska delavnica, Ptuj, 26.\u201329. 8. 2015), <em>Borga Kant\u00fcrk: Raziskovanje spomina: Zgodovine.Vaje.Zgodbe.Ponovitve.<\/em> (Galerija \u0160kuc, Ljubljana, 8.\u201322. 5. 2015); s Sa\u0161o Nabergoj, <em>Dan na dan<\/em>\u00a0(Galerija \u0160kuc, 12. 12. 2014\u20139. 1. 2015);\u00a0s Sa\u0161o Nabergoj,\u00a0<em>Vseeno<\/em> (Sokolski dom, \u0160kofja Loka, 24. 10.\u201312. 11. 2014),\u00a0<em>Stik\/h <\/em>(F\u00fcrstova hi\u0161a, Ptuj, 27.\u201330. 8. 2014), <em>Uni-forma<\/em> (Projektna soba SCCA, Ljubljana, 29. 5.\u20136. 6. 2014); s Sa\u0161o Nabergoj, <em>Studio 6 predstavlja: Liminale<\/em> (Projektna soba SCCA, v okviru 7. trienala sodobne umetnosti v Sloveniji, 20. 6.\u201322. 7. 2013); s Sa\u0161o Nabergoj. Od novembra 2011 do septembra 2013 je z ekipo Galerije Alkatraz in Sa\u0161o Nabergoj delala raziskavo vizualne produkcije AKC Metelkova mesto, pripravili so razstavno-raziskovalna projekta: <em>Kon\u010dna postaja<\/em> (v okviru te je kurirala dokumentarno razstavo <em>Metelkova o\u017eivljena!, <\/em>Galerija Alkatraz<em>,<\/em> Ljubljana,\u00a010.\u201322. 9. 2013)<em>;<\/em> z Ano Grobler, Sebastianom Krawczykom, Jadranko Plut, Sa\u0161o Nabergoj in <em>Vmesna postaja<\/em> (razli\u010dne lokacije v AKC Metelkova mesto, 6.\u201325. 9. 2012).<br \/>\nMed leti 2011 in 2015 je bila na SCCA\u2013Ljubljana koordinatorka \u0161ole in razstavno-raziskovalnega programa Studio 6, vodenje obeh programov je prevzela z avgustom 2015.<\/p>\n<hr \/>\n<p><a id=\"miha\" name=\"miha\"><\/a><br \/>\nKoordinator programa:<\/p>\n<p><img loading=\"lazy\" decoding=\"async\" class=\"alignleft size-full wp-image-8016\" style=\"margin: 3px 10px 5px 0px;\" title=\"Miha Kelemina\" src=\"https:\/\/www.worldofart.org\/arhiv.worldofart.org\/aktualno\/wp-content\/uploads\/2015\/10\/miha-kelemina.jpg\" alt=\"\" width=\"100\" height=\"100\" \/> <strong>Miha Kelemina (1985)<\/strong><br \/>\nDiplomiral na enopredmetnem \u0161tudiju umetnostne zgodovine na <em>Filozofski fakulteti <\/em>Univerze v Ljubljani (2010). Leta 2011 se je vpisal v <em>Svet umetnosti<\/em>, \u0161olo za kuratorje in kritike sodobne umetnosti, ki deluje v okviru Zavoda za sodobno umetnost, SCCA \u2013 Ljubljana. Po kon\u010danem izobra\u017eevanju je na SCCA-Ljubljana delal v arhivu in knji\u017enici, pozneje je bil sodelavec <em>Postaje Diva<\/em>, portala za video umetnost, trenutno pa je koordinator <em>Sveta umetnosti<\/em> ter razstavno-raziskovalnega programa Studio 6. Kon\u010dal je tudi dodatno izobra\u017eevanje v projektnem mened\u017ementu na te\u010daju <em>Vodja projekta<\/em>. Je ustanovni \u010dlan kolektiva <em>OFFTIR, dru\u0161tva za vizualno in zvo\u010dno umetnost<\/em>, s katerim se je predstavil na <em>U3, 7. Trienalu sodobne slovenske umetnosti<\/em>. V letu 2015 je bil sodelavec projekta <em>VideoWall<\/em>, od leta 2013 pa sodelavec Redakcije za kulturo in humanisti\u010dne vede Radia \u0160tudent, kjer je urednik oddaje <em>Art-Area<\/em>.<\/p>\n<hr \/>\n<p>Svetovalec za finance in odnose z javnostjo:<\/p>\n<p><img loading=\"lazy\" decoding=\"async\" style=\"margin: 3px 10px 5px 0px;\" src=\"https:\/\/www.worldofart.org\/arhiv.worldofart.org\/aktualno\/wp-content\/2007-08\/ekipa-board\/dusan_dovc.jpg\" alt=\"Du\u0161an Dov\u010d\" width=\"100\" height=\"100\" align=\"left\" \/><strong>Du\u0161an Dov\u010d (1973)<\/strong><br \/>\n\u0160tudiral je primerjalno knji\u017eevnost in slovenski jezik na Filozofski fakulteti v Ljubljani. Prve delovne izku\u0161nje v kulturi je pridobival na zavodu in reviji za kulturo <em>Emzin<\/em> kot urednik in vodja projektov (1997\u22122002), nato na dru\u017ebi za komunikacijsko upravljanje Pristop kot asistent odnosov z javnostmi (junij\u2212december 2003). Od leta 2004 je zaposlen na Zavodu SCCA\u2212Ljubljana kot vodja produkcije, odnosov z javnostmi in pridobivanje sredstev. Je tudi \u010dlan projektne skupine fizi\u010dnega in spletnega video arhiva <em>Postaja DIVA<\/em> in koordinira program <em>Brez \u017eebljev in podstavkov<\/em>. Aktiven je tudi v razli\u010dnih skupinah za razvoj kulturne politike (\u010dlan ekspertne skupine za mobilnost pri Evropski komisiji, maj\u2013december 2011, \u010dlan upravnega odbora pri dru\u0161tvu Asociacija, dru\u0161tvo nevladnih organizacij in samostojnih ustvarjalcev na podro\u010dju kulture in umetnosti, Ljubljana od leta 2009).<\/p>\n<hr \/>\n<p><a id=\"barbara\" name=\"barbara\"><\/a><br \/>\nSvetovalka \u0161ole:<\/p>\n<p><img loading=\"lazy\" decoding=\"async\" style=\"margin: 3px 10px 5px 0px;\" src=\"https:\/\/www.worldofart.org\/arhiv.worldofart.org\/aktualno\/wp-content\/2008-09\/simpozij-kuratorskih-praks\/barbara-borcic.jpg\" alt=\"Barbara Bor\u010di\u0107\" width=\"100\" height=\"100\" align=\"left\" \/><strong>Barbara Bor\u010di\u0107 (1954)<\/strong><br \/>\nUmetnostna zgodovinarka in anglistka; \u0161tudirala medijske \u0161tudije in antropologijo na ISH \u2013 Institutum Studiorum Humanitatis \u2013 Fakulteta za podiplomski humanisti\u010dni \u0161tudij v Ljubljani. Direktorica Zavoda za sodobno umetnost SCCA\u2212Ljubljana. Na podro\u010dju sodobne umetnosti deluje kot kustosinja, publicistka, urednica in avtorica knjig s statusom samostojne ustvarjalke na podro\u010dju kulture. Prejemnica priznanja Izidorja Cankarja (2005). \u010clanica mednarodnega zdru\u017eenja umetnostnih kritikov AICA (International Association of Art Critics, Pariz) in mednarodnega zdru\u017eenja kustosov sodobne umetnosti IKT (International Association of Curators of Contemporary Art, Amsterdam). Vodja projektov v okviru Zavoda SCCA\u2212Ljubljana: <em>Videodokument: Video umetnost v slovenskem prostoru 1969\u20131998<\/em>, <em>Videospotting<\/em>, <em>Internet Portfolio<\/em>, <em>PlatformaSCCA<\/em>, <em>Manifesta na doma\u010dem pragu<\/em>, <em>Kaj storiti z Balkansko umetnostjo<\/em>, <em>Kaj storiti z avdiovizualnimi arhivi<\/em> in sourednica knji\u017ene zbirke \u017depna in publikacij <em>PlatformaSCCA<\/em>. Vodi program <em>Brez \u017eebljev in podstavkov<\/em> in video arhiv <em>Postaja DIVA<\/em>.\u00a0 \u00a0Umetni\u0161ki vodja ljubljanske Galerije \u0160kuc (1982\u20131985), sodelavka zalo\u017ebe Studia humanitatis (1986\u20131993), odgovorna urednica revije <em>Likovne besede<\/em> (1991\u20131992); od leta 1993 zaposlena na Zavodu za odprto dru\u017ebo \u2013 Slovenija (Open Society Institute \u2013 Slovenia) kot asistentka direktorice Sorosovega centra za sodobne umetnosti \u2212 Ljubljana (SCCA\u2212Ljubljana) in kot njegova direktorica (1997\u20131999).<\/p>\n<hr \/>\n<hr \/>\n<p>Svetovalka \u0161ole:<\/p>\n<p><img loading=\"lazy\" decoding=\"async\" style=\"margin: 3px 10px 5px 0px;\" src=\"https:\/\/www.worldofart.org\/arhiv.worldofart.org\/aktualno\/wp-content\/2007-08\/ekipa-board\/sasa_nabergoj.jpg\" alt=\"Sa\u0161a Nabergoj\" width=\"100\" height=\"100\" align=\"left\" \/><strong>Sa\u0161a (Glavan) Nabergoj (1971)<\/strong><br \/>\nKon\u010dala \u0161tudij umetnostne zgodovine na Univerzi v Ljubljani. Direktorica Lo\u0161kega Muzeja \u0160kofja Loka ter dolgoletna sodelavka SCCA\u2013Ljubljana, kjer je med leti 1998 in 2015 vodila <em>Svet umetnosti<\/em>, \u0161olo za kustose in kritike sodobne umetnosti in od leta 2004 razstavno-raziskovalni program Studio 6. Je \u010dlanica mednarodnega zdru\u017eenja umetnostnih kritikov AICA in mednarodnega zdru\u017eenja kustosov sodobne umetnosti IKT. Deluje kot kuratorka, piska, urednica in predavateljica na podro\u010dju sodobne umetnosti, s poudarkom na kuratorskih in kriti\u0161kih praksah. Je avtorica \u0161tevilnih umetnostnih besedil, kurirala je \u0161tevilne razstave, pripravila \u0161tevilna predavanja in uredila ve\u010d strokovnih publikacij. V okviru Vaj iz moderne umetnosti prof. dr. Rebeki Vidrih za 2. stopnjo 2012\/2013 in 2013\/2014, Univerza v Ljubljani, Filozofska fakulteta, Oddelek za umetnostno zgodovino je pripravila in izvedla program Kuratorske in kriti\u0161ke \u0161tudije. V \u0161olskih letih 2014\/2015 in 2015\/2016 je gostujo\u010da predavateljica na Visoki \u0161oli za umetnost (Univerza v Novi Gorici), kjer z dr. Petjo Grafenauer predava predmet z naslovom D.I.Y. in D.I.W.O umetnostni sistemi, Popravki dominantnega, a pomanjkljivega sistema in narativa vizualne umetnosti v Sloveniji, 1960\u20132000. (<em>Foto: Voranc Vogel, arhiv Dela)<\/em><\/p>\n<hr \/>\n<hr \/>\n<p><strong>Ekipa drugega letnika<\/strong><\/p>\n<p><a id=\"mohar\" name=\"mohar\"><\/a><br \/>\n<img loading=\"lazy\" decoding=\"async\" style=\"margin: 3px 10px 5px 0px;\" src=\"https:\/\/www.worldofart.org\/arhiv.worldofart.org\/aktualno\/wp-content\/2011-13\/miran-mohar.jpg\" alt=\"Miran Mohar\" width=\"100\" height=\"100\" align=\"left\" \/><strong>Miran Mohar (1958)<\/strong><br \/>\nSlikar, oblikovalec in scenograf. \u017divi in dela v Ljubljani. Je \u010dlan skupine Irwin in so-ustanovitelj gibanja Neue Slowenische Kunst, oblikovalskega studia Novi kolektivizem in Gledali\u0161\u010da Sester Scipion Nasice. Je tudi predavatelj na Akademiji za vizualne umetnosti Ljubljana in njen prodekan ter so-ustanovitelj gibanja Maja Farol za odprto arhitekturo.<\/p>\n<p>&nbsp;<\/p>\n<p><img loading=\"lazy\" decoding=\"async\" class=\"alignleft size-full wp-image-8081\" style=\"margin: 3px 10px 5px 0px;\" title=\"Alenka Gregori\u010d, foto: Mavric Pivk\/Delo\" src=\"https:\/\/www.worldofart.org\/arhiv.worldofart.org\/aktualno\/wp-content\/uploads\/2015\/10\/alenka-gregoric.jpg\" alt=\"\" width=\"100\" height=\"100\" \/><strong>Alenka Gregori\u010d (1976)<\/strong><br \/>\nUmetnostna zgodovinarka, kuratorka in piska. Med leti 2003 in 2009 je bila umetni\u0161ka vodja Galerije \u0160kuc, od leta 2010 pa je umetni\u0161ka vodja Mestne galerije Ljubljana in Toba\u010dne 001 \u2013 Muzej in galerije mesta Ljubljane. V letu 2009 je kurirala slovenski paviljon na bene\u0161kem bienalu in sokurirala 28. Grafi\u010dni bienale v Ljubljani, leta 2011 je z Galit Eilat sokurirala <em>52. Oktobrski salon<\/em> v Beogradu, v 2014 pa je bila ena od kuratork projekta <em>Curated by_Vienna<\/em>. Kurirala je ve\u010d kot petdeset samostojnih in skupinskih razstav v Sloveniji in v tujini, kjer so med drugimi razstavljali tudi Vuk \u0106osi\u0107, Jan Fabre, Omer Fast, Harun Farocki, Vadim Fi\u0161kin, Irwin, Jannis Kounellis, Rabih Morue, Ivan Moudov, Marjetica Potr\u010d, Mladen Stilinovi\u0107, Ra\u0161a Todosojevi\u0107, Bill Viola, Katarina Zdjelar in \u0161tevilni drugi. Napisala tudi \u0161tevilne eseje, kritike in \u010dlanke za razli\u010dne knjige umetnikov, kataloge in druge publikacije.\u00a0 Osrednja to\u010dka njenega zanimanja je predvsem odgovornost institucij in posameznikov, ki ustvarjajo sodobno umetnost, kakor tudi njihova vloga v sodobni dru\u017ebi.<\/p>\n<p><img loading=\"lazy\" decoding=\"async\" class=\"alignleft size-full wp-image-8210\" title=\"Vesna Stani\u0107\" src=\"https:\/\/www.worldofart.org\/arhiv.worldofart.org\/aktualno\/wp-content\/uploads\/2015\/11\/vesna-stanic.jpg\" alt=\"\" width=\"100\" height=\"100\" \/><strong>Vesna Stani\u0107<\/strong><br \/>\nDiplomirana politologinja, samostojna svetovalka na podro\u010dju aktivacije sponzorstev in tr\u017eenjskih znamk, ukvarja se z upravljanjem sponzorstev na strani sponzorjev in sponzorirancev na podro\u010djih \u0161porta, okoljevarstva, sociale, kulture, umetnosti in izobra\u017eevanja, kjer skrbi za tr\u017eenjsko na\u010drtovanje produktov, upravljanje in aktivacijo sponzorskih pravic, pripravo konceptov in izvedbo aktivacijskih programov tr\u017eenjskih znamk. Pi\u0161e za razli\u010dne medije, mdr. za <em>Marketing magazin<\/em>, <em>Sporto<\/em> idr., je tudi \u010dlanica <a href=\"http:\/\/blog.utalkmarketing.com\/\" target=\"_blank\"><em>UTalk Global Blogger Network<\/em><\/a>, kjer objavlja svoje spletne razmisleke o marketingu in sponzorstvih. V agenciji Pristop je kot svetovalka za komuniciranje skrbela za integrirane komunikacijske projekte razli\u010dnih naro\u010dnikov iz sveta gospodarstva, nekaj malega tudi iz javne uprave (raz\u0161irjena biografija na spletni strani: <a href=\"http:\/\/www.active-sponsorship.com\/o-meni\/\">www.active-sponsorship.com\/o-meni<\/a>; <a href=\"http:\/\/www.active-sponsorship.com\/\">vir fotografije<\/a>)<\/p>\n<p><img loading=\"lazy\" decoding=\"async\" class=\"alignleft size-full wp-image-8216\" title=\"\u0160pela Polak\" src=\"https:\/\/www.worldofart.org\/arhiv.worldofart.org\/aktualno\/wp-content\/uploads\/2015\/11\/spela-polak.jpg\" alt=\"\" width=\"100\" height=\"100\" \/><strong>\u0160pela Polak<\/strong> ima 17 let izku\u0161enj v marketingu, ogla\u0161evanju in odnosih z javnostmi \u2013 zadnjih sedem let je samostojna svetovalka. Ima izku\u0161nje z upravljanjem projektov na mednarodni (Italija, Avstrija, Hrva\u0161ka, Bosna in Hercegovina, Ciper), nacionalni in lokalni ravni. Med njenimi naro\u010dniki so vladne in nevladne organizacije ter gospodarstvo. Njeni projekti so bili nagrajeni z ve\u010d nacionalnimi nagradami v komuniciranju in marketingu. Njeni primeri dobre prakse so objavljeni v ve\u010dih knjigah. Na\u010drtovala in izvedla je ve\u010d kot 60 komunikacijskih delavnic z ve\u010d kot 1.600 udele\u017eenci.<\/p>\n<p><strong>Jana Intihar Ferjan<\/strong><br \/>\n1981 diplomirala na Filozofski fakulteti v Ljubljani.<br \/>\nPrvo zaposlitev v splo\u0161ni knji\u017enici zaklju\u010dila s strokovnim izpitom iz bibliotekarske stroke. Od 1983 v Moderni galeriji na mestu kustosinje na oddelku Dokumentacija \u2013 arhiv, bibliografija. Delovno mesto je opredeljeno kot zbiranje, obdelovanje, hranjenje in posredovanje podatkov o dogajanju na podro\u010dju moderne in sodobne likovne umetnosti na Slovenskem.<\/p>\n<hr \/>\n<hr \/>\n<p><strong>Ekipa prvega letnika<\/strong><\/p>\n<p><img loading=\"lazy\" decoding=\"async\" class=\"alignleft size-full wp-image-6461\" style=\"margin: 3px 10px 5px 0px;\" title=\"Tev\u017e Logar, Photo by Damjan Kozole\" src=\"https:\/\/www.worldofart.org\/arhiv.worldofart.org\/aktualno\/wp-content\/uploads\/2014\/02\/Tevz-Logar_Photo_by-Damjan-Kozole_.jpg\" alt=\"\" width=\"100\" height=\"100\" \/><strong>Tev\u017e Logar (1979)<\/strong><br \/>\ncurrently works as a freelance curator. Between 2009 and 2014, he was the artistic director of \u0160kuc Gallery in Ljubljana, Slovenia. He has curated various group and solo exhibitions in Slovenia and abroad. Recent projects include the exhibition and publication \u017deljko Jerman (2008), Ulay: Become, (2009), Vadim Fishkin (2013), Alban Muja (2014); solo exhibitions Societe Realiste: One-way World (2010), Tanja Ostoji\u0107: Body, Politics, Agency\u2026 (2012), Bas Jan Ader: The World Was Young When Gravity Fell (2012; international group exhibitions Broken Down Walls of the Crimson Salon (2010), Displaced Divisions (2010), Disobedience, in the eyes of anyone who has read history, is man&#8217;s original virtue (2010), NSK Folk Art (2011), Beyond Occupied Images (2012); Fragments of Unspoken Thoughts (co-curated) (2012); Only to Melt, Trustingly, Without Reproach(co-curated) (2013), Crossings (2014) and co-curated the group exhibition Accretions in the Museum of Contemporary Art in Lodz, Poland (2011). In 2013, Logar curated Jasmina Cibic\u2019s project, For Our Economy and Culture, for the Slovenian Pavilion at the 55th Venice Biennial. In 2009, Logar was already working as assistant commissioner of the Slovenian Pavilion at the 53rd Venice Biennial. Since 2009, he has been lecturing on the history of 20th century art at the Academy of Visual Arts in Ljubljana (AVA). Recently, he also worked as a screenwriter on a full-length feature documentary, Project Cancer, Ulay&#8217;s journal from November to November. In 2014, he co-founded Ulay Foundation and became one of the trustees of the artist\u2019s oeuvre. He occasionally publishes texts and lectures on contemporary visual art and works as an editor. Logar currently lives and works in Ljubljana.<\/p>\n<p><img loading=\"lazy\" decoding=\"async\" style=\"margin: 3px 10px 5px 0px;\" src=\"https:\/\/www.worldofart.org\/arhiv.worldofart.org\/aktualno\/wp-content\/2011-13\/andrej-pezelj.jpg\" alt=\"Andrej Pezelj\" width=\"100\" height=\"100\" align=\"left\" \/><strong>Andrej Pezelj (1978)<\/strong><br \/>\nRojen na Reki na Hrva\u0161kem. Po kon\u010dani gimnazijo Eugena Kumi\u010di\u010da v Opatiji se je vpisal na Naravoslovno-tehni\u010dno fakulteto v Ljubljani. Po dveh letih \u0161olanja je leta 1998 za\u010del \u0161tudirati na ljubljanski Akademiji za likovno umetnost, kjer je leta 2003 tudi diplomiral. V \u010dasu \u0161tudija je v sklopu programa Erasmus obiskoval National college of Art and Design v Dublinu. Leta 2004 se je preselil v Pariz, kjer je diplomiral na Fakulteti Paris VIII. Leta 2009 se je vrnil v Ljubljano, kjer je vpisal doktorski \u0161tudij na Filozofski fakulteti, smer sociologija kulture, pri mentorju Rastku Mo\u010dniku. Predava teorijo in kritiko umetnosti na Visoki \u0161oli za umetnost na Univerzi v Novi Gorici. Pi\u0161e za kulturno redakcijo Radia \u0160tudent.<\/p>\n<p><a id=\"rebeka\" name=\"rebeka\"><\/a><br \/>\n<img loading=\"lazy\" decoding=\"async\" style=\"margin: 3px 10px 5px 0px;\" src=\"https:\/\/www.worldofart.org\/arhiv.worldofart.org\/aktualno\/wp-content\/2011-13\/rebeka-vidrih.jpg\" alt=\"Rebeka Vidrih\" width=\"100\" height=\"100\" align=\"left\" \/><strong>Rebeka Vidrih (1976)<\/strong><br \/>\nDocentka za podro\u010dje umetnostne zgodovine na Oddelku za umetnostno zgodovine Filozofske fakultete v Ljubljani. V \u0161olskem letu 1997\/98 vpisala dodiplomski samostojni \u0161tudij umetnostne zgodovine na Filozofski fakulteti Univerze v Ljubljani. Diplomirala septembra 2004 z nalogo Umetnostni diskurz: od Vasarijevih \u017eivljenj umetnikov do Gombrichove zgodbe o umetnosti (prejela Pre\u0161ernovo nagrado Filozofske fakultete). V \u0161olskem letu 2004\/05 vpisala na podiplomski \u0161tudij umetnosti novega veka in septembra 2008 doktorirala z disertacijo z naslovom Teorija umetnosti in umetnostne zgodovine v drugi polovici 20. stoletja: klasi\u010dna tradicija in novo umetnostno zgodovinopisje (mentorja izr. prof. dr. Tine Germ in red. prof. dr. Lev Kreft). Predava Umetnost novega veka v Zahodni Evropi I (16.-18. stoletje) in II (19.-20. stoletje) ter Sodobne teorije in metode umetnostne zgodovine.<br \/>\nRaziskovalno podro\u010dje: zgodovina pojma umetnosti in umetnostnega zgodovinopisja, s posebnim poudarkom na vlogi, ki sta jo umetnost in teorija umetnosti igrala v dru\u017ebeno-politi\u010dni dejanskosti od renesanse (ko se je pojem umetnosti za\u010del vzpostavljati) do danes (ko je dele\u017een mnogih premislekov in pretresov).<br \/>\n<a href=\"https:\/\/www.worldofart.org\/arhiv.worldofart.org\/aktualno\/petnajsto-leto-2014-2016\/ekipa-20142015\">Ekipa 2014\/2015<\/a><\/p>\n","protected":false},"excerpt":{"rendered":"<p>Interna ekipa (avgust 2015 do junij 2016) Vodja \u0161ole: Simona \u017dvanut (1985) Umetnostna zgodovinarka, avtorica besedil s podro\u010dja sodobne umetnosti, kuratorka. \u0160tudentka doktorskega \u0161tudija na Oddelku za filozofijo Filozofske fakultete Univerze v Ljubljani od 2015\/16. Diplomirala na dvopredmetnem \u0161tudiju primerjalne knji\u017eevnosti in literarne teorije in umetnostne zgodovine na Filozofski fakulteti Univerze v Ljubljani (2011). Kurirala: [&hellip;]<\/p>\n","protected":false},"author":1,"featured_media":0,"parent":5971,"menu_order":0,"comment_status":"closed","ping_status":"closed","template":"","meta":{"footnotes":""},"categories":[],"tags":[],"_links":{"self":[{"href":"https:\/\/www.worldofart.org\/arhiv.worldofart.org\/aktualno\/wp-json\/wp\/v2\/pages\/8013"}],"collection":[{"href":"https:\/\/www.worldofart.org\/arhiv.worldofart.org\/aktualno\/wp-json\/wp\/v2\/pages"}],"about":[{"href":"https:\/\/www.worldofart.org\/arhiv.worldofart.org\/aktualno\/wp-json\/wp\/v2\/types\/page"}],"author":[{"embeddable":true,"href":"https:\/\/www.worldofart.org\/arhiv.worldofart.org\/aktualno\/wp-json\/wp\/v2\/users\/1"}],"replies":[{"embeddable":true,"href":"https:\/\/www.worldofart.org\/arhiv.worldofart.org\/aktualno\/wp-json\/wp\/v2\/comments?post=8013"}],"version-history":[{"count":13,"href":"https:\/\/www.worldofart.org\/arhiv.worldofart.org\/aktualno\/wp-json\/wp\/v2\/pages\/8013\/revisions"}],"predecessor-version":[{"id":9038,"href":"https:\/\/www.worldofart.org\/arhiv.worldofart.org\/aktualno\/wp-json\/wp\/v2\/pages\/8013\/revisions\/9038"}],"up":[{"embeddable":true,"href":"https:\/\/www.worldofart.org\/arhiv.worldofart.org\/aktualno\/wp-json\/wp\/v2\/pages\/5971"}],"wp:attachment":[{"href":"https:\/\/www.worldofart.org\/arhiv.worldofart.org\/aktualno\/wp-json\/wp\/v2\/media?parent=8013"}],"wp:term":[{"taxonomy":"category","embeddable":true,"href":"https:\/\/www.worldofart.org\/arhiv.worldofart.org\/aktualno\/wp-json\/wp\/v2\/categories?post=8013"},{"taxonomy":"post_tag","embeddable":true,"href":"https:\/\/www.worldofart.org\/arhiv.worldofart.org\/aktualno\/wp-json\/wp\/v2\/tags?post=8013"}],"curies":[{"name":"wp","href":"https:\/\/api.w.org\/{rel}","templated":true}]}}