{"id":8137,"date":"2015-10-14T13:16:01","date_gmt":"2015-10-14T11:16:01","guid":{"rendered":"http:\/\/www.worldofart.org\/aktualno\/?page_id=8137"},"modified":"2016-11-19T22:00:48","modified_gmt":"2016-11-19T20:00:48","slug":"barbara-borcic-katalog-pogled-urednika","status":"publish","type":"page","link":"https:\/\/www.worldofart.org\/arhiv.worldofart.org\/aktualno\/petnajsto-leto-2014-2016\/modul-o-prakticnih-delih-kustosa\/barbara-borcic-katalog-pogled-urednika","title":{"rendered":"Barbara Bor\u010di\u0107: Katalog. Pogled urednika"},"content":{"rendered":"<p>SVET UMETNOSTI<br \/>\n\u0160ola za kustose in kritike sodobne umetnosti<br \/>\nLeto 15<br \/>\n2. letnik (oktober 2015\u2013junij 2016)<\/p>\n<p><a href=\"https:\/\/www.worldofart.org\/arhiv.worldofart.org\/aktualno\/petnajsto-leto-2014-2016\/modul-o-prakticnih-delih-kustosa\"><em>Modul o prakti\u010dnih delih kustosa<\/em><\/a><\/p>\n<p><strong>\u010cetrtek, 14. april 2016, ob 17.45<\/strong><br \/>\nProjektna soba SCCA, Metelkova 6, Ljubljana<\/p>\n<hr \/>\n<p>Katalog je ena od najpogostej\u0161ih oblik publikacije, ki spremlja razstavo, lahko pa predstavlja tudi raziskavo, arhivsko delo, festival ali kuratorski in umetni\u0161ki projekt. Na za\u010detku se bomo na konkretnih primerih seznanili z razli\u010dnimi tipi katalogov, ki spremljajo skupinsko, tematsko, pregledno in samostojni razstavo ali dokumentarni in raziskovalni projekt. Pogledali bomo, kak\u0161no vlogo in funkcijo ima lahko katalog in kak\u0161no je njegovo razmerje z razstavo in umetni\u0161kimi deli. Potem se bomo posvetili zasnovi razstavnega kataloga: obsegu, strukturi, obliki in vsebini, v nadaljevanju pa tipom teksta za katalog in prakti\u010dnim nasvetom za pisanje. Seznanili se bomo tudi z navodili, kako naj bo urejeno besedilo za objavo, na\u010dini citiranja in pisanja bibliografije.<\/p>\n<hr \/>\n<p>Foto: Arhiv SCCA-Ljubljana<\/p>\n<p><a href=\"https:\/\/www.worldofart.org\/arhiv.worldofart.org\/aktualno\/wp-content\/uploads\/2015\/10\/pogled-urednika-1.jpg\" rel=\"lightbox[8137]\"><img loading=\"lazy\" decoding=\"async\" src=\"https:\/\/www.worldofart.org\/arhiv.worldofart.org\/aktualno\/wp-content\/uploads\/2015\/10\/pogled-urednika-1-150x150.jpg\" alt=\"Barbara Bor\u010di\u0107: Katalog. Pogled urednika\" width=\"150\" height=\"150\" class=\"alignnone size-thumbnail wp-image-8602\" \/><\/a> <a href=\"https:\/\/www.worldofart.org\/arhiv.worldofart.org\/aktualno\/wp-content\/uploads\/2015\/10\/pogled-urednika-2.jpg\" rel=\"lightbox[8137]\"><img loading=\"lazy\" decoding=\"async\" src=\"https:\/\/www.worldofart.org\/arhiv.worldofart.org\/aktualno\/wp-content\/uploads\/2015\/10\/pogled-urednika-2-150x150.jpg\" alt=\"Barbara Bor\u010di\u0107: Katalog. Pogled urednika\" width=\"150\" height=\"150\" class=\"alignnone size-thumbnail wp-image-8603\" \/><\/a> <a href=\"https:\/\/www.worldofart.org\/arhiv.worldofart.org\/aktualno\/wp-content\/uploads\/2015\/10\/pogled-urednika-3.jpg\" rel=\"lightbox[8137]\"><img loading=\"lazy\" decoding=\"async\" src=\"https:\/\/www.worldofart.org\/arhiv.worldofart.org\/aktualno\/wp-content\/uploads\/2015\/10\/pogled-urednika-3-150x150.jpg\" alt=\"Barbara Bor\u010di\u0107: Katalog. Pogled urednika\" width=\"150\" height=\"150\" class=\"alignnone size-thumbnail wp-image-8604\" \/><\/a> <a href=\"https:\/\/www.worldofart.org\/arhiv.worldofart.org\/aktualno\/wp-content\/uploads\/2015\/10\/pogled-urednika-4.jpg\" rel=\"lightbox[8137]\"><img loading=\"lazy\" decoding=\"async\" src=\"https:\/\/www.worldofart.org\/arhiv.worldofart.org\/aktualno\/wp-content\/uploads\/2015\/10\/pogled-urednika-4-150x150.jpg\" alt=\"Barbara Bor\u010di\u0107: Katalog. Pogled urednika\" width=\"150\" height=\"150\" class=\"alignnone size-thumbnail wp-image-8605\" \/><\/a><\/p>\n","protected":false},"excerpt":{"rendered":"<p>SVET UMETNOSTI \u0160ola za kustose in kritike sodobne umetnosti Leto 15 2. letnik (oktober 2015\u2013junij 2016) Modul o prakti\u010dnih delih kustosa \u010cetrtek, 14. april 2016, ob 17.45 Projektna soba SCCA, Metelkova 6, Ljubljana Katalog je ena od najpogostej\u0161ih oblik publikacije, ki spremlja razstavo, lahko pa predstavlja tudi raziskavo, arhivsko delo, festival ali kuratorski in umetni\u0161ki [&hellip;]<\/p>\n","protected":false},"author":1,"featured_media":0,"parent":5997,"menu_order":0,"comment_status":"closed","ping_status":"closed","template":"","meta":{"footnotes":""},"categories":[],"tags":[],"_links":{"self":[{"href":"https:\/\/www.worldofart.org\/arhiv.worldofart.org\/aktualno\/wp-json\/wp\/v2\/pages\/8137"}],"collection":[{"href":"https:\/\/www.worldofart.org\/arhiv.worldofart.org\/aktualno\/wp-json\/wp\/v2\/pages"}],"about":[{"href":"https:\/\/www.worldofart.org\/arhiv.worldofart.org\/aktualno\/wp-json\/wp\/v2\/types\/page"}],"author":[{"embeddable":true,"href":"https:\/\/www.worldofart.org\/arhiv.worldofart.org\/aktualno\/wp-json\/wp\/v2\/users\/1"}],"replies":[{"embeddable":true,"href":"https:\/\/www.worldofart.org\/arhiv.worldofart.org\/aktualno\/wp-json\/wp\/v2\/comments?post=8137"}],"version-history":[{"count":6,"href":"https:\/\/www.worldofart.org\/arhiv.worldofart.org\/aktualno\/wp-json\/wp\/v2\/pages\/8137\/revisions"}],"predecessor-version":[{"id":8606,"href":"https:\/\/www.worldofart.org\/arhiv.worldofart.org\/aktualno\/wp-json\/wp\/v2\/pages\/8137\/revisions\/8606"}],"up":[{"embeddable":true,"href":"https:\/\/www.worldofart.org\/arhiv.worldofart.org\/aktualno\/wp-json\/wp\/v2\/pages\/5997"}],"wp:attachment":[{"href":"https:\/\/www.worldofart.org\/arhiv.worldofart.org\/aktualno\/wp-json\/wp\/v2\/media?parent=8137"}],"wp:term":[{"taxonomy":"category","embeddable":true,"href":"https:\/\/www.worldofart.org\/arhiv.worldofart.org\/aktualno\/wp-json\/wp\/v2\/categories?post=8137"},{"taxonomy":"post_tag","embeddable":true,"href":"https:\/\/www.worldofart.org\/arhiv.worldofart.org\/aktualno\/wp-json\/wp\/v2\/tags?post=8137"}],"curies":[{"name":"wp","href":"https:\/\/api.w.org\/{rel}","templated":true}]}}