{"id":866,"date":"2011-09-04T23:17:48","date_gmt":"2011-09-04T21:17:48","guid":{"rendered":"http:\/\/www.worldofart.org\/aktualno\/?page_id=866"},"modified":"2018-06-18T18:40:14","modified_gmt":"2018-06-18T16:40:14","slug":"stirinajsti-letnik-20112013","status":"publish","type":"page","link":"https:\/\/www.worldofart.org\/arhiv.worldofart.org\/aktualno\/stirinajsti-letnik-20112013","title":{"rendered":"\u0160tirinajsto leto 2011\/2013"},"content":{"rendered":"<p>SVET UMETNOSTI<br \/>\n\u0160ola za kustose in kritike sodobne umetnosti<br \/>\nLeto 14<\/p>\n<hr \/>\n<h3 class=\"sola vijolicna\">1. letnik<\/h3>\n<p>&nbsp;<\/p>\n<ul>\n<li><a href=\"https:\/\/www.worldofart.org\/arhiv.worldofart.org\/aktualno\/stirinajsti-letnik-20112013\/serija-predavanj\"><strong>Serija predavanj<\/strong><\/a><\/li>\n<li><a href=\"https:\/\/www.worldofart.org\/arhiv.worldofart.org\/aktualno\/stirinajsti-letnik-20112013\/seminar\"><strong>Seminar<\/strong><\/a><\/li>\n<li><a href=\"https:\/\/www.worldofart.org\/arhiv.worldofart.org\/aktualno\/stirinajsti-letnik-20112013\/delavnice\"><strong>Delavnice<\/strong><\/a>\n<ul>\n<li>Delavnica podrobnega branja:\n<ul>\n<li><a href=\"https:\/\/www.worldofart.org\/arhiv.worldofart.org\/aktualno\/stirinajsti-letnik-20112013\/delavnice\/petja-grafenauer-kaj-se-skriva-v-besedilu\">Petja Grafenauer: Kaj se skriva v besedilu?<\/a><\/li>\n<\/ul>\n<\/li>\n<li>Delavnice iz pisanja o sodobni umetnosti:\n<ul>\n<li><a href=\"https:\/\/www.worldofart.org\/arhiv.worldofart.org\/aktualno\/stirinajsti-letnik-20112013\/delavnice\/misko-suvakovic-teorija-in-praksa-umetnostne-kritike\">Mi\u0161ko \u0160uvakovi\u0107: Teorija in praksa umetnostne kritike<\/a><\/li>\n<li><a href=\"https:\/\/www.worldofart.org\/arhiv.worldofart.org\/aktualno\/stirinajsti-letnik-20112013\/delavnice\/branislav-dimitrijevic\">Branislav Dimitrijevi\u0107: Interpretiranje in situiranje sodobne umetnosti: Opazovanje, participacija, motivacija, raziskovanje in empatija<\/a><\/li>\n<\/ul>\n<\/li>\n<\/ul>\n<\/li>\n<li><a href=\"https:\/\/www.worldofart.org\/arhiv.worldofart.org\/aktualno\/stirinajsti-letnik-20112013\/obiski-ateljejev\"><strong>Obiski ateljejev<\/strong><\/a><\/li>\n<li><a href=\"https:\/\/www.worldofart.org\/arhiv.worldofart.org\/aktualno\/stirinajsti-letnik-20112013\/obiski-razstav\"><strong>Obiski razstav<\/strong><\/a><\/li>\n<li><a href=\"https:\/\/www.worldofart.org\/arhiv.worldofart.org\/aktualno\/stirinajsti-letnik-20112013\/studijske-ekskurzije\"><strong>\u0160tudijske ekskurzije<\/strong><\/a><\/li>\n<\/ul>\n<div style=\"height: 20px;\"><\/div>\n<h3 class=\"sola vijolicna\">2. letnik<\/h3>\n<p>Drugi semester (september 2012\u2013marec 2013) bo namenjen kuratorskim in kriti\u0161kim \u0161tudijam ter njihovemu preizku\u0161anju v praksi. Udele\u017eenci bodo pod mentorskim vodstvom zasnovali in izvedli razstavo sodobne umetnosti.<br \/>\nObenem pa bodo znanje iz prvega semestra lahko nadgradili s serijo fokusiranih delavnic, predavanj in modulov o prakti\u010dnem delu kustosa, ki jih bodo vodili uveljavljeni tuji in doma\u010di kustosi, teoretiki, pisci in strokovnjaki.<br \/>\nRedna sre\u010danja z mentorji bodo potekala vsak \u010detrtek od 16.00 dalje, delavnice bodo ob vikendih.<\/p>\n<hr \/>\n<p><a href=\"https:\/\/www.worldofart.org\/arhiv.worldofart.org\/aktualno\/stirinajsti-letnik-20112013\/urnik-20112013\"><strong>Urnik<\/strong><\/a><\/p>\n","protected":false},"excerpt":{"rendered":"<p>SVET UMETNOSTI \u0160ola za kustose in kritike sodobne umetnosti Leto 14 1. letnik &nbsp; Serija predavanj Seminar Delavnice Delavnica podrobnega branja: Petja Grafenauer: Kaj se skriva v besedilu? Delavnice iz pisanja o sodobni umetnosti: Mi\u0161ko \u0160uvakovi\u0107: Teorija in praksa umetnostne kritike Branislav Dimitrijevi\u0107: Interpretiranje in situiranje sodobne umetnosti: Opazovanje, participacija, motivacija, raziskovanje in empatija Obiski [&hellip;]<\/p>\n","protected":false},"author":1,"featured_media":0,"parent":0,"menu_order":0,"comment_status":"closed","ping_status":"closed","template":"","meta":{"footnotes":""},"categories":[],"tags":[],"_links":{"self":[{"href":"https:\/\/www.worldofart.org\/arhiv.worldofart.org\/aktualno\/wp-json\/wp\/v2\/pages\/866"}],"collection":[{"href":"https:\/\/www.worldofart.org\/arhiv.worldofart.org\/aktualno\/wp-json\/wp\/v2\/pages"}],"about":[{"href":"https:\/\/www.worldofart.org\/arhiv.worldofart.org\/aktualno\/wp-json\/wp\/v2\/types\/page"}],"author":[{"embeddable":true,"href":"https:\/\/www.worldofart.org\/arhiv.worldofart.org\/aktualno\/wp-json\/wp\/v2\/users\/1"}],"replies":[{"embeddable":true,"href":"https:\/\/www.worldofart.org\/arhiv.worldofart.org\/aktualno\/wp-json\/wp\/v2\/comments?post=866"}],"version-history":[{"count":5,"href":"https:\/\/www.worldofart.org\/arhiv.worldofart.org\/aktualno\/wp-json\/wp\/v2\/pages\/866\/revisions"}],"predecessor-version":[{"id":13089,"href":"https:\/\/www.worldofart.org\/arhiv.worldofart.org\/aktualno\/wp-json\/wp\/v2\/pages\/866\/revisions\/13089"}],"wp:attachment":[{"href":"https:\/\/www.worldofart.org\/arhiv.worldofart.org\/aktualno\/wp-json\/wp\/v2\/media?parent=866"}],"wp:term":[{"taxonomy":"category","embeddable":true,"href":"https:\/\/www.worldofart.org\/arhiv.worldofart.org\/aktualno\/wp-json\/wp\/v2\/categories?post=866"},{"taxonomy":"post_tag","embeddable":true,"href":"https:\/\/www.worldofart.org\/arhiv.worldofart.org\/aktualno\/wp-json\/wp\/v2\/tags?post=866"}],"curies":[{"name":"wp","href":"https:\/\/api.w.org\/{rel}","templated":true}]}}