{"id":883,"date":"2011-09-04T23:31:16","date_gmt":"2011-09-04T21:31:16","guid":{"rendered":"http:\/\/www.worldofart.org\/aktualno\/?page_id=883"},"modified":"2018-06-18T18:39:18","modified_gmt":"2018-06-18T16:39:18","slug":"obiski-ateljejev","status":"publish","type":"page","link":"https:\/\/www.worldofart.org\/arhiv.worldofart.org\/aktualno\/stirinajsti-letnik-20112013\/obiski-ateljejev","title":{"rendered":"Obiski ateljejev"},"content":{"rendered":"<p>SVET UMETNOSTI<br \/>\n\u0160ola za kustose in kritike sodobne umetnosti<br \/>\nLeto 14<br \/>\n1. letnik (november 2011\u2013junij 2012)<\/p>\n<hr \/>\n<p><a href=\"https:\/\/www.worldofart.org\/arhiv.worldofart.org\/aktualno\/stirinajsti-letnik-20112013\/obiski-ateljejev\/tevz-logar-obiski-ateljejev\"><strong>Tev\u017e Logar: Obiski ateljejev <\/strong><\/a><br \/>\nUdele\u017eenci te\u010daja bodo z obiski ateljejev, ki jih bo vodil kustos in umetni\u0161ki vodja galerije \u0160kuc dobili vpogled v delo kustosa, ki temelji predvsem na raziskovanju in kontinuiranem spremljanju umetni\u0161ke produkcije. Namen obiskov bo seznanitev z metodologijo raziskovanja umetni\u0161ke produkcije in njeno preizku\u0161anje v praksi.<\/p>\n<div class=\"komentar2\">\n<p class=\"komentarslike\"><img decoding=\"async\" style=\"border: 0; margin: 0; padding: 0 0 7px 0;\" src=\"https:\/\/www.worldofart.org\/arhiv.worldofart.org\/aktualno\/wp-content\/2011-13\/ateljeji\/Tomazin-In-Paradise_detajl.jpg\" alt=\"V ateljeju Toma\u017ea Toma\u017eina, 29. 11. 2012 (detajl fotoografije z razstave: Toma\u017e Toma\u017ein, Po\u010dil bom to muho, Center in galerija P74, 8.\u201329. 11. 2012)\" \/><br \/>\n<strong>V ateljeju Toma\u017ea Toma\u017eina, 29. 11. 2012 (detajl fotoografije z razstave: Toma\u017e Toma\u017ein, <em>Po\u010dil bom to muho<\/em>, Center in galerija P74, 8.\u201329. 11. 2012)<\/strong><\/p>\n<\/div>\n<div class=\"komentar2\">\n<p class=\"komentarslike\"><img decoding=\"async\" style=\"border: 0; margin: 0; padding: 0 0 7px 0;\" src=\"https:\/\/www.worldofart.org\/arhiv.worldofart.org\/aktualno\/wp-content\/2011-13\/ateljeji\/atelje-petra-varl.jpg\" alt=\"V ateljeju Petre Varl, 31. 5. 2012\" \/><br \/>\n<strong>V ateljeju Petre Varl, 31. 5. 2012<\/strong><\/p>\n<\/div>\n<div class=\"komentar2\">\n<p class=\"komentarslike\"><img decoding=\"async\" style=\"border: 0; margin: 0; padding: 0 0 7px 0;\" src=\"https:\/\/www.worldofart.org\/arhiv.worldofart.org\/aktualno\/wp-content\/2011-13\/ateljeji\/atelje-tina-smrekar.jpg\" alt=\"V ateljeju Tine Smrekar, 8. 5. 2012\" \/><br \/>\n<strong>V ateljeju Tine Smrekar, 8. 5. 2012<\/strong><\/p>\n<\/div>\n<div class=\"komentar2\">\n<p class=\"komentarslike\"><img decoding=\"async\" style=\"border: 0; margin: 0; padding: 0 0 7px 0;\" src=\"https:\/\/www.worldofart.org\/arhiv.worldofart.org\/aktualno\/wp-content\/2011-13\/ateljeji\/aksioma-janez-jansa.jpg\" alt=\"V ateljeju Janeza Jan\u0161e, 12. 4. 2012\" \/><br \/>\n<strong>V ateljeju Janeza Jan\u0161e, 12. 4. 2012<\/strong><\/p>\n<\/div>\n<div class=\"komentar2\">\n<p class=\"komentarslike\"><img decoding=\"async\" style=\"border: 0; margin: 0; padding: 0 0 7px 0;\" src=\"https:\/\/www.worldofart.org\/arhiv.worldofart.org\/aktualno\/wp-content\/2011-13\/atelje-vadim-fiskin.jpg\" alt=\"V ateljeju Vadima Fi\u0161kina, 3. 2. 2012\" \/><br \/>\n<strong>V ateljeju Vadima Fi\u0161kina, 3. 2. 2012<\/strong><\/p>\n<\/div>\n<div class=\"komentar2\">\n<p class=\"komentarslike\"><img decoding=\"async\" style=\"border: 0; margin: 0; padding: 0 0 7px 0;\" src=\"https:\/\/www.worldofart.org\/arhiv.worldofart.org\/aktualno\/wp-content\/2011-13\/ateljeji\/atelje-roman-uranjek.jpg\" alt=\"V ateljeju Romana Uranjeka, 12. 1. 2012\" \/><br \/>\n<strong>V ateljeju Romana Uranjeka, 12. 1. 2012<\/strong><\/p>\n<\/div>\n","protected":false},"excerpt":{"rendered":"<p>SVET UMETNOSTI \u0160ola za kustose in kritike sodobne umetnosti Leto 14 1. letnik (november 2011\u2013junij 2012) Tev\u017e Logar: Obiski ateljejev Udele\u017eenci te\u010daja bodo z obiski ateljejev, ki jih bo vodil kustos in umetni\u0161ki vodja galerije \u0160kuc dobili vpogled v delo kustosa, ki temelji predvsem na raziskovanju in kontinuiranem spremljanju umetni\u0161ke produkcije. Namen obiskov bo seznanitev [&hellip;]<\/p>\n","protected":false},"author":1,"featured_media":0,"parent":866,"menu_order":0,"comment_status":"closed","ping_status":"closed","template":"","meta":{"footnotes":""},"categories":[],"tags":[],"_links":{"self":[{"href":"https:\/\/www.worldofart.org\/arhiv.worldofart.org\/aktualno\/wp-json\/wp\/v2\/pages\/883"}],"collection":[{"href":"https:\/\/www.worldofart.org\/arhiv.worldofart.org\/aktualno\/wp-json\/wp\/v2\/pages"}],"about":[{"href":"https:\/\/www.worldofart.org\/arhiv.worldofart.org\/aktualno\/wp-json\/wp\/v2\/types\/page"}],"author":[{"embeddable":true,"href":"https:\/\/www.worldofart.org\/arhiv.worldofart.org\/aktualno\/wp-json\/wp\/v2\/users\/1"}],"replies":[{"embeddable":true,"href":"https:\/\/www.worldofart.org\/arhiv.worldofart.org\/aktualno\/wp-json\/wp\/v2\/comments?post=883"}],"version-history":[{"count":11,"href":"https:\/\/www.worldofart.org\/arhiv.worldofart.org\/aktualno\/wp-json\/wp\/v2\/pages\/883\/revisions"}],"predecessor-version":[{"id":9590,"href":"https:\/\/www.worldofart.org\/arhiv.worldofart.org\/aktualno\/wp-json\/wp\/v2\/pages\/883\/revisions\/9590"}],"up":[{"embeddable":true,"href":"https:\/\/www.worldofart.org\/arhiv.worldofart.org\/aktualno\/wp-json\/wp\/v2\/pages\/866"}],"wp:attachment":[{"href":"https:\/\/www.worldofart.org\/arhiv.worldofart.org\/aktualno\/wp-json\/wp\/v2\/media?parent=883"}],"wp:term":[{"taxonomy":"category","embeddable":true,"href":"https:\/\/www.worldofart.org\/arhiv.worldofart.org\/aktualno\/wp-json\/wp\/v2\/categories?post=883"},{"taxonomy":"post_tag","embeddable":true,"href":"https:\/\/www.worldofart.org\/arhiv.worldofart.org\/aktualno\/wp-json\/wp\/v2\/tags?post=883"}],"curies":[{"name":"wp","href":"https:\/\/api.w.org\/{rel}","templated":true}]}}