{"id":885,"date":"2011-09-04T23:32:33","date_gmt":"2011-09-04T21:32:33","guid":{"rendered":"http:\/\/www.worldofart.org\/aktualno\/?page_id=885"},"modified":"2018-06-18T18:38:40","modified_gmt":"2018-06-18T16:38:40","slug":"tevz-logar-obiski-ateljejev","status":"publish","type":"page","link":"https:\/\/www.worldofart.org\/arhiv.worldofart.org\/aktualno\/stirinajsti-letnik-20112013\/obiski-ateljejev\/tevz-logar-obiski-ateljejev","title":{"rendered":"Tev\u017e Logar: obiski ateljejev"},"content":{"rendered":"<p>Delo kustosa poteka na razli\u010dnih nivojih in velik del le tega se odvija predvsem izven galerijskega prostora, saj je le ta nekak\u0161en sklepni trenutek v celotnem procesu dela. Strukturirani galerijski razstavni programi in individualni kuratorski projekti posku\u0161ajo spremljati razvoj podro\u010dja sodobne vizualne umetnosti, kar vklju\u010duje sledenje trendom predstavljanja umetnosti, teoretskim diskurzom in nenehnemu razvoju umetni\u0161kih praks.  <\/p>\n<p>Ena izmed metod dela kustosa, vsekakor ena izmed pomembnej\u0161ih, je obisk ateljeja umetnika, ki omogo\u010da oseben stik kustosa z umetnikom, posledi\u010dno s tem pa tudi bolj celosten pristop k umetni\u0161kemu delu. Tekom delovnega leta se bodo udele\u017eenci \u0161ole Svet umetnosti, na individualni in skupinski bazi, sre\u010devali z umetniki v njihovih ateljejih, svoja \u00bbateljejska odkritja\u00ab, pa bodo v obliki kraj\u0161ih predstavitev na mese\u010dnih sre\u010danjih, posredovali svojim kolegom. Obiski ateljejev bodo strukturirani tako, da bodo udele\u017eenci \u0161ole Svet umetnosti postavljeni v situacije, s katerimi se kustos redno sre\u010duje v procesu svojega dela. <\/p>\n","protected":false},"excerpt":{"rendered":"<p>Delo kustosa poteka na razli\u010dnih nivojih in velik del le tega se odvija predvsem izven galerijskega prostora, saj je le ta nekak\u0161en sklepni trenutek v celotnem procesu dela. Strukturirani galerijski razstavni programi in individualni kuratorski projekti posku\u0161ajo spremljati razvoj podro\u010dja sodobne vizualne umetnosti, kar vklju\u010duje sledenje trendom predstavljanja umetnosti, teoretskim diskurzom in nenehnemu razvoju umetni\u0161kih [&hellip;]<\/p>\n","protected":false},"author":1,"featured_media":0,"parent":883,"menu_order":0,"comment_status":"closed","ping_status":"closed","template":"","meta":{"footnotes":""},"categories":[],"tags":[],"_links":{"self":[{"href":"https:\/\/www.worldofart.org\/arhiv.worldofart.org\/aktualno\/wp-json\/wp\/v2\/pages\/885"}],"collection":[{"href":"https:\/\/www.worldofart.org\/arhiv.worldofart.org\/aktualno\/wp-json\/wp\/v2\/pages"}],"about":[{"href":"https:\/\/www.worldofart.org\/arhiv.worldofart.org\/aktualno\/wp-json\/wp\/v2\/types\/page"}],"author":[{"embeddable":true,"href":"https:\/\/www.worldofart.org\/arhiv.worldofart.org\/aktualno\/wp-json\/wp\/v2\/users\/1"}],"replies":[{"embeddable":true,"href":"https:\/\/www.worldofart.org\/arhiv.worldofart.org\/aktualno\/wp-json\/wp\/v2\/comments?post=885"}],"version-history":[{"count":1,"href":"https:\/\/www.worldofart.org\/arhiv.worldofart.org\/aktualno\/wp-json\/wp\/v2\/pages\/885\/revisions"}],"predecessor-version":[{"id":9591,"href":"https:\/\/www.worldofart.org\/arhiv.worldofart.org\/aktualno\/wp-json\/wp\/v2\/pages\/885\/revisions\/9591"}],"up":[{"embeddable":true,"href":"https:\/\/www.worldofart.org\/arhiv.worldofart.org\/aktualno\/wp-json\/wp\/v2\/pages\/883"}],"wp:attachment":[{"href":"https:\/\/www.worldofart.org\/arhiv.worldofart.org\/aktualno\/wp-json\/wp\/v2\/media?parent=885"}],"wp:term":[{"taxonomy":"category","embeddable":true,"href":"https:\/\/www.worldofart.org\/arhiv.worldofart.org\/aktualno\/wp-json\/wp\/v2\/categories?post=885"},{"taxonomy":"post_tag","embeddable":true,"href":"https:\/\/www.worldofart.org\/arhiv.worldofart.org\/aktualno\/wp-json\/wp\/v2\/tags?post=885"}],"curies":[{"name":"wp","href":"https:\/\/api.w.org\/{rel}","templated":true}]}}