{"id":940,"date":"2011-09-05T21:48:23","date_gmt":"2011-09-05T19:48:23","guid":{"rendered":"http:\/\/www.worldofart.org\/aktualno\/?page_id=940"},"modified":"2018-07-06T18:10:22","modified_gmt":"2018-07-06T16:10:22","slug":"serija-javnih-predavanj","status":"publish","type":"page","link":"https:\/\/www.worldofart.org\/arhiv.worldofart.org\/aktualno\/stirinajsti-letnik-20112013\/serija-javnih-predavanj","title":{"rendered":"Serija javnih predavanj o kuratorski in institucionalni praksi"},"content":{"rendered":"<p>SVET UMETNOSTI<br \/>\n\u0160ola za kustose in kritike sodobne umetnosti<br \/>\nLeto 14<\/p>\n<hr \/>\n<p><strong>Premisleki in premene v kuratorskih, kriti\u0161kih in umetni\u0161kih praksah<\/strong><br \/>\npredavanja, posveti, pogovori<\/p>\n<p>V okviru \u0161ole <em>Svet umetnosti<\/em> nas mednarodni in tukaj\u0161nji protagonisti \u017ee vrsto let seznanjajo z individualnimi in kolektivnimi strategijami in taktikami, ki jih uporabljajo v kuratorskih, kriti\u0161kih in umetni\u0161kih praksah ter z njimi posku\u0161ajo v ute\u010denem umetnostnem sistemu vzpostavljati svojstvene modele delovanja.<\/p>\n<p><img decoding=\"async\" class=\"alignleft wp-image-4204\" title=\"Foto: Marek Krzyzanek\" src=\"https:\/\/www.worldofart.org\/arhiv.worldofart.org\/aktualno\/wp-content\/uploads\/2011\/09\/Zabel-book.jpg\" alt=\"\" width=\"120\" srcset=\"https:\/\/www.worldofart.org\/arhiv.worldofart.org\/aktualno\/wp-content\/uploads\/2011\/09\/Zabel-book.jpg 220w, https:\/\/www.worldofart.org\/arhiv.worldofart.org\/aktualno\/wp-content\/uploads\/2011\/09\/Zabel-book-214x300.jpg 214w\" sizes=\"(max-width: 220px) 100vw, 220px\" \/>Leto\u0161nje leto bo \u0161e posebej zanimivo, ker serijo predavanj v rahlo spremenjenem formatu pripravljamo skupaj z <a href=\"http:\/\/www.igorzabel.org\/sl\" target=\"_blank\" rel=\"noopener\">Dru\u0161tvom Igor Zabel za kulturo in teorijo<\/a>. Igor Zabel je bil namre\u010d eden klju\u010dnih slovenskih kustosov, mislecev in teoretikov, ki je s <em>Svetom umetnosti<\/em> od vsega za\u010detka plodno sodeloval v razli\u010dnih vlogah: kot predavatelj, mentor, vodja delavnic in sooblikovalec programa.<\/p>\n<p>Zato leto\u0161njo serijo za\u010denjamo s pogovorom ob izidu angle\u0161ke izdaje Zabelovih tekstov <em>Igor Zabel: Contemporary Art Theory <\/em>in nadaljujemo s predavanjema, ki se iz perspektive umetnika\/ pedagoga in kustosinje ukvarjata s premiki v teoretskem, umetnostnem, kuratorskem in kriti\u0161kem polju sodobne umetnosti.<\/p>\n<p class=\"leto\"><strong>2013<\/strong><\/p>\n<table border=\"0\" width=\"100%\" cellspacing=\"0\" cellpadding=\"0\">\n<tbody>\n<tr>\n<td class=\"mesec\" valign=\"top\" width=\"20%\">marec<\/td>\n<td class=\"tdprogramsredina\" valign=\"top\" width=\"22%\">ponedeljek, 25. 3. 2013,<br \/>\nob 18. uri, MSUM<\/td>\n<td class=\"tdprogram\" valign=\"top\" width=\"58%\">Sodobna umetnost: premisleki, premise in premene <a href=\"https:\/\/www.worldofart.org\/arhiv.worldofart.org\/aktualno\/archives\/4213\">Predstavitev knjige <em>Igor Zabel: Contemporary Art Theory<\/em> in razprava ob izidu knjige<\/a><\/td>\n<\/tr>\n<tr>\n<td class=\"mesec\" valign=\"top\" width=\"20%\">april<\/td>\n<td class=\"tdprogramsredina\" valign=\"top\" width=\"22%\">torek, 9. 4. 2013,<br \/>\nob 19. uri, Galerija \u0160kuc, Stari trg 21<\/td>\n<td class=\"tdprogram\" valign=\"top\" width=\"58%\"><a href=\"https:\/\/www.worldofart.org\/arhiv.worldofart.org\/aktualno\/archives\/4501\">Erik Hagoort: Diagonalna recipro\u010dnost. Sre\u010devanje kot umetni\u0161ka praksa<\/a><br \/>\n(predavanje bo v angle\u0161kem jeziku)<\/td>\n<\/tr>\n<tr>\n<td class=\"mesec\" rowspan=\"1\" valign=\"top\" width=\"20%\">maj<\/td>\n<td class=\"tdprogramsredina\" valign=\"top\" width=\"22%\">ponedeljek, 6. 5. 2013,<br \/>\nob 18. uri, MSUM<\/td>\n<td class=\"tdprogram\" valign=\"top\" width=\"58%\"><a href=\"https:\/\/www.worldofart.org\/arhiv.worldofart.org\/aktualno\/archives\/4705\">Nata\u0161a Petre\u0161in-Bachelez: Situirana umetni\u0161ka raziskava in samorefleksivni reziden\u010dni programi<\/a><\/td>\n<\/tr>\n<\/tbody>\n<\/table>\n<p>&nbsp;<\/p>\n<hr \/>\n<p>V okviru \u0161ole <em>Svet umetnosti<\/em> nas mednarodni in tukaj\u0161nji protagonisti \u017ee vrsto let seznanjajo z individualnimi in kolektivnimi strategijami in taktikami, ki jih uporabljajo v kuratorskih, kriti\u0161kih in umetni\u0161kih praksah ter z njimi posku\u0161ajo v ute\u010denem umetnostnem sistemu vzpostavljati svojstvene modele delovanja. V vrsti predavanj in delavnic so predstavili svoje poglede in izku\u0161nje ter pri tem tematizirali tudi (svoje) konkretne koncepte in projekte.<\/p>\n<p>Leto\u0161nje leto nadaljujemo s prikazi kuratorskih praks, ki se\u017eejo iznad priprave razstav in ka\u017eejo mo\u017enost alternativnega konstruktivnega ukvarjanja v polju sodobne umetnosti. Zanimajo nas tiste prakse, ki posku\u0161ajo iznajti nove na\u010dine, tehnike in metode dela, in s tem vzpostavljajo razliko do ustaljenega in prevladujo\u010dega sistema sodobne umetnosti.<\/p>\n<p class=\"leto\"><strong>2012<\/strong><\/p>\n<table border=\"0\" width=\"100%\" cellspacing=\"0\" cellpadding=\"0\">\n<tbody>\n<tr>\n<td class=\"mesec\" valign=\"top\" width=\"20%\">januar<\/td>\n<td class=\"tdprogramsredina\" valign=\"top\" width=\"22%\">\u010detrtek, 26. 1. 2012, ob 18. uri<\/td>\n<td class=\"tdprogram\" valign=\"top\" width=\"58%\"><a href=\"https:\/\/www.worldofart.org\/arhiv.worldofart.org\/aktualno\/archives\/1279\">S\u00f8nke Gau in Katharina Schlieben: Imamo delo! Ali ujet med dvema stranema: Prevpra\u0161evanje pogojev produkcije \u2026<\/a><\/td>\n<\/tr>\n<tr>\n<td class=\"mesec\" valign=\"top\" width=\"20%\">februar<\/td>\n<td class=\"tdprogramsredina\" valign=\"top\" width=\"22%\">\u010detrtek, 16. 2. 2012, ob 20. uri<\/td>\n<td class=\"tdprogram\" valign=\"top\" width=\"58%\"><a href=\"https:\/\/www.worldofart.org\/arhiv.worldofart.org\/aktualno\/archives\/1351\">Petra Kap\u0161: Lete ali Mnemozina za fu-(turo), OR kot omniprisotna trojnost: poiesis, tehn\u00e9, parrhesia<\/a><\/td>\n<\/tr>\n<tr>\n<td class=\"mesec\" valign=\"top\" width=\"20%\">marec<\/td>\n<td class=\"tdprogramsredina\" valign=\"top\" width=\"22%\">\u010detrtek, 15. 3. 2012, ob 19. uri<br \/>\nMGLC, Ljubljana<\/td>\n<td class=\"tdprogram\" valign=\"top\" width=\"58%\"><a href=\"https:\/\/www.worldofart.org\/arhiv.worldofart.org\/aktualno\/archives\/1600\">Dorothee Richter: Umetniki in kustosi kot avtorji \u2013 tekmeci, sodelavci ali \u010dlani iste ekipe?<\/a><br \/>\n(otvoritveno predavanje razstave <em>Printaj!<\/em>)<\/td>\n<\/tr>\n<tr>\n<td class=\"mesec\" valign=\"top\" width=\"20%\">april<\/td>\n<td class=\"tdprogramsredina\" valign=\"top\" width=\"22%\">\u010detrtek, 12. 4. 2012, ob 20. uri<\/td>\n<td class=\"tdprogram\" valign=\"top\" width=\"58%\"><a href=\"https:\/\/www.worldofart.org\/arhiv.worldofart.org\/aktualno\/archives\/1618\">Andrzej Szczerski: Kuratorstvo in pomembnost umetnine<\/a><\/td>\n<\/tr>\n<\/tbody>\n<\/table>\n","protected":false},"excerpt":{"rendered":"<p>SVET UMETNOSTI \u0160ola za kustose in kritike sodobne umetnosti Leto 14 Premisleki in premene v kuratorskih, kriti\u0161kih in umetni\u0161kih praksah predavanja, posveti, pogovori V okviru \u0161ole Svet umetnosti nas mednarodni in tukaj\u0161nji protagonisti \u017ee vrsto let seznanjajo z individualnimi in kolektivnimi strategijami in taktikami, ki jih uporabljajo v kuratorskih, kriti\u0161kih in umetni\u0161kih praksah ter z [&hellip;]<\/p>\n","protected":false},"author":1,"featured_media":13095,"parent":866,"menu_order":0,"comment_status":"closed","ping_status":"closed","template":"","meta":{"footnotes":""},"categories":[7,10],"tags":[],"_links":{"self":[{"href":"https:\/\/www.worldofart.org\/arhiv.worldofart.org\/aktualno\/wp-json\/wp\/v2\/pages\/940"}],"collection":[{"href":"https:\/\/www.worldofart.org\/arhiv.worldofart.org\/aktualno\/wp-json\/wp\/v2\/pages"}],"about":[{"href":"https:\/\/www.worldofart.org\/arhiv.worldofart.org\/aktualno\/wp-json\/wp\/v2\/types\/page"}],"author":[{"embeddable":true,"href":"https:\/\/www.worldofart.org\/arhiv.worldofart.org\/aktualno\/wp-json\/wp\/v2\/users\/1"}],"replies":[{"embeddable":true,"href":"https:\/\/www.worldofart.org\/arhiv.worldofart.org\/aktualno\/wp-json\/wp\/v2\/comments?post=940"}],"version-history":[{"count":58,"href":"https:\/\/www.worldofart.org\/arhiv.worldofart.org\/aktualno\/wp-json\/wp\/v2\/pages\/940\/revisions"}],"predecessor-version":[{"id":13288,"href":"https:\/\/www.worldofart.org\/arhiv.worldofart.org\/aktualno\/wp-json\/wp\/v2\/pages\/940\/revisions\/13288"}],"up":[{"embeddable":true,"href":"https:\/\/www.worldofart.org\/arhiv.worldofart.org\/aktualno\/wp-json\/wp\/v2\/pages\/866"}],"wp:featuredmedia":[{"embeddable":true,"href":"https:\/\/www.worldofart.org\/arhiv.worldofart.org\/aktualno\/wp-json\/wp\/v2\/media\/13095"}],"wp:attachment":[{"href":"https:\/\/www.worldofart.org\/arhiv.worldofart.org\/aktualno\/wp-json\/wp\/v2\/media?parent=940"}],"wp:term":[{"taxonomy":"category","embeddable":true,"href":"https:\/\/www.worldofart.org\/arhiv.worldofart.org\/aktualno\/wp-json\/wp\/v2\/categories?post=940"},{"taxonomy":"post_tag","embeddable":true,"href":"https:\/\/www.worldofart.org\/arhiv.worldofart.org\/aktualno\/wp-json\/wp\/v2\/tags?post=940"}],"curies":[{"name":"wp","href":"https:\/\/api.w.org\/{rel}","templated":true}]}}