{"id":944,"date":"2011-09-05T22:01:46","date_gmt":"2011-09-05T20:01:46","guid":{"rendered":"http:\/\/www.worldofart.org\/aktualno\/?page_id=944"},"modified":"2018-06-18T18:35:39","modified_gmt":"2018-06-18T16:35:39","slug":"voditelji-delavnic-20112013","status":"publish","type":"page","link":"https:\/\/www.worldofart.org\/arhiv.worldofart.org\/aktualno\/stirinajsti-letnik-20112013\/voditelji-delavnic-20112013","title":{"rendered":"Voditelji delavnic 2011\/2013"},"content":{"rendered":"<p><img loading=\"lazy\" decoding=\"async\" style=\"margin-right: 10px; margin-bottom: 5px; margin-top: 3px; margin-left: 0px;\" src=\"https:\/\/www.worldofart.org\/arhiv.worldofart.org\/aktualno\/wp-content\/2007-08\/ekipa-board\/branislav_dimitrijevic.jpg\" alt=\"Branislav Dimitrijevi\u0107\" width=\"100\" height=\"100\" align=\"left\" \/><strong>Branislav Dimitrijevi\u0107 (1967)<\/strong><br \/>\nJe umetnostni zgodovinar, kritik in kustos. Na Akademiji Novi predava zgodovino in teorijo umetnosti, pou\u010duje tudi na \u0160oli za umetnost in oblikovanje ter na seminarju kuratorskih \u0161tudij na Filozofski fakulteti (vse v Beogradu). Z beograjskim Muzejem za sodobno umetnost sodeluje pri kuratorskih, izobra\u017eevalnih in zalo\u017eni\u0161kih projektih. Njegovo podro\u010dje akademskega in kuratorskega raziskovanja so vizualna umetnost, film, popularna kultura socialisti\u010dne Jugoslavije in sodobna vizualna umetnost na Balkanu.<br \/>\nZ Branislavo Andjelkovi\u0107 ga ve\u017ee dolgoletno sodelovanje; z njo in Branimirjem Stojanovi\u0107em je mdr. ustanovil in koordiniral &#8221;\u0160olo za zgodovino in teorijo umetnosti&#8221;, neodvisen interdisciplinaren izobra\u017eevalni projekt v Beogradu (1999\u20132003).<br \/>\nObjavlja tekste o sodobni umetnosti, teoriji umetnosti, filmu in vizualni kulturi v lokalnih in mednarodnih \u010dasopisih in katalogih. Bil je urednik \u0161tevilnih publikacij in razstavnih katalogov, mdr.: <em>O normalnosti: umetnost u Srbiji <\/em><em>1989\u20132001<\/em> (MSUB, 2005), <em>M<\/em><em>e\u0111unarodna izlo\u017eba moderne umetnosti <\/em>(MSUB, 2003), <em>Pop Vision <\/em>(Aurora, Vr\u0161ac 1996), itn.<br \/>\nNjegovi kuratorski projekti vklju\u010dujejo: <em>Murder1<\/em> (CKZD, Beograd 1997), <em>Overground<\/em> (site-specific project, Belef Festival, Beograd 1998), <em>Konverzacija<\/em> (MOCAB 2001), <em>Situated Self: Confused, Compassionate, Conflictual<\/em> (Helsinki City Museum; MOCAB 2005), <em>Breaking Step \u2013 Displacement, Compassion and Humour in recent art from Britain<\/em> (MOCAB 2007), <em>FAQ Serbia<\/em> (ACF, New York 2010), <em>No Network<\/em> (Bienale&#8221;Time Machine&#8221;, D0 ARK Underground, Konjic, Bosna 2011). Bil je kurator jugoslovanskega\/srbskega pavilijona na bene\u0161kem bienalu 2003 in 2009. Prav tako sodeluje s \u0161tevilnimi evropskimi in regionalnimi umetni\u0161kimi iniciativami, v zadnjem \u010dasu npr. kot predsednik upravnega odbora (2006\u20132010) SPAPORT bienala v Banja Luki (Bosna).<br \/>\nMagistriral je iz zgodovine in teorije umetnosti na univerzi v Kentu (VB) in doktoriral na interdisciplinarnih kulturnih \u0161tudijah na beograjski Filozofski fakulteti s tezo: &#8220;Utopi\u010dni konzumerizem \u2013 pojav in nesmisli potro\u0161ni\u0161ke kulture v socialisti\u010dni Jugoslaviji&#8221;.<\/p>\n<hr \/>\n<p><img loading=\"lazy\" decoding=\"async\" style=\"margin-right: 10px; margin-bottom: 5px; margin-top: 3px; margin-left: 0px;\" src=\"https:\/\/www.worldofart.org\/arhiv.worldofart.org\/aktualno\/wp-content\/2011-13\/petja_grafenauer.jpg\" alt=\"Petja Grafenauer\" width=\"100\" height=\"100\" align=\"left\" \/><strong>Petja Grafenauer (1976)<\/strong><br \/>\nNeodvisna kustosinja, piska in predavateljica o sodobni umetnosti. Ukvarja se predvsem s sodobnim slikarstvom v povezavi z ostalimi mediji in konstrukcijo diskurza v sodobni umetnosti. Med leti 2005\u22122006 je vodila kulturno redakcijo Radia \u0160tudent, med 2007 in 2009 je bila kustosinja Galerije Ganes Pratt v Ljubljani. Od 2005 predava zgodovino sodobne umetnosti na Visoki \u0161oli za umetnost Univerze v Novi Gorici. Redno sodeluje z SCCA\u2212Ljubljana in je sourednica revije <em>Likovne besede<\/em>. Kriti\u0161ka, strokovna in izvirna znanstven besedila od leta 2001 objavlja na Radiu \u0160tudent, v nacionalnih \u010dasopisih <em>Dnevnik<\/em> in <em>Delo<\/em>, v tedniku <em>Mladina<\/em> in revijah <em>Borec<\/em>, <em>ISH<\/em><em> Monitor<\/em>, <em>Maska<\/em>, <em>Likovne besede<\/em>, <em>Ekran<\/em>, <em>Revija Fotografija<\/em>, <em>Zarez<\/em>, <em>\u017divot umjetnosti<\/em>, <em>Manifesta Journal in Art on Paper<\/em>. Leta 2008 je iz\u0161la njena monografija <em>Aleksij Kobal<\/em>, leta 2010 pa je uredila knjigo <em>Avtenti\u010dni interes<\/em> (izbrani zapisi Zdenke Badovinac). Kot kustosinja je mdr. sodelovala pri projektih <em>Nove tendence<\/em> (UGM, Maribor 2010); <em>Ho\u010demo biti svobodni kot so bili o\u010detje <\/em>(MGLC, Ljubljana 2010), <em>Mednarodni grafi\u010dni bienale:<\/em> <em>Matrica: nestabilna realnost: 6 opic, 300 kuvert in 1 ljubezen: &#8220;Nepopolno kot vedno&#8221;<\/em> (MGLC, Ljubljana 2009). Leta 2012 je kurirala samostojno razstavo Dejana Kaludjerovi\u0107a v Mestni galeriji v Novi Gorici.<\/p>\n<hr \/>\n<p><a id=\"suvakovic\" name=\"suvakovic\"><\/a><br \/>\n<img loading=\"lazy\" decoding=\"async\" style=\"margin-right: 10px; margin-bottom: 5px; margin-top: 3px; margin-left: 0px;\" src=\"https:\/\/www.worldofart.org\/arhiv.worldofart.org\/aktualno\/wp-content\/2008-09\/seminar\/voditelji\/misko-suvakovic.jpg\" alt=\"Mi\u0161ko \u0160uvakovi\u0107\" width=\"100\" height=\"100\" align=\"left\" \/><strong>Mi\u0161ko \u0160uvakovi\u0107 (1954)<\/strong><br \/>\nRojen leta 1954 v Beogradu. Leta 1993 je doktoriral na Fakulteti za likovno umetnost Umetnostne univerze v Beogradu. Je redni profesor na beograjski Fakulteti za glasbeno umetnost, kjer predava teorijo umetnosti v okviru interdisciplinarnega magistrskega \u0161tudija. Bil je \u010dlan umetni\u0161ke skupine Grupa 143 (1975\u20131980) in neformalne teoretske in umetnostne institucije Zajednica za istra\u017eivanje prostora \u2013 ZzIP [Space research community \u2013 ZzIP] (1982\u201389). \u010clan uredni\u0161tva \u010dasopisov <em>Transkatalog<\/em> (Novi Sad, 1995\u20131998) in <em>Teorija koja Hoda<\/em> [<em>Walking theory<\/em>] (Beograd, od 2001). \u010castni \u010dlan Slovenskega dru\u0161tva za estetiko. Avtor knjig <em>Scene jezika<\/em> [<em>Scenes of language<\/em>] (Beograd, 1989), <em>Pas Tout<\/em> (Buffalo, 1994), <em>Prolegomena za analiti\u010dku estetiku<\/em> [<em>Prolegomena for analytical aesthetics<\/em>] (Novi Sad, 1995), <em>Postmoderna<\/em> [<em>Postmodernism<\/em>] (Beograd, 1995), <em>Asimetri\u010dni drugi<\/em> [<em>The asymmetrical other<\/em>] (Novi Sad, 1996), <em>Estetika apstraktnog slikarstva<\/em> [<em>Aesthetics of abstract painting<\/em>] (Beograd, 1998), <em>Pojmovnik moderne i postmoderne likovne umetnosti i teorije posle 1950<\/em> [<em>Glossary of modern and post-modern visual arts and theory after 1950<\/em>] (Beograd and Novi Sad, 1999), <em>Paragrami tela\/figure<\/em> [<em>Paragrams of body\/figure<\/em>] (Beograd, 2001), <em>Anatomija angelova<\/em> [<em>Anatomy of angels<\/em>] (Ljubljana, 2001), <em>Figura, askeza in perverzija<\/em> [<em>Figure, asceticism and perversion<\/em>] (Koper, 2001), <em>Martek \u2013 Fatalne figure umjetnika: Eseji o umjetnosti i kulturi XX stolje\u0107a u Jugoisto\u010dnoj, Isto\u010dnoj i Srednjoj Europi kroz djelovanje umjetnika Vlade Marteka<\/em> [<em>Martek \u2013 Fatal figures of the artist: essays on 20th-century art and culture in South-Eastern, Eastern and Central Europe through the work of Vlado Martek<\/em>] (Zagreb, 2002), <em>Impossible Histories \u2013 Historical Avant-gardes, Neo-avant-gardes, and Post-avant-gardes in Yugoslavia, 1918\u20131991 <\/em>(Cambridge Mass, 2003), <em>Politike slikarstva<\/em> [<em>The politics of painting<\/em>] (Koper, 2004), <em>Pojmovnik suvremene umjetnosti<\/em> [<em>Glossary of contemporary art<\/em>] (Zagreb and Ghent, 2005), <em>Konceptualna umetnost<\/em> [<em>Conceptual art<\/em>] (Novi Sad, 2007), <em>Epistemology of Art<\/em> (Belgrade, 2008), etc. Od leta 1978 je kuriral ve\u010d kot 20 razstav. Bil je umetni\u0161ki direktor Muzeja za sodobno umetnost Vojvodina v Novem Sadu (2009\u20132010).<\/p>\n","protected":false},"excerpt":{"rendered":"<p>Branislav Dimitrijevi\u0107 (1967) Je umetnostni zgodovinar, kritik in kustos. Na Akademiji Novi predava zgodovino in teorijo umetnosti, pou\u010duje tudi na \u0160oli za umetnost in oblikovanje ter na seminarju kuratorskih \u0161tudij na Filozofski fakulteti (vse v Beogradu). Z beograjskim Muzejem za sodobno umetnost sodeluje pri kuratorskih, izobra\u017eevalnih in zalo\u017eni\u0161kih projektih. Njegovo podro\u010dje akademskega in kuratorskega raziskovanja [&hellip;]<\/p>\n","protected":false},"author":1,"featured_media":0,"parent":866,"menu_order":0,"comment_status":"closed","ping_status":"closed","template":"","meta":{"footnotes":""},"categories":[],"tags":[],"_links":{"self":[{"href":"https:\/\/www.worldofart.org\/arhiv.worldofart.org\/aktualno\/wp-json\/wp\/v2\/pages\/944"}],"collection":[{"href":"https:\/\/www.worldofart.org\/arhiv.worldofart.org\/aktualno\/wp-json\/wp\/v2\/pages"}],"about":[{"href":"https:\/\/www.worldofart.org\/arhiv.worldofart.org\/aktualno\/wp-json\/wp\/v2\/types\/page"}],"author":[{"embeddable":true,"href":"https:\/\/www.worldofart.org\/arhiv.worldofart.org\/aktualno\/wp-json\/wp\/v2\/users\/1"}],"replies":[{"embeddable":true,"href":"https:\/\/www.worldofart.org\/arhiv.worldofart.org\/aktualno\/wp-json\/wp\/v2\/comments?post=944"}],"version-history":[{"count":4,"href":"https:\/\/www.worldofart.org\/arhiv.worldofart.org\/aktualno\/wp-json\/wp\/v2\/pages\/944\/revisions"}],"predecessor-version":[{"id":9604,"href":"https:\/\/www.worldofart.org\/arhiv.worldofart.org\/aktualno\/wp-json\/wp\/v2\/pages\/944\/revisions\/9604"}],"up":[{"embeddable":true,"href":"https:\/\/www.worldofart.org\/arhiv.worldofart.org\/aktualno\/wp-json\/wp\/v2\/pages\/866"}],"wp:attachment":[{"href":"https:\/\/www.worldofart.org\/arhiv.worldofart.org\/aktualno\/wp-json\/wp\/v2\/media?parent=944"}],"wp:term":[{"taxonomy":"category","embeddable":true,"href":"https:\/\/www.worldofart.org\/arhiv.worldofart.org\/aktualno\/wp-json\/wp\/v2\/categories?post=944"},{"taxonomy":"post_tag","embeddable":true,"href":"https:\/\/www.worldofart.org\/arhiv.worldofart.org\/aktualno\/wp-json\/wp\/v2\/tags?post=944"}],"curies":[{"name":"wp","href":"https:\/\/api.w.org\/{rel}","templated":true}]}}

<p><img loading="lazy" decoding="async" style="margin-right: 10px; margin-bottom: 5px; margin-top: 3px; margin-left: 0px;" src="https://www.worldofart.org/arhiv.worldofart.org/aktualno/wp-content/2007-08/ekipa-board/branislav_dimitrijevic.jpg" alt="Branislav Dimitrijević" width="100" height="100" align="left" /><strong>Branislav Dimitrijević (1967)</strong><br />
Je umetnostni zgodovinar, kritik in kustos. Na Akademiji Novi predava zgodovino in teorijo umetnosti, poučuje tudi na Šoli za umetnost in oblikovanje ter na seminarju kuratorskih študij na Filozofski fakulteti (vse v Beogradu). Z beograjskim Muzejem za sodobno umetnost sodeluje pri kuratorskih, izobraževalnih in založniških projektih. Njegovo področje akademskega in kuratorskega raziskovanja so vizualna umetnost, film, popularna kultura socialistične Jugoslavije in sodobna vizualna umetnost na Balkanu.<br />
Z Branislavo Andjelković ga veže dolgoletno sodelovanje; z njo in Branimirjem Stojanovićem je mdr. ustanovil in koordiniral &#8221;Šolo za zgodovino in teorijo umetnosti&#8221;, neodvisen interdisciplinaren izobraževalni projekt v Beogradu (1999–2003).<br />
Objavlja tekste o sodobni umetnosti, teoriji umetnosti, filmu in vizualni kulturi v lokalnih in mednarodnih časopisih in katalogih. Bil je urednik številnih publikacij in razstavnih katalogov, mdr.: <em>O normalnosti: umetnost u Srbiji </em><em>1989–2001</em> (MSUB, 2005), <em>M</em><em>eđunarodna izložba moderne umetnosti </em>(MSUB, 2003), <em>Pop Vision </em>(Aurora, Vršac 1996), itn.<br />
Njegovi kuratorski projekti vključujejo: <em>Murder1</em> (CKZD, Beograd 1997), <em>Overground</em> (site-specific project, Belef Festival, Beograd 1998), <em>Konverzacija</em> (MOCAB 2001), <em>Situated Self: Confused, Compassionate, Conflictual</em> (Helsinki City Museum; MOCAB 2005), <em>Breaking Step – Displacement, Compassion and Humour in recent art from Britain</em> (MOCAB 2007), <em>FAQ Serbia</em> (ACF, New York 2010), <em>No Network</em> (Bienale&#8221;Time Machine&#8221;, D0 ARK Underground, Konjic, Bosna 2011). Bil je kurator jugoslovanskega/srbskega pavilijona na beneškem bienalu 2003 in 2009. Prav tako sodeluje s številnimi evropskimi in regionalnimi umetniškimi iniciativami, v zadnjem času npr. kot predsednik upravnega odbora (2006–2010) SPAPORT bienala v Banja Luki (Bosna).<br />
Magistriral je iz zgodovine in teorije umetnosti na univerzi v Kentu (VB) in doktoriral na interdisciplinarnih kulturnih študijah na beograjski Filozofski fakulteti s tezo: &#8220;Utopični konzumerizem – pojav in nesmisli potrošniške kulture v socialistični Jugoslaviji&#8221;.</p>
<hr />
<p><img loading="lazy" decoding="async" style="margin-right: 10px; margin-bottom: 5px; margin-top: 3px; margin-left: 0px;" src="https://www.worldofart.org/arhiv.worldofart.org/aktualno/wp-content/2011-13/petja_grafenauer.jpg" alt="Petja Grafenauer" width="100" height="100" align="left" /><strong>Petja Grafenauer (1976)</strong><br />
Neodvisna kustosinja, piska in predavateljica o sodobni umetnosti. Ukvarja se predvsem s sodobnim slikarstvom v povezavi z ostalimi mediji in konstrukcijo diskurza v sodobni umetnosti. Med leti 2005−2006 je vodila kulturno redakcijo Radia Študent, med 2007 in 2009 je bila kustosinja Galerije Ganes Pratt v Ljubljani. Od 2005 predava zgodovino sodobne umetnosti na Visoki šoli za umetnost Univerze v Novi Gorici. Redno sodeluje z SCCA−Ljubljana in je sourednica revije <em>Likovne besede</em>. Kritiška, strokovna in izvirna znanstven besedila od leta 2001 objavlja na Radiu Študent, v nacionalnih časopisih <em>Dnevnik</em> in <em>Delo</em>, v tedniku <em>Mladina</em> in revijah <em>Borec</em>, <em>ISH</em><em> Monitor</em>, <em>Maska</em>, <em>Likovne besede</em>, <em>Ekran</em>, <em>Revija Fotografija</em>, <em>Zarez</em>, <em>Život umjetnosti</em>, <em>Manifesta Journal in Art on Paper</em>. Leta 2008 je izšla njena monografija <em>Aleksij Kobal</em>, leta 2010 pa je uredila knjigo <em>Avtentični interes</em> (izbrani zapisi Zdenke Badovinac). Kot kustosinja je mdr. sodelovala pri projektih <em>Nove tendence</em> (UGM, Maribor 2010); <em>Hočemo biti svobodni kot so bili očetje </em>(MGLC, Ljubljana 2010), <em>Mednarodni grafični bienale:</em> <em>Matrica: nestabilna realnost: 6 opic, 300 kuvert in 1 ljubezen: &#8220;Nepopolno kot vedno&#8221;</em> (MGLC, Ljubljana 2009). Leta 2012 je kurirala samostojno razstavo Dejana Kaludjerovića v Mestni galeriji v Novi Gorici.</p>
<hr />
<p><a id="suvakovic" name="suvakovic"></a><br />
<img loading="lazy" decoding="async" style="margin-right: 10px; margin-bottom: 5px; margin-top: 3px; margin-left: 0px;" src="https://www.worldofart.org/arhiv.worldofart.org/aktualno/wp-content/2008-09/seminar/voditelji/misko-suvakovic.jpg" alt="Miško Šuvaković" width="100" height="100" align="left" /><strong>Miško Šuvaković (1954)</strong><br />
Rojen leta 1954 v Beogradu. Leta 1993 je doktoriral na Fakulteti za likovno umetnost Umetnostne univerze v Beogradu. Je redni profesor na beograjski Fakulteti za glasbeno umetnost, kjer predava teorijo umetnosti v okviru interdisciplinarnega magistrskega študija. Bil je član umetniške skupine Grupa 143 (1975–1980) in neformalne teoretske in umetnostne institucije Zajednica za istraživanje prostora – ZzIP [Space research community – ZzIP] (1982–89). Član uredništva časopisov <em>Transkatalog</em> (Novi Sad, 1995–1998) in <em>Teorija koja Hoda</em> [<em>Walking theory</em>] (Beograd, od 2001). Častni član Slovenskega društva za estetiko. Avtor knjig <em>Scene jezika</em> [<em>Scenes of language</em>] (Beograd, 1989), <em>Pas Tout</em> (Buffalo, 1994), <em>Prolegomena za analitičku estetiku</em> [<em>Prolegomena for analytical aesthetics</em>] (Novi Sad, 1995), <em>Postmoderna</em> [<em>Postmodernism</em>] (Beograd, 1995), <em>Asimetrični drugi</em> [<em>The asymmetrical other</em>] (Novi Sad, 1996), <em>Estetika apstraktnog slikarstva</em> [<em>Aesthetics of abstract painting</em>] (Beograd, 1998), <em>Pojmovnik moderne i postmoderne likovne umetnosti i teorije posle 1950</em> [<em>Glossary of modern and post-modern visual arts and theory after 1950</em>] (Beograd and Novi Sad, 1999), <em>Paragrami tela/figure</em> [<em>Paragrams of body/figure</em>] (Beograd, 2001), <em>Anatomija angelova</em> [<em>Anatomy of angels</em>] (Ljubljana, 2001), <em>Figura, askeza in perverzija</em> [<em>Figure, asceticism and perversion</em>] (Koper, 2001), <em>Martek – Fatalne figure umjetnika: Eseji o umjetnosti i kulturi XX stoljeća u Jugoistočnoj, Istočnoj i Srednjoj Europi kroz djelovanje umjetnika Vlade Marteka</em> [<em>Martek – Fatal figures of the artist: essays on 20th-century art and culture in South-Eastern, Eastern and Central Europe through the work of Vlado Martek</em>] (Zagreb, 2002), <em>Impossible Histories – Historical Avant-gardes, Neo-avant-gardes, and Post-avant-gardes in Yugoslavia, 1918–1991 </em>(Cambridge Mass, 2003), <em>Politike slikarstva</em> [<em>The politics of painting</em>] (Koper, 2004), <em>Pojmovnik suvremene umjetnosti</em> [<em>Glossary of contemporary art</em>] (Zagreb and Ghent, 2005), <em>Konceptualna umetnost</em> [<em>Conceptual art</em>] (Novi Sad, 2007), <em>Epistemology of Art</em> (Belgrade, 2008), etc. Od leta 1978 je kuriral več kot 20 razstav. Bil je umetniški direktor Muzeja za sodobno umetnost Vojvodina v Novem Sadu (2009–2010).</p>

<p>Branislav Dimitrijević (1967) Je umetnostni zgodovinar, kritik in kustos. Na Akademiji Novi predava zgodovino in teorijo umetnosti, poučuje tudi na Šoli za umetnost in oblikovanje ter na seminarju kuratorskih študij na Filozofski fakulteti (vse v Beogradu). Z beograjskim Muzejem za sodobno umetnost sodeluje pri kuratorskih, izobraževalnih in založniških projektih. Njegovo področje akademskega in kuratorskega raziskovanja [&hellip;]</p>
