{"id":946,"date":"2011-09-05T22:06:07","date_gmt":"2011-09-05T20:06:07","guid":{"rendered":"http:\/\/www.worldofart.org\/aktualno\/?page_id=946"},"modified":"2018-06-18T18:35:24","modified_gmt":"2018-06-18T16:35:24","slug":"delavnice-program","status":"publish","type":"page","link":"https:\/\/www.worldofart.org\/arhiv.worldofart.org\/aktualno\/stirinajsti-letnik-20112013\/delavnice-program","title":{"rendered":"Delavnice 2011\/2013"},"content":{"rendered":"<p>SVET UMETNOSTI<br \/>\n\u0160ola za kustose in kritike sodobne umetnosti<br \/>\nLeto 14<\/p>\n<hr \/>\n<p>Delavnice obravnavajo razli\u010dne \u017eanre in metode pisanja o sodobni umetnosti. Zasnova in izvedba posamezne delavnice je plod mentorjevega strokovnega dela in njegovih ve\u010dletnih prakti\u010dnih izku\u0161enj na svojem podro\u010dju, hkrati pa tudi dobrega poznavanja specifi\u010dnega okolja, ki so mu delavnice namenjene. Zato k vodenju delavnic vabimo ve\u010dinoma mentorje, s katerimi imamo vzpostavljeno dolgoro\u010dno sodelovanje in lahko iz leta v leto pripravljajo bolj poglobljene delavnice, ki temeljijo na vedno bolj\u0161em poznavanju na\u0161ega prostora in njenih specifik.<\/p>\n<p>Delavnice so namenjene vsem, ki \u017eelijo pridobiti tako teoreti\u010dno kot prakti\u010dno znanje na podro\u010dju sodobne umetnosti, pod mentorskim vodstvom izpopolniti svoje sposobnosti jezikovnega izra\u017eanja in kriti\u0161ke refleksije. Posamezne delavnice so dobro obiskane in vedno bolj priljubljene, saj nudijo znanje in kompetence na podro\u010dju, ki ga institucionalizirani izobra\u017eevalni sistem (\u0161e vedno) ne pokriva. Udele\u017eenci so navadno visoko motivirani za nadaljnjo aktivnost na podro\u010dju kriti\u0161kega pisanja in \u017eelijo objavljati v vidnej\u0161ih slovenskih publikacijah. Glede na to, da je sodobna umetnost pogosto slabo razumljena in prepu\u0161\u010dena le ozkemu krogu ljudi, ki se z njo strokovno ukvarjajo, je dvigovanje ravni kvalitete tekstov tudi eden izmed bistvenih ciljev delavnic. Ravno dobro napisane kritike, kolumne, eseji, \u010dasopisni \u010dlanki itn. lahko dolgoro\u010dno spremenijo percepcijo kulturno izobra\u017eenega ob\u010dinstva in \u00a0prispevajo k razumevanju in sprejemanju sodobne umetnosti.<\/p>\n<p>&nbsp;<\/p>\n<p class=\"leto\"><strong>2012<\/strong><\/p>\n<table width=\"100%\" border=\"0\" cellspacing=\"0\" cellpadding=\"0\">\n<tbody>\n<tr>\n<td class=\"mesec\" valign=\"top\" width=\"20%\">marec<\/td>\n<td class=\"tdprogramsredina\" valign=\"top\" width=\"20%\">petek,<br \/>\n23. 3. 3012<br \/>\nod 10.00 do 18.30<\/td>\n<td class=\"tdprogram\" valign=\"top\" width=\"60%\"><a href=\"https:\/\/www.worldofart.org\/arhiv.worldofart.org\/aktualno\/archives\/2143\">Mi\u0161ko \u0160uvakovi\u0107: Umetnost i politika: savremena estetika, filozofija, teorija i umetnost u vremenu globalne tranzicije<\/a><\/td>\n<\/tr>\n<tr>\n<td class=\"mesec\" valign=\"top\" width=\"20%\">maj<\/td>\n<td class=\"tdprogramsredina\" valign=\"top\" width=\"20%\">petek-sobota,<br \/>\n18. in 19. 5. 2012<\/td>\n<td class=\"tdprogram\" valign=\"top\" width=\"60%\"><a href=\"https:\/\/www.worldofart.org\/arhiv.worldofart.org\/aktualno\/archives\/2299\">Branislav Dimitrijevi\u0107: Interpretiranje in situiranje sodobne umetnosti: Opazovanje, participacija, motivacija, raziskovanje in empatija<\/a><\/td>\n<\/tr>\n<tr>\n<td class=\"mesec\" valign=\"top\" width=\"20%\">november<\/td>\n<td class=\"tdprogramsredina\" valign=\"top\" width=\"20%\">razli\u010dni termini med<br \/>\n12. 11.\u20134. 12. 2012<\/td>\n<td class=\"tdprogram\" valign=\"top\" width=\"60%\"><a href=\"https:\/\/www.worldofart.org\/arhiv.worldofart.org\/aktualno\/archives\/3703\">Petja Grafenauer: Delavnica pisanja teksta o eksperimentalnem raziskovalnem in razstavnem projektu <em>Video obrat<\/em><\/a><\/td>\n<\/tr>\n<\/tbody>\n<\/table>\n<p>Delavnice so prvenstveno namenjene udele\u017eencem \u0161ole, za vsako pa bo razpisanih nekaj mest za zunanje udele\u017eence.<\/p>\n","protected":false},"excerpt":{"rendered":"<p>SVET UMETNOSTI \u0160ola za kustose in kritike sodobne umetnosti Leto 14 Delavnice obravnavajo razli\u010dne \u017eanre in metode pisanja o sodobni umetnosti. Zasnova in izvedba posamezne delavnice je plod mentorjevega strokovnega dela in njegovih ve\u010dletnih prakti\u010dnih izku\u0161enj na svojem podro\u010dju, hkrati pa tudi dobrega poznavanja specifi\u010dnega okolja, ki so mu delavnice namenjene. Zato k vodenju delavnic [&hellip;]<\/p>\n","protected":false},"author":1,"featured_media":0,"parent":866,"menu_order":0,"comment_status":"closed","ping_status":"closed","template":"","meta":{"footnotes":""},"categories":[],"tags":[],"_links":{"self":[{"href":"https:\/\/www.worldofart.org\/arhiv.worldofart.org\/aktualno\/wp-json\/wp\/v2\/pages\/946"}],"collection":[{"href":"https:\/\/www.worldofart.org\/arhiv.worldofart.org\/aktualno\/wp-json\/wp\/v2\/pages"}],"about":[{"href":"https:\/\/www.worldofart.org\/arhiv.worldofart.org\/aktualno\/wp-json\/wp\/v2\/types\/page"}],"author":[{"embeddable":true,"href":"https:\/\/www.worldofart.org\/arhiv.worldofart.org\/aktualno\/wp-json\/wp\/v2\/users\/1"}],"replies":[{"embeddable":true,"href":"https:\/\/www.worldofart.org\/arhiv.worldofart.org\/aktualno\/wp-json\/wp\/v2\/comments?post=946"}],"version-history":[{"count":8,"href":"https:\/\/www.worldofart.org\/arhiv.worldofart.org\/aktualno\/wp-json\/wp\/v2\/pages\/946\/revisions"}],"predecessor-version":[{"id":4337,"href":"https:\/\/www.worldofart.org\/arhiv.worldofart.org\/aktualno\/wp-json\/wp\/v2\/pages\/946\/revisions\/4337"}],"up":[{"embeddable":true,"href":"https:\/\/www.worldofart.org\/arhiv.worldofart.org\/aktualno\/wp-json\/wp\/v2\/pages\/866"}],"wp:attachment":[{"href":"https:\/\/www.worldofart.org\/arhiv.worldofart.org\/aktualno\/wp-json\/wp\/v2\/media?parent=946"}],"wp:term":[{"taxonomy":"category","embeddable":true,"href":"https:\/\/www.worldofart.org\/arhiv.worldofart.org\/aktualno\/wp-json\/wp\/v2\/categories?post=946"},{"taxonomy":"post_tag","embeddable":true,"href":"https:\/\/www.worldofart.org\/arhiv.worldofart.org\/aktualno\/wp-json\/wp\/v2\/tags?post=946"}],"curies":[{"name":"wp","href":"https:\/\/api.w.org\/{rel}","templated":true}]}}