{"id":9619,"date":"2016-11-20T13:56:18","date_gmt":"2016-11-20T11:56:18","guid":{"rendered":"http:\/\/www.worldofart.org\/aktualno\/?page_id=9619"},"modified":"2017-10-11T14:23:04","modified_gmt":"2017-10-11T12:23:04","slug":"rebeka-vidrih-vzpostavitev-umetnostnozgodovinskega-narativa","status":"publish","type":"page","link":"https:\/\/www.worldofart.org\/arhiv.worldofart.org\/aktualno\/sestnajsto-leto-2017-2018\/predavanja\/rebeka-vidrih-vzpostavitev-umetnostnozgodovinskega-narativa","title":{"rendered":"Rebeka Vidrih: Vzpostavitev modernisti\u010dnega umetnostnozgodovinskega narativa in zgodovinske avantgarde"},"content":{"rendered":"<p>Svet umetnosti | \u0160ola za kuratorske prakse in kriti\u0161ko pisanje | Leto 16<\/p>\n<hr \/>\n<p>V predavanjih se bomo spopadli s prelomom, ki se je v likovni umetnosti zgodil na prelomu iz 19. v 20. stoletje: v \u010dem je bila moderna umetnost druga\u010dna in nova glede na umetnost dotlej; kateri so bili institucionalni pogoji, ki so omogo\u010dili njeno uveljavitev, in kako so vplivali na njen potek; kako se je pisala zgodovina moderne umetnosti in kako sta bila v to zgodovino vpisana pojma \u00bbmodernizem\u00ab na eni in \u00bbzgodovinske avantgarde\u00ab na drugi strani.<\/p>\n<hr \/>\n<p><img loading=\"lazy\" decoding=\"async\" class=\"alignnone\" style=\"margin: 3px 10px 5px 0px;\" src=\"https:\/\/www.worldofart.org\/arhiv.worldofart.org\/aktualno\/wp-content\/2011-13\/rebeka-vidrih.jpg\" alt=\"Rebeka Vidrih\" width=\"79\" height=\"79\" align=\"left\" \/><strong>Rebeka Vidrih (1976)<\/strong><br \/>\nDocentka za podro\u010dje umetnostne zgodovine na Oddelku za umetnostno zgodovine Filozofske fakultete Univerze v Ljubljani. \u0160tudirala umetnostno zgodovino, leta 2008 doktorirala z disertacijo z naslovom Teorija umetnosti in umetnostne zgodovine v drugi polovici 20. stoletja: klasi\u010dna tradicija in novo umetnostno zgodovinopisje (mentorja izr. prof. dr. Tine Germ in red. prof. dr. Lev Kreft). Predava Umetnost novega veka v Zahodni Evropi I (16.\u201318. stoletje) in Umetnost novega veka v Zahodni Evropi II (19.\u201320. stoletje), Sodobne teorije in metode umetnostne zgodovine ter Zgodovino fotografije (v \u0161tudijskem letu 2016\/17).<\/p>\n","protected":false},"excerpt":{"rendered":"<p>Svet umetnosti | \u0160ola za kuratorske prakse in kriti\u0161ko pisanje | Leto 16 V predavanjih se bomo spopadli s prelomom, ki se je v likovni umetnosti zgodil na prelomu iz 19. v 20. stoletje: v \u010dem je bila moderna umetnost druga\u010dna in nova glede na umetnost dotlej; kateri so bili institucionalni pogoji, ki so omogo\u010dili [&hellip;]<\/p>\n","protected":false},"author":1,"featured_media":0,"parent":9162,"menu_order":0,"comment_status":"closed","ping_status":"closed","template":"","meta":{"footnotes":""},"categories":[],"tags":[],"_links":{"self":[{"href":"https:\/\/www.worldofart.org\/arhiv.worldofart.org\/aktualno\/wp-json\/wp\/v2\/pages\/9619"}],"collection":[{"href":"https:\/\/www.worldofart.org\/arhiv.worldofart.org\/aktualno\/wp-json\/wp\/v2\/pages"}],"about":[{"href":"https:\/\/www.worldofart.org\/arhiv.worldofart.org\/aktualno\/wp-json\/wp\/v2\/types\/page"}],"author":[{"embeddable":true,"href":"https:\/\/www.worldofart.org\/arhiv.worldofart.org\/aktualno\/wp-json\/wp\/v2\/users\/1"}],"replies":[{"embeddable":true,"href":"https:\/\/www.worldofart.org\/arhiv.worldofart.org\/aktualno\/wp-json\/wp\/v2\/comments?post=9619"}],"version-history":[{"count":7,"href":"https:\/\/www.worldofart.org\/arhiv.worldofart.org\/aktualno\/wp-json\/wp\/v2\/pages\/9619\/revisions"}],"predecessor-version":[{"id":10363,"href":"https:\/\/www.worldofart.org\/arhiv.worldofart.org\/aktualno\/wp-json\/wp\/v2\/pages\/9619\/revisions\/10363"}],"up":[{"embeddable":true,"href":"https:\/\/www.worldofart.org\/arhiv.worldofart.org\/aktualno\/wp-json\/wp\/v2\/pages\/9162"}],"wp:attachment":[{"href":"https:\/\/www.worldofart.org\/arhiv.worldofart.org\/aktualno\/wp-json\/wp\/v2\/media?parent=9619"}],"wp:term":[{"taxonomy":"category","embeddable":true,"href":"https:\/\/www.worldofart.org\/arhiv.worldofart.org\/aktualno\/wp-json\/wp\/v2\/categories?post=9619"},{"taxonomy":"post_tag","embeddable":true,"href":"https:\/\/www.worldofart.org\/arhiv.worldofart.org\/aktualno\/wp-json\/wp\/v2\/tags?post=9619"}],"curies":[{"name":"wp","href":"https:\/\/api.w.org\/{rel}","templated":true}]}}