{"id":9658,"date":"2016-11-20T14:48:47","date_gmt":"2016-11-20T12:48:47","guid":{"rendered":"http:\/\/www.worldofart.org\/aktualno\/?page_id=9658"},"modified":"2017-10-11T14:20:15","modified_gmt":"2017-10-11T12:20:15","slug":"dusan-dovc-zemljevid-razpisov-in-pozivov","status":"publish","type":"page","link":"https:\/\/www.worldofart.org\/arhiv.worldofart.org\/aktualno\/sestnajsto-leto-2017-2018\/seminarji-in-moduli\/dusan-dovc-zemljevid-razpisov-in-pozivov","title":{"rendered":"Du\u0161an Dov\u010d: Zemljevid razpisov in pozivov"},"content":{"rendered":"<p>Svet umetnosti | \u0160ola za kuratorske prakse in kriti\u0161ko pisanje | Leto 16<\/p>\n<hr \/>\n<p><strong>Du\u0161an Dov\u010d: Zemljevid razpisov in pozivov<\/strong><\/p>\n<p>Pregled razpisne dokumentacije obstoje\u010dih razpisov MK in MOL.<\/p>\n<p>&#8211; razpisi MK, enoletni projektni razpis, programsko financiranje, ve\u010dletni projektni razpis<br \/>\n&#8211; razpisi Direktorata za umetnost<br \/>\n&#8211; razpisi Direktorata za kulturno dedi\u0161\u010dino<br \/>\n&#8211; razpisi Direktorata za medije<br \/>\n&#8211; razpisi MOL, Mladike<\/p>\n<p>Kako poteka prijavni postopek in obve\u0161\u010danje prijaviteljev (MK, MOL)?<\/p>\n<p>Ali se lahko prito\u017eim na mnenje strokovne komsije?<\/p>\n<hr \/>\n<div id='gallery-1' class='gallery galleryid-9658 gallery-columns-4 gallery-size-thumbnail'><figure class='gallery-item'>\n\t\t\t<div class='gallery-icon landscape'>\n\t\t\t\t<a href='https:\/\/www.worldofart.org\/arhiv.worldofart.org\/aktualno\/wp-content\/uploads\/2016\/11\/dusan-dovc_modul-3.jpg' rel=\"lightbox[9658]\"><img loading=\"lazy\" decoding=\"async\" width=\"140\" height=\"140\" src=\"https:\/\/www.worldofart.org\/arhiv.worldofart.org\/aktualno\/wp-content\/uploads\/2016\/11\/dusan-dovc_modul-3-150x150.jpg\" class=\"attachment-thumbnail size-thumbnail\" alt=\"\" \/><\/a>\n\t\t\t<\/div><\/figure><figure class='gallery-item'>\n\t\t\t<div class='gallery-icon landscape'>\n\t\t\t\t<a href='https:\/\/www.worldofart.org\/arhiv.worldofart.org\/aktualno\/wp-content\/uploads\/2016\/11\/dusan-dovc_modul-6.jpg' rel=\"lightbox[9658]\"><img loading=\"lazy\" decoding=\"async\" width=\"140\" height=\"140\" src=\"https:\/\/www.worldofart.org\/arhiv.worldofart.org\/aktualno\/wp-content\/uploads\/2016\/11\/dusan-dovc_modul-6-150x150.jpg\" class=\"attachment-thumbnail size-thumbnail\" alt=\"\" \/><\/a>\n\t\t\t<\/div><\/figure><figure class='gallery-item'>\n\t\t\t<div class='gallery-icon landscape'>\n\t\t\t\t<a href='https:\/\/www.worldofart.org\/arhiv.worldofart.org\/aktualno\/wp-content\/uploads\/2016\/11\/dusan-dovc_modul-8.jpg' rel=\"lightbox[9658]\"><img loading=\"lazy\" decoding=\"async\" width=\"140\" height=\"140\" src=\"https:\/\/www.worldofart.org\/arhiv.worldofart.org\/aktualno\/wp-content\/uploads\/2016\/11\/dusan-dovc_modul-8-150x150.jpg\" class=\"attachment-thumbnail size-thumbnail\" alt=\"\" \/><\/a>\n\t\t\t<\/div><\/figure><figure class='gallery-item'>\n\t\t\t<div class='gallery-icon landscape'>\n\t\t\t\t<a href='https:\/\/www.worldofart.org\/arhiv.worldofart.org\/aktualno\/wp-content\/uploads\/2016\/11\/dusan-dovc_modul-11.jpg' rel=\"lightbox[9658]\"><img loading=\"lazy\" decoding=\"async\" width=\"140\" height=\"140\" src=\"https:\/\/www.worldofart.org\/arhiv.worldofart.org\/aktualno\/wp-content\/uploads\/2016\/11\/dusan-dovc_modul-11-150x150.jpg\" class=\"attachment-thumbnail size-thumbnail\" alt=\"\" \/><\/a>\n\t\t\t<\/div><\/figure>\n\t\t<\/div>\n\n<hr \/>\n<p><img loading=\"lazy\" decoding=\"async\" class=\"alignleft\" src=\"https:\/\/www.worldofart.org\/arhiv.worldofart.org\/aktualno\/wp-content\/2007-08\/ekipa-board\/dusan_dovc.jpg\" alt=\"Du\u0161an Dov\u010d\" width=\"100\" height=\"100\" align=\"left\" \/><strong>Du\u0161an Dov\u010d (1973)<\/strong><br \/>\nDiplomiral iz\u00a0primerjalne knji\u017eevnosti in slovenskega jezika na Filozofski fakulteti v Ljubljani. Prve delovne izku\u0161nje v kulturi je pridobival na zavodu in reviji za kulturo <em>Emzin<\/em> kot urednik in vodja projektov (1997\u22122002), nato na dru\u017ebi za komunikacijsko upravljanje Pristop kot asistent odnosov z javnostmi (junij\u2212december 2003). Od leta 2004 je zaposlen na Zavodu SCCA\u2212Ljubljana kot vodja produkcije, odnosov z javnostmi in pridobivanje sredstev. Je tudi \u010dlan projektne skupine fizi\u010dnega in spletnega video arhiva <em>Postaja DIVA<\/em> in koordinira program <em>Brez \u017eebljev in podstavkov<\/em>. Aktiven je tudi v razli\u010dnih skupinah za razvoj kulturne politike (\u010dlan ekspertne skupine za mobilnost pri Evropski komisiji, maj\u2013december 2011, \u010dlan upravnega odbora pri dru\u0161tvu Asociacija, dru\u0161tvo nevladnih organizacij in samostojnih ustvarjalcev na podro\u010dju kulture in umetnosti, Ljubljana od leta 2009).<\/p>\n","protected":false},"excerpt":{"rendered":"<p>Svet umetnosti | \u0160ola za kuratorske prakse in kriti\u0161ko pisanje | Leto 16 Du\u0161an Dov\u010d: Zemljevid razpisov in pozivov Pregled razpisne dokumentacije obstoje\u010dih razpisov MK in MOL. &#8211; razpisi MK, enoletni projektni razpis, programsko financiranje, ve\u010dletni projektni razpis &#8211; razpisi Direktorata za umetnost &#8211; razpisi Direktorata za kulturno dedi\u0161\u010dino &#8211; razpisi Direktorata za medije &#8211; [&hellip;]<\/p>\n","protected":false},"author":1,"featured_media":0,"parent":9160,"menu_order":0,"comment_status":"closed","ping_status":"closed","template":"","meta":{"footnotes":""},"categories":[],"tags":[],"_links":{"self":[{"href":"https:\/\/www.worldofart.org\/arhiv.worldofart.org\/aktualno\/wp-json\/wp\/v2\/pages\/9658"}],"collection":[{"href":"https:\/\/www.worldofart.org\/arhiv.worldofart.org\/aktualno\/wp-json\/wp\/v2\/pages"}],"about":[{"href":"https:\/\/www.worldofart.org\/arhiv.worldofart.org\/aktualno\/wp-json\/wp\/v2\/types\/page"}],"author":[{"embeddable":true,"href":"https:\/\/www.worldofart.org\/arhiv.worldofart.org\/aktualno\/wp-json\/wp\/v2\/users\/1"}],"replies":[{"embeddable":true,"href":"https:\/\/www.worldofart.org\/arhiv.worldofart.org\/aktualno\/wp-json\/wp\/v2\/comments?post=9658"}],"version-history":[{"count":11,"href":"https:\/\/www.worldofart.org\/arhiv.worldofart.org\/aktualno\/wp-json\/wp\/v2\/pages\/9658\/revisions"}],"predecessor-version":[{"id":11871,"href":"https:\/\/www.worldofart.org\/arhiv.worldofart.org\/aktualno\/wp-json\/wp\/v2\/pages\/9658\/revisions\/11871"}],"up":[{"embeddable":true,"href":"https:\/\/www.worldofart.org\/arhiv.worldofart.org\/aktualno\/wp-json\/wp\/v2\/pages\/9160"}],"wp:attachment":[{"href":"https:\/\/www.worldofart.org\/arhiv.worldofart.org\/aktualno\/wp-json\/wp\/v2\/media?parent=9658"}],"wp:term":[{"taxonomy":"category","embeddable":true,"href":"https:\/\/www.worldofart.org\/arhiv.worldofart.org\/aktualno\/wp-json\/wp\/v2\/categories?post=9658"},{"taxonomy":"post_tag","embeddable":true,"href":"https:\/\/www.worldofart.org\/arhiv.worldofart.org\/aktualno\/wp-json\/wp\/v2\/tags?post=9658"}],"curies":[{"name":"wp","href":"https:\/\/api.w.org\/{rel}","templated":true}]}}