{"id":9666,"date":"2016-11-20T14:52:21","date_gmt":"2016-11-20T12:52:21","guid":{"rendered":"http:\/\/www.worldofart.org\/aktualno\/?page_id=9666"},"modified":"2018-02-28T12:29:31","modified_gmt":"2018-02-28T10:29:31","slug":"vladimir-vidmar-kuratorska-raziskava","status":"publish","type":"page","link":"https:\/\/www.worldofart.org\/arhiv.worldofart.org\/aktualno\/sestnajsto-leto-2017-2018\/praksa\/vladimir-vidmar-kuratorska-raziskava","title":{"rendered":"Vladimir Vidmar: Kuratorska raziskava"},"content":{"rendered":"<p>Svet umetnosti | \u0160ola za kuratorske prakse in kriti\u0161ko pisanje | Leto 16<\/p>\n<hr \/>\n<p>V nizu sre\u010danj s kuratorjem Vladimirjem Vidmarjem se bodo udele\u017eenke in udele\u017eenci seznanili s kuratorskim delom v praksi. Zanimalo nas bo predvsem, kako se kurator ali kuratorka loti snovanja razstave, kje najde izhodi\u0161\u010dno to\u010dko ter kako razvija koncept. Kaj je osnovni gradnik razstave in koncepta ter kako se ta bodisi razvija bodisi oddaljuje od za\u010detne ideje?<\/p>\n<p>Nadalje nas bo zanimalo, kako poteka kuratorska raziskava v praksi. Kako se lotimo raziskovanja in zbiranja informacij? Izhajamo iz pogovora z umetnikom ali umetnico, obiska ateljeja, iz poznanega dela ali obiskane razstave? Brskamo po spletu, spletnih bazah, knji\u017enicah in arhivih? Kak\u0161ne so raziskovalne metode ter kako poteka delo v kuratorski skupini?<\/p>\n<hr \/>\n<p><strong>Fotografije s sre\u010danja<\/strong> in <strong>predstavitve virtualnih razstav<\/strong> (foto: Arhiv SCCA-Ljubljana)<\/p>\n<div id='gallery-1' class='gallery galleryid-9666 gallery-columns-5 gallery-size-thumbnail'><figure class='gallery-item'>\n\t\t\t<div class='gallery-icon landscape'>\n\t\t\t\t<a href='https:\/\/www.worldofart.org\/arhiv.worldofart.org\/aktualno\/wp-content\/uploads\/2016\/11\/20170608_175442.jpg' rel=\"lightbox[9666]\"><img loading=\"lazy\" decoding=\"async\" width=\"140\" height=\"140\" src=\"https:\/\/www.worldofart.org\/arhiv.worldofart.org\/aktualno\/wp-content\/uploads\/2016\/11\/20170608_175442-150x150.jpg\" class=\"attachment-thumbnail size-thumbnail\" alt=\"\" \/><\/a>\n\t\t\t<\/div><\/figure><figure class='gallery-item'>\n\t\t\t<div class='gallery-icon landscape'>\n\t\t\t\t<a href='https:\/\/www.worldofart.org\/arhiv.worldofart.org\/aktualno\/wp-content\/uploads\/2016\/11\/20170608_175421.jpg' rel=\"lightbox[9666]\"><img loading=\"lazy\" decoding=\"async\" width=\"140\" height=\"140\" src=\"https:\/\/www.worldofart.org\/arhiv.worldofart.org\/aktualno\/wp-content\/uploads\/2016\/11\/20170608_175421-150x150.jpg\" class=\"attachment-thumbnail size-thumbnail\" alt=\"\" \/><\/a>\n\t\t\t<\/div><\/figure><figure class='gallery-item'>\n\t\t\t<div class='gallery-icon landscape'>\n\t\t\t\t<a href='https:\/\/www.worldofart.org\/arhiv.worldofart.org\/aktualno\/wp-content\/uploads\/2016\/11\/20170608_175428.jpg' rel=\"lightbox[9666]\"><img loading=\"lazy\" decoding=\"async\" width=\"140\" height=\"140\" src=\"https:\/\/www.worldofart.org\/arhiv.worldofart.org\/aktualno\/wp-content\/uploads\/2016\/11\/20170608_175428-150x150.jpg\" class=\"attachment-thumbnail size-thumbnail\" alt=\"\" \/><\/a>\n\t\t\t<\/div><\/figure><figure class='gallery-item'>\n\t\t\t<div class='gallery-icon landscape'>\n\t\t\t\t<a href='https:\/\/www.worldofart.org\/arhiv.worldofart.org\/aktualno\/wp-content\/uploads\/2016\/11\/20170608_175454.jpg' rel=\"lightbox[9666]\"><img loading=\"lazy\" decoding=\"async\" width=\"140\" height=\"140\" src=\"https:\/\/www.worldofart.org\/arhiv.worldofart.org\/aktualno\/wp-content\/uploads\/2016\/11\/20170608_175454-150x150.jpg\" class=\"attachment-thumbnail size-thumbnail\" alt=\"\" \/><\/a>\n\t\t\t<\/div><\/figure><figure class='gallery-item'>\n\t\t\t<div class='gallery-icon landscape'>\n\t\t\t\t<a href='https:\/\/www.worldofart.org\/arhiv.worldofart.org\/aktualno\/wp-content\/uploads\/2016\/11\/predstavitev-virtualnih-nalog-1.jpg' rel=\"lightbox[9666]\"><img loading=\"lazy\" decoding=\"async\" width=\"140\" height=\"140\" src=\"https:\/\/www.worldofart.org\/arhiv.worldofart.org\/aktualno\/wp-content\/uploads\/2016\/11\/predstavitev-virtualnih-nalog-1-150x150.jpg\" class=\"attachment-thumbnail size-thumbnail\" alt=\"\" \/><\/a>\n\t\t\t<\/div><\/figure>\n\t\t<\/div>\n\n<div id='gallery-2' class='gallery galleryid-9666 gallery-columns-5 gallery-size-thumbnail'><figure class='gallery-item'>\n\t\t\t<div class='gallery-icon landscape'>\n\t\t\t\t<a href='https:\/\/www.worldofart.org\/arhiv.worldofart.org\/aktualno\/wp-content\/uploads\/2016\/11\/predstavitev-virtualnih-nalog-2-1.jpg' rel=\"lightbox[9666]\"><img loading=\"lazy\" decoding=\"async\" width=\"140\" height=\"140\" src=\"https:\/\/www.worldofart.org\/arhiv.worldofart.org\/aktualno\/wp-content\/uploads\/2016\/11\/predstavitev-virtualnih-nalog-2-1-150x150.jpg\" class=\"attachment-thumbnail size-thumbnail\" alt=\"\" \/><\/a>\n\t\t\t<\/div><\/figure><figure class='gallery-item'>\n\t\t\t<div class='gallery-icon landscape'>\n\t\t\t\t<a href='https:\/\/www.worldofart.org\/arhiv.worldofart.org\/aktualno\/wp-content\/uploads\/2016\/11\/predstavitev-virtualnih-nalog-3-1.jpg' rel=\"lightbox[9666]\"><img loading=\"lazy\" decoding=\"async\" width=\"140\" height=\"140\" src=\"https:\/\/www.worldofart.org\/arhiv.worldofart.org\/aktualno\/wp-content\/uploads\/2016\/11\/predstavitev-virtualnih-nalog-3-1-150x150.jpg\" class=\"attachment-thumbnail size-thumbnail\" alt=\"\" \/><\/a>\n\t\t\t<\/div><\/figure><figure class='gallery-item'>\n\t\t\t<div class='gallery-icon landscape'>\n\t\t\t\t<a href='https:\/\/www.worldofart.org\/arhiv.worldofart.org\/aktualno\/wp-content\/uploads\/2016\/11\/predstavitev-virtualnih-nalog-5-1.jpg' rel=\"lightbox[9666]\"><img loading=\"lazy\" decoding=\"async\" width=\"140\" height=\"140\" src=\"https:\/\/www.worldofart.org\/arhiv.worldofart.org\/aktualno\/wp-content\/uploads\/2016\/11\/predstavitev-virtualnih-nalog-5-1-150x150.jpg\" class=\"attachment-thumbnail size-thumbnail\" alt=\"\" \/><\/a>\n\t\t\t<\/div><\/figure><figure class='gallery-item'>\n\t\t\t<div class='gallery-icon landscape'>\n\t\t\t\t<a href='https:\/\/www.worldofart.org\/arhiv.worldofart.org\/aktualno\/wp-content\/uploads\/2016\/11\/predstavitev-virtualnih-nalog-6-1.jpg' rel=\"lightbox[9666]\"><img loading=\"lazy\" decoding=\"async\" width=\"140\" height=\"140\" src=\"https:\/\/www.worldofart.org\/arhiv.worldofart.org\/aktualno\/wp-content\/uploads\/2016\/11\/predstavitev-virtualnih-nalog-6-1-150x150.jpg\" class=\"attachment-thumbnail size-thumbnail\" alt=\"\" \/><\/a>\n\t\t\t<\/div><\/figure><figure class='gallery-item'>\n\t\t\t<div class='gallery-icon landscape'>\n\t\t\t\t<a href='https:\/\/www.worldofart.org\/arhiv.worldofart.org\/aktualno\/wp-content\/uploads\/2016\/11\/predstavitev-virtualnih-nalog-7-1.jpg' rel=\"lightbox[9666]\"><img loading=\"lazy\" decoding=\"async\" width=\"140\" height=\"140\" src=\"https:\/\/www.worldofart.org\/arhiv.worldofart.org\/aktualno\/wp-content\/uploads\/2016\/11\/predstavitev-virtualnih-nalog-7-1-150x150.jpg\" class=\"attachment-thumbnail size-thumbnail\" alt=\"\" \/><\/a>\n\t\t\t<\/div><\/figure>\n\t\t<\/div>\n\n<hr \/>\n<p><img loading=\"lazy\" decoding=\"async\" class=\"alignleft size-full wp-image-10047\" style=\"margin: 3px 10px 5px 0px;\" src=\"https:\/\/www.worldofart.org\/arhiv.worldofart.org\/aktualno\/wp-content\/uploads\/2016\/11\/Vladimir-Vidmar.jpg\" alt=\"Vladimir Vidmar\" width=\"100\" height=\"100\" \/><strong>Vladimir Vidmar<\/strong> (1982)<br \/>\nUmetni\u0161ki vodja Galerije \u0160kuc v Ljubljani. Diplomiral je na Filozofski fakulteti iz filozofije in novinarstva na Fakulteti za dru\u017ebene vede na Univerzi v Ljubljani. Med 2007 in 2010 je delal v Mestnem muzeju Ljubljana na izobra\u017eevalnih programih za mladino in odrasle. Med 2010 in 2013 je bil pomo\u010dnik umetni\u0161kega vodje Galerije \u0160kuc. Njegovi kuratorski projekti vklju\u010dujejo \u0161tevilne mednarodne skupinske in samostojne razstave Tadeja Poga\u010darja, Lale Ra\u0161\u010di\u0107, Fokus grupe, Mladena Stropnika, Becky Beasley, Nike \u0160pan, Nikite Kadan. Sokuriral je pregledno razstavo <em>Krize in novi za\u010detki: Umetnost v Sloveniji 2005\u20132015<\/em> v +MSUM v Ljubljani. Sodeloval je pri raziskovalnih projektih zgodovine institucionalne kritike v srednji in jugovzhodni Evropi <em>Inside Out<\/em> ter pri mednarodnem razstavnem projektu Joshua Simon v Tel Avivu <em>Otroci si \u017eelijo komunizem<\/em>. S Tadejem Poga\u010darjem pripravlja raziskovalni in razstavni projekt 90-ta leta v slovenski umetnosti. Redno objavlja besedila o sodobnih umetni\u0161kih praksah v umetni\u0161kih revijah, katalogih, bil pa je tudi \u010dlan razli\u010dnih \u017eirij. Od 2016 pou\u010duje na ljubljanski Akademiji za likovno umetnost in oblikovanje, kjer je vklju\u010den v te\u010daj <em>Umetnostni sistem in teorija razstavljanja<\/em>, katerega predmetna nosilka je Beti \u017derovc. \u017divi in dela v Ljubljani.<\/p>\n","protected":false},"excerpt":{"rendered":"<p>Svet umetnosti | \u0160ola za kuratorske prakse in kriti\u0161ko pisanje | Leto 16 V nizu sre\u010danj s kuratorjem Vladimirjem Vidmarjem se bodo udele\u017eenke in udele\u017eenci seznanili s kuratorskim delom v praksi. Zanimalo nas bo predvsem, kako se kurator ali kuratorka loti snovanja razstave, kje najde izhodi\u0161\u010dno to\u010dko ter kako razvija koncept. Kaj je osnovni gradnik [&hellip;]<\/p>\n","protected":false},"author":1,"featured_media":0,"parent":9158,"menu_order":0,"comment_status":"closed","ping_status":"closed","template":"","meta":{"footnotes":""},"categories":[],"tags":[],"_links":{"self":[{"href":"https:\/\/www.worldofart.org\/arhiv.worldofart.org\/aktualno\/wp-json\/wp\/v2\/pages\/9666"}],"collection":[{"href":"https:\/\/www.worldofart.org\/arhiv.worldofart.org\/aktualno\/wp-json\/wp\/v2\/pages"}],"about":[{"href":"https:\/\/www.worldofart.org\/arhiv.worldofart.org\/aktualno\/wp-json\/wp\/v2\/types\/page"}],"author":[{"embeddable":true,"href":"https:\/\/www.worldofart.org\/arhiv.worldofart.org\/aktualno\/wp-json\/wp\/v2\/users\/1"}],"replies":[{"embeddable":true,"href":"https:\/\/www.worldofart.org\/arhiv.worldofart.org\/aktualno\/wp-json\/wp\/v2\/comments?post=9666"}],"version-history":[{"count":18,"href":"https:\/\/www.worldofart.org\/arhiv.worldofart.org\/aktualno\/wp-json\/wp\/v2\/pages\/9666\/revisions"}],"predecessor-version":[{"id":12445,"href":"https:\/\/www.worldofart.org\/arhiv.worldofart.org\/aktualno\/wp-json\/wp\/v2\/pages\/9666\/revisions\/12445"}],"up":[{"embeddable":true,"href":"https:\/\/www.worldofart.org\/arhiv.worldofart.org\/aktualno\/wp-json\/wp\/v2\/pages\/9158"}],"wp:attachment":[{"href":"https:\/\/www.worldofart.org\/arhiv.worldofart.org\/aktualno\/wp-json\/wp\/v2\/media?parent=9666"}],"wp:term":[{"taxonomy":"category","embeddable":true,"href":"https:\/\/www.worldofart.org\/arhiv.worldofart.org\/aktualno\/wp-json\/wp\/v2\/categories?post=9666"},{"taxonomy":"post_tag","embeddable":true,"href":"https:\/\/www.worldofart.org\/arhiv.worldofart.org\/aktualno\/wp-json\/wp\/v2\/tags?post=9666"}],"curies":[{"name":"wp","href":"https:\/\/api.w.org\/{rel}","templated":true}]}}