{"id":9693,"date":"2016-11-20T15:38:19","date_gmt":"2016-11-20T13:38:19","guid":{"rendered":"http:\/\/www.worldofart.org\/aktualno\/?page_id=9693"},"modified":"2016-11-20T15:38:19","modified_gmt":"2016-11-20T13:38:19","slug":"podpora-20142016","status":"publish","type":"page","link":"https:\/\/www.worldofart.org\/arhiv.worldofart.org\/aktualno\/petnajsto-leto-2014-2016\/podpora-20142016","title":{"rendered":"Podpora 2014\/2016"},"content":{"rendered":"<p><strong><em>Svet umetnosti, \u0161ola za kustose in kritike sodobne umetnosti<\/em><br \/>\nLeto 15, 2014\/16<\/strong><\/p>\n<hr \/>\n<p>Celoten program<\/p>\n<p><a href=\"http:\/\/www.ljubljana.si\/si\/mol\/mestna-uprava\/oddelki\/kultura\/\" target=\"_blank\">Mestna ob\u010dina Ljubljana, Oddelek za kulturo<br \/>\n<img decoding=\"async\" src=\"http:\/\/www.scca-ljubljana.si\/logo\/mol-pokroviteljica.gif\" alt=\"\" \/><\/a><\/p>\n<hr \/>\n<p>Razstave<\/p>\n<p><a href=\"http:\/\/www.mk.gov.si\/\" target=\"_blank\">Ministrstvo za kulturo Republike Slovenije<br \/>\n<img loading=\"lazy\" decoding=\"async\" class=\"alignnone size-full wp-image-8089\" title=\"Ministrstvo za kulturo\" src=\"https:\/\/www.worldofart.org\/arhiv.worldofart.org\/aktualno\/wp-content\/uploads\/2010\/02\/Ministrstvo-za-kulturo.jpg\" alt=\"\" width=\"240\" height=\"66\" \/><\/a><\/p>\n<hr \/>\n<p>Javna predavanja in delavnice<\/p>\n<p><a href=\"http:\/\/www.igorzabel.org\/sl\" target=\"_blank\">Dru\u0161tvo Igor Zabel za kulturo in teorijo<br \/>\n<img loading=\"lazy\" decoding=\"async\" class=\"alignnone size-full wp-image-7607\" title=\"Dru\u0161tvo Igor Zabel za kulturo in teorijo\" src=\"https:\/\/www.worldofart.org\/arhiv.worldofart.org\/aktualno\/wp-content\/uploads\/2015\/06\/igor_zabel_logo.png\" alt=\"Dru\u0161tvo Igor Zabel za kulturo in teorijo\" width=\"120\" height=\"75\" \/><\/a><\/p>\n<p><a href=\"http:\/\/www.erstestiftung.org\/\" target=\"_blank\">ERSTE sklad<br \/>\n<img loading=\"lazy\" decoding=\"async\" class=\"alignnone size-full wp-image-5934\" title=\"Erste sklad\" src=\"https:\/\/www.worldofart.org\/arhiv.worldofart.org\/aktualno\/wp-content\/uploads\/2014\/01\/erste-stiftung.jpg\" alt=\"Erste sklad\" width=\"149\" height=\"84\" \/><\/a><\/p>\n<p><a href=\"http:\/\/www.ifa.de\/\" target=\"_blank\">Institut f\u00fcr Auslandsbeziehungen e. V. Stuttgart<br \/>\n<img loading=\"lazy\" decoding=\"async\" class=\"alignnone size-full wp-image-7717\" title=\"Institut f\u00fcr Auslandsbeziehungen e. V. Stuttgart\" src=\"https:\/\/www.worldofart.org\/arhiv.worldofart.org\/aktualno\/wp-content\/uploads\/2014\/02\/ifa_.png\" alt=\"\" width=\"188\" height=\"84\" \/><\/a><\/p>\n<p><a href=\"http:\/\/www.ugm.si\/\" target=\"_blank\">Umetnostna Galerija Maribor<br \/>\n<img loading=\"lazy\" decoding=\"async\" class=\"alignnone size-full wp-image-7187\" title=\"UGM\" src=\"https:\/\/www.worldofart.org\/arhiv.worldofart.org\/aktualno\/wp-content\/uploads\/2015\/03\/UGM.gif\" alt=\"\" width=\"84\" height=\"84\" \/><br \/>\n<\/a><\/p>\n","protected":false},"excerpt":{"rendered":"<p>Svet umetnosti, \u0161ola za kustose in kritike sodobne umetnosti Leto 15, 2014\/16 Celoten program Mestna ob\u010dina Ljubljana, Oddelek za kulturo Razstave Ministrstvo za kulturo Republike Slovenije Javna predavanja in delavnice Dru\u0161tvo Igor Zabel za kulturo in teorijo ERSTE sklad Institut f\u00fcr Auslandsbeziehungen e. V. Stuttgart Umetnostna Galerija Maribor<\/p>\n","protected":false},"author":1,"featured_media":0,"parent":5971,"menu_order":0,"comment_status":"closed","ping_status":"closed","template":"","meta":{"footnotes":""},"categories":[],"tags":[],"_links":{"self":[{"href":"https:\/\/www.worldofart.org\/arhiv.worldofart.org\/aktualno\/wp-json\/wp\/v2\/pages\/9693"}],"collection":[{"href":"https:\/\/www.worldofart.org\/arhiv.worldofart.org\/aktualno\/wp-json\/wp\/v2\/pages"}],"about":[{"href":"https:\/\/www.worldofart.org\/arhiv.worldofart.org\/aktualno\/wp-json\/wp\/v2\/types\/page"}],"author":[{"embeddable":true,"href":"https:\/\/www.worldofart.org\/arhiv.worldofart.org\/aktualno\/wp-json\/wp\/v2\/users\/1"}],"replies":[{"embeddable":true,"href":"https:\/\/www.worldofart.org\/arhiv.worldofart.org\/aktualno\/wp-json\/wp\/v2\/comments?post=9693"}],"version-history":[{"count":1,"href":"https:\/\/www.worldofart.org\/arhiv.worldofart.org\/aktualno\/wp-json\/wp\/v2\/pages\/9693\/revisions"}],"predecessor-version":[{"id":9694,"href":"https:\/\/www.worldofart.org\/arhiv.worldofart.org\/aktualno\/wp-json\/wp\/v2\/pages\/9693\/revisions\/9694"}],"up":[{"embeddable":true,"href":"https:\/\/www.worldofart.org\/arhiv.worldofart.org\/aktualno\/wp-json\/wp\/v2\/pages\/5971"}],"wp:attachment":[{"href":"https:\/\/www.worldofart.org\/arhiv.worldofart.org\/aktualno\/wp-json\/wp\/v2\/media?parent=9693"}],"wp:term":[{"taxonomy":"category","embeddable":true,"href":"https:\/\/www.worldofart.org\/arhiv.worldofart.org\/aktualno\/wp-json\/wp\/v2\/categories?post=9693"},{"taxonomy":"post_tag","embeddable":true,"href":"https:\/\/www.worldofart.org\/arhiv.worldofart.org\/aktualno\/wp-json\/wp\/v2\/tags?post=9693"}],"curies":[{"name":"wp","href":"https:\/\/api.w.org\/{rel}","templated":true}]}}

<p><strong><em>Svet umetnosti, šola za kustose in kritike sodobne umetnosti</em><br />
Leto 15, 2014/16</strong></p>
<hr />
<p>Celoten program</p>
<p><a href="http://www.ljubljana.si/si/mol/mestna-uprava/oddelki/kultura/" target="_blank">Mestna občina Ljubljana, Oddelek za kulturo<br />
<img decoding="async" src="http://www.scca-ljubljana.si/logo/mol-pokroviteljica.gif" alt="" /></a></p>
<hr />
<p>Razstave</p>
<p><a href="http://www.mk.gov.si/" target="_blank">Ministrstvo za kulturo Republike Slovenije<br />
<img loading="lazy" decoding="async" class="alignnone size-full wp-image-8089" title="Ministrstvo za kulturo" src="https://www.worldofart.org/arhiv.worldofart.org/aktualno/wp-content/uploads/2010/02/Ministrstvo-za-kulturo.jpg" alt="" width="240" height="66" /></a></p>
<hr />
<p>Javna predavanja in delavnice</p>
<p><a href="http://www.igorzabel.org/sl" target="_blank">Društvo Igor Zabel za kulturo in teorijo<br />
<img loading="lazy" decoding="async" class="alignnone size-full wp-image-7607" title="Društvo Igor Zabel za kulturo in teorijo" src="https://www.worldofart.org/arhiv.worldofart.org/aktualno/wp-content/uploads/2015/06/igor_zabel_logo.png" alt="Društvo Igor Zabel za kulturo in teorijo" width="120" height="75" /></a></p>
<p><a href="http://www.erstestiftung.org/" target="_blank">ERSTE sklad<br />
<img loading="lazy" decoding="async" class="alignnone size-full wp-image-5934" title="Erste sklad" src="https://www.worldofart.org/arhiv.worldofart.org/aktualno/wp-content/uploads/2014/01/erste-stiftung.jpg" alt="Erste sklad" width="149" height="84" /></a></p>
<p><a href="http://www.ifa.de/" target="_blank">Institut für Auslandsbeziehungen e. V. Stuttgart<br />
<img loading="lazy" decoding="async" class="alignnone size-full wp-image-7717" title="Institut für Auslandsbeziehungen e. V. Stuttgart" src="https://www.worldofart.org/arhiv.worldofart.org/aktualno/wp-content/uploads/2014/02/ifa_.png" alt="" width="188" height="84" /></a></p>
<p><a href="http://www.ugm.si/" target="_blank">Umetnostna Galerija Maribor<br />
<img loading="lazy" decoding="async" class="alignnone size-full wp-image-7187" title="UGM" src="https://www.worldofart.org/arhiv.worldofart.org/aktualno/wp-content/uploads/2015/03/UGM.gif" alt="" width="84" height="84" /><br />
</a></p>

<p>Svet umetnosti, šola za kustose in kritike sodobne umetnosti Leto 15, 2014/16 Celoten program Mestna občina Ljubljana, Oddelek za kulturo Razstave Ministrstvo za kulturo Republike Slovenije Javna predavanja in delavnice Društvo Igor Zabel za kulturo in teorijo ERSTE sklad Institut für Auslandsbeziehungen e. V. Stuttgart Umetnostna Galerija Maribor</p>
