{"id":9824,"date":"2016-11-24T11:30:50","date_gmt":"2016-11-24T09:30:50","guid":{"rendered":"http:\/\/www.worldofart.org\/aktualno\/?page_id=9824"},"modified":"2017-11-24T11:37:49","modified_gmt":"2017-11-24T09:37:49","slug":"dusan-dovc-producent-v-sodobni-likovni-umetnosti","status":"publish","type":"page","link":"https:\/\/www.worldofart.org\/arhiv.worldofart.org\/aktualno\/sestnajsto-leto-2017-2018\/seminarji-in-moduli\/dusan-dovc-producent-v-sodobni-likovni-umetnosti","title":{"rendered":"Du\u0161an Dov\u010d: Producent v sodobni vizualni umetnosti"},"content":{"rendered":"<p>Svet umetnosti | \u0160ola za kuratorske prakse in kriti\u0161ko pisanje | Leto 16<\/p>\n<hr \/>\n<p>V pogovoru med tremi producenti, <strong>Du\u0161anom Dov\u010dem<\/strong> in gostjama <strong>Katerino Mirovi\u0107<\/strong> in <strong>Piero Ravnikar<\/strong>, bomo predstavili, kak\u0161ne so naloge producenta v sodobni vizualni umetnosti.<\/p>\n<p>&nbsp;<\/p>\n<ul>\n<li><strong>Producent v instituciji:<\/strong> Kak\u0161en je prispevek producenta v projektu oz. kak\u0161ne naloge opravlja, npr. vsebinska in tehni\u010dna priprava projekta, izbor razstavnega prostora (koprodukcijska pogodba), financiranje projekta, koordinacija z umetniki, umetnicami in avtorji ter avtoricami projekta, koordinacija promocije projekta, dokumentacija projekta. Osredoto\u010dili se bomo na institucijo, ki deluje na podro\u010dju sodobne likovne umetnosti z osnovno razstavno dejavnostjo, a nima svojega razstavnega prostora. Spra\u0161evali se bomo tudi, kak\u0161na je razlika med koproducentom in soorganizatorjem.<\/li>\n<li><strong>Producent in\/ali kurator:<\/strong> Kak\u0161no je sodelovanje med producentom in kuratorjem? Ali je producent tudi kurator in obratno? Kdaj se njune naloge lo\u010dujejo in kdaj dopolnjujejo?<\/li>\n<li><strong>Poklic producenta:<\/strong> V \u010dasu, ko nekateri poklici v registru samozaposlenih v kulturi postajajo ogro\u017eeni, se bomo pogavarjali tudi, kako pridobiti vpis v register samozaposlenih v kulturi za poklic producenta. Kak\u0161ni so pogoji in kaj vpis v register prina\u0161a?<\/li>\n<\/ul>\n<hr \/>\n<p><strong>Fotogalerija<\/strong> (foto: Arhiv SCCA-Ljubljana)<\/p>\n<div id='gallery-1' class='gallery galleryid-9824 gallery-columns-5 gallery-size-thumbnail'><figure class='gallery-item'>\n\t\t\t<div class='gallery-icon landscape'>\n\t\t\t\t<a href='https:\/\/www.worldofart.org\/arhiv.worldofart.org\/aktualno\/wp-content\/uploads\/2016\/11\/20171123_171736.jpg' rel=\"lightbox[9824]\"><img loading=\"lazy\" decoding=\"async\" width=\"140\" height=\"140\" src=\"https:\/\/www.worldofart.org\/arhiv.worldofart.org\/aktualno\/wp-content\/uploads\/2016\/11\/20171123_171736-140x140.jpg\" class=\"attachment-thumbnail size-thumbnail\" alt=\"\" \/><\/a>\n\t\t\t<\/div><\/figure><figure class='gallery-item'>\n\t\t\t<div class='gallery-icon landscape'>\n\t\t\t\t<a href='https:\/\/www.worldofart.org\/arhiv.worldofart.org\/aktualno\/wp-content\/uploads\/2016\/11\/20171123_170331.jpg' rel=\"lightbox[9824]\"><img loading=\"lazy\" decoding=\"async\" width=\"140\" height=\"140\" src=\"https:\/\/www.worldofart.org\/arhiv.worldofart.org\/aktualno\/wp-content\/uploads\/2016\/11\/20171123_170331-140x140.jpg\" class=\"attachment-thumbnail size-thumbnail\" alt=\"\" \/><\/a>\n\t\t\t<\/div><\/figure><figure class='gallery-item'>\n\t\t\t<div class='gallery-icon landscape'>\n\t\t\t\t<a href='https:\/\/www.worldofart.org\/arhiv.worldofart.org\/aktualno\/wp-content\/uploads\/2016\/11\/20171102_180631_002.jpg' rel=\"lightbox[9824]\"><img loading=\"lazy\" decoding=\"async\" width=\"140\" height=\"140\" src=\"https:\/\/www.worldofart.org\/arhiv.worldofart.org\/aktualno\/wp-content\/uploads\/2016\/11\/20171102_180631_002-140x140.jpg\" class=\"attachment-thumbnail size-thumbnail\" alt=\"\" \/><\/a>\n\t\t\t<\/div><\/figure><figure class='gallery-item'>\n\t\t\t<div class='gallery-icon landscape'>\n\t\t\t\t<a href='https:\/\/www.worldofart.org\/arhiv.worldofart.org\/aktualno\/wp-content\/uploads\/2016\/11\/20171102_180622_001.jpg' rel=\"lightbox[9824]\"><img loading=\"lazy\" decoding=\"async\" width=\"140\" height=\"140\" src=\"https:\/\/www.worldofart.org\/arhiv.worldofart.org\/aktualno\/wp-content\/uploads\/2016\/11\/20171102_180622_001-140x140.jpg\" class=\"attachment-thumbnail size-thumbnail\" alt=\"\" \/><\/a>\n\t\t\t<\/div><\/figure><figure class='gallery-item'>\n\t\t\t<div class='gallery-icon landscape'>\n\t\t\t\t<a href='https:\/\/www.worldofart.org\/arhiv.worldofart.org\/aktualno\/wp-content\/uploads\/2016\/11\/20171102_180828.jpg' rel=\"lightbox[9824]\"><img loading=\"lazy\" decoding=\"async\" width=\"140\" height=\"140\" src=\"https:\/\/www.worldofart.org\/arhiv.worldofart.org\/aktualno\/wp-content\/uploads\/2016\/11\/20171102_180828-140x140.jpg\" class=\"attachment-thumbnail size-thumbnail\" alt=\"\" \/><\/a>\n\t\t\t<\/div><\/figure>\n\t\t<\/div>\n\n<hr \/>\n<p><img loading=\"lazy\" decoding=\"async\" class=\"alignleft\" src=\"https:\/\/www.worldofart.org\/arhiv.worldofart.org\/aktualno\/wp-content\/2007-08\/ekipa-board\/dusan_dovc.jpg\" alt=\"Du\u0161an Dov\u010d\" width=\"100\" height=\"100\" align=\"left\" \/><strong>Du\u0161an Dov\u010d (1973)<\/strong><br \/>\nDiplomiral iz\u00a0primerjalne knji\u017eevnosti in slovenskega jezika na Filozofski fakulteti v Ljubljani. Prve delovne izku\u0161nje v kulturi je pridobival na zavodu in reviji za kulturo <em>Emzin<\/em> kot urednik in vodja projektov (1997\u22122002), nato na dru\u017ebi za komunikacijsko upravljanje Pristop kot asistent odnosov z javnostmi (junij\u2212december 2003). Od leta 2004 je zaposlen na Zavodu SCCA\u2212Ljubljana kot vodja produkcije, odnosov z javnostmi in pridobivanje sredstev. Je tudi \u010dlan projektne skupine fizi\u010dnega in spletnega video arhiva <em>Postaja DIVA<\/em> in koordinira program <em>Brez \u017eebljev in podstavkov<\/em>. Aktiven je tudi v razli\u010dnih skupinah za razvoj kulturne politike (\u010dlan ekspertne skupine za mobilnost pri Evropski komisiji, maj\u2013december 2011, \u010dlan upravnega odbora pri dru\u0161tvu Asociacija, dru\u0161tvo nevladnih organizacij in samostojnih ustvarjalcev na podro\u010dju kulture in umetnosti, Ljubljana od leta 2009).<\/p>\n<p><b><img loading=\"lazy\" decoding=\"async\" class=\"alignleft size-full wp-image-8123\" title=\"Katerina Mirovi\u0107, foto: DK\" src=\"https:\/\/www.worldofart.org\/arhiv.worldofart.org\/aktualno\/wp-content\/uploads\/2015\/10\/katerina-mirovic_fotoDK.jpg\" alt=\"\" width=\"100\" height=\"100\" \/>Katerina Mirovi\u0107<\/b>, kustosinja, producentka in urednica, med drugim soustanoviteljica in \u010dlanica uredni\u0161tva revije <i>Stripburger <\/i>ter soustanoviteljica in programska selektorica festivala <i>Svetlobna gverila<\/i>, ki je v preteklih letih s svojim delovanjem na podro\u010dju vizualne umetnosti mo\u010dno prispevala k razvoju doma\u010de kulturno-umetni\u0161ke scene. Diplomirala je iz sociologije kulture in etnologije na Filozofski fakulteti v Ljubljani. \u017de med \u0161tudijem se je ukvarjala s kulturno produkcijo \u2013 prete\u017eno z organizacijo koncertov. Je ena izmed ustanoviteljev<strong><a href=\"http:\/\/www.ljudmila.org\/stripcore\/\" target=\"_blank\" rel=\"noopener\"> <i>Strip Cora<\/i><\/a><\/strong>, kjer so se ukvarjali z glasbo in likovno produkcijo, leta 1992 pa so za\u010deli z izdajanjem revije <i>Stripburger<\/i>. Uspe\u0161nost revije je mo\u010d opaziti tudi v razli\u010dnih paradogodkih, kot so delavnice, predavanja in razstave. Katerina Mirovi\u0107 pa je skupaj z Aleksandro Stratimirovi\u0107 med drugim odgovorna tudi za zagon letnega festivala <i>Svetlobne gverile<\/i>, ki se je sprva leta 2007 imenoval <i>Detektivi svetlobe<\/i>, pod sedanjim imenom pa ga poznamo od leta 2008.<\/p>\n<p><img loading=\"lazy\" decoding=\"async\" class=\"alignleft size-full wp-image-12017\" src=\"https:\/\/www.worldofart.org\/arhiv.worldofart.org\/aktualno\/wp-content\/uploads\/2016\/11\/Piera-Ravnikar.jpg\" alt=\"\" width=\"100\" height=\"100\" \/><strong>Piera Ravnikar<\/strong> je na podro\u010dju sodobne umetnosti in urbane kulture aktivna zadnjih petnajst let. Za sabo ima \u0161tevilna uspe\u0161na sodelovanja z umetniki razli\u010dnih profilov in kolektivnimi projekti s podro\u010dij vizualnih, performativnih in medijskih umetnosti. V poskusu doseganja \u0161ir\u0161ih globalnih in kulturnih sprememb preko umetnosti je sodelovala s \u0161tevilnimi mednarodnimi organizacijami in mediji. Trenutno je zaposlena kot umetni\u0161ka vodja programov v <a href=\"http:\/\/www.kinosiska.si\/\" target=\"_blank\" rel=\"noopener\">Centru urbane kulture Kino \u0160i\u0161ka<\/a> in kot vodja galerije <a href=\"http:\/\/dobravaga.si\/\" target=\"_blank\" rel=\"noopener\">DobraVaga<\/a>, sodeluje pa tudi pri projektih kot so <a href=\"http:\/\/www.ment.si\/sl\/\" target=\"_blank\" rel=\"noopener\">MENT Ljubljana<\/a>, <a href=\"https:\/\/www.facebook.com\/LIMITED-EDIT111ONS-559699150803566\/\" target=\"_blank\" rel=\"noopener\">LIMITED EDIT111ONS<\/a>, Independent Platform New York City in\u00a0<a href=\"http:\/\/www.skalinada.info\/#about\" target=\"_blank\" rel=\"noopener\">SKALINADA AIR<\/a>. Magistrirala je iz zgodovine na Univerzi v Londonu, s fokusom na Otomanskem imperiju na Balkanu, EU diplomo pa je pridobila iz kulturnega mened\u017ementa pri Association Marcel Hicter v Bruslju.<\/p>\n","protected":false},"excerpt":{"rendered":"<p>Svet umetnosti | \u0160ola za kuratorske prakse in kriti\u0161ko pisanje | Leto 16 V pogovoru med tremi producenti, Du\u0161anom Dov\u010dem in gostjama Katerino Mirovi\u0107 in Piero Ravnikar, bomo predstavili, kak\u0161ne so naloge producenta v sodobni vizualni umetnosti. &nbsp; Producent v instituciji: Kak\u0161en je prispevek producenta v projektu oz. kak\u0161ne naloge opravlja, npr. vsebinska in tehni\u010dna [&hellip;]<\/p>\n","protected":false},"author":1,"featured_media":0,"parent":9160,"menu_order":0,"comment_status":"closed","ping_status":"closed","template":"","meta":{"footnotes":""},"categories":[],"tags":[],"_links":{"self":[{"href":"https:\/\/www.worldofart.org\/arhiv.worldofart.org\/aktualno\/wp-json\/wp\/v2\/pages\/9824"}],"collection":[{"href":"https:\/\/www.worldofart.org\/arhiv.worldofart.org\/aktualno\/wp-json\/wp\/v2\/pages"}],"about":[{"href":"https:\/\/www.worldofart.org\/arhiv.worldofart.org\/aktualno\/wp-json\/wp\/v2\/types\/page"}],"author":[{"embeddable":true,"href":"https:\/\/www.worldofart.org\/arhiv.worldofart.org\/aktualno\/wp-json\/wp\/v2\/users\/1"}],"replies":[{"embeddable":true,"href":"https:\/\/www.worldofart.org\/arhiv.worldofart.org\/aktualno\/wp-json\/wp\/v2\/comments?post=9824"}],"version-history":[{"count":13,"href":"https:\/\/www.worldofart.org\/arhiv.worldofart.org\/aktualno\/wp-json\/wp\/v2\/pages\/9824\/revisions"}],"predecessor-version":[{"id":12262,"href":"https:\/\/www.worldofart.org\/arhiv.worldofart.org\/aktualno\/wp-json\/wp\/v2\/pages\/9824\/revisions\/12262"}],"up":[{"embeddable":true,"href":"https:\/\/www.worldofart.org\/arhiv.worldofart.org\/aktualno\/wp-json\/wp\/v2\/pages\/9160"}],"wp:attachment":[{"href":"https:\/\/www.worldofart.org\/arhiv.worldofart.org\/aktualno\/wp-json\/wp\/v2\/media?parent=9824"}],"wp:term":[{"taxonomy":"category","embeddable":true,"href":"https:\/\/www.worldofart.org\/arhiv.worldofart.org\/aktualno\/wp-json\/wp\/v2\/categories?post=9824"},{"taxonomy":"post_tag","embeddable":true,"href":"https:\/\/www.worldofart.org\/arhiv.worldofart.org\/aktualno\/wp-json\/wp\/v2\/tags?post=9824"}],"curies":[{"name":"wp","href":"https:\/\/api.w.org\/{rel}","templated":true}]}}