{"id":9830,"date":"2016-11-24T11:33:47","date_gmt":"2016-11-24T09:33:47","guid":{"rendered":"http:\/\/www.worldofart.org\/aktualno\/?page_id=9830"},"modified":"2017-10-11T11:06:03","modified_gmt":"2017-10-11T09:06:03","slug":"dusan-dovc-priprava-financnega-nacrta-za-razstavo-sodobne-umetnosti","status":"publish","type":"page","link":"https:\/\/www.worldofart.org\/arhiv.worldofart.org\/aktualno\/sestnajsto-leto-2017-2018\/seminarji-in-moduli\/dusan-dovc-priprava-financnega-nacrta-za-razstavo-sodobne-umetnosti","title":{"rendered":"Du\u0161an Dov\u010d: Priprava finan\u010dnega na\u010drta za razstavo sodobne umetnosti"},"content":{"rendered":"<p>Svet umetnosti | \u0160ola za kuratorske prakse in kriti\u0161ko pisanje | Leto 16<\/p>\n<hr \/>\n<p>Glede na predhodno pridobljeno znanje z modulov na temo sponzorskih sredstev bo <i>Priprava finan\u010dnega na\u010drta za razstavo sodobne umetnosti<\/i> udele\u017eencem_kam ponudila osnovna znanja, informacije in ve\u0161\u010dine upravljanja s finan\u010dnimi sredstvi. Zasnova finan\u010dnega na\u010drta bo temelj za pripravo stro\u0161kovnika kon\u010dne razstave. Spoznali se bomo z razrezom predvidenih\/nepredvidenih prihodkov\/odhodkov razli\u010dnih segmentov (razstavnina, produkcija, honorar, prevoz, tisk, pogostitev, idr.) in s poslovanjem z izpla\u010dili, (pred)ra\u010duni, ponudbami, naro\u010dilnicami, gotovinskim poslovanjem, idr.<\/p>\n<hr \/>\n<p><img loading=\"lazy\" decoding=\"async\" class=\"alignleft\" src=\"https:\/\/www.worldofart.org\/arhiv.worldofart.org\/aktualno\/wp-content\/2007-08\/ekipa-board\/dusan_dovc.jpg\" alt=\"Du\u0161an Dov\u010d\" width=\"100\" height=\"100\" align=\"left\" \/><strong>Du\u0161an Dov\u010d (1973)<\/strong><br \/>\nDiplomiral iz\u00a0primerjalne knji\u017eevnosti in slovenskega jezika na Filozofski fakulteti v Ljubljani. Prve delovne izku\u0161nje v kulturi je pridobival na zavodu in reviji za kulturo <em>Emzin<\/em> kot urednik in vodja projektov (1997\u22122002), nato na dru\u017ebi za komunikacijsko upravljanje Pristop kot asistent odnosov z javnostmi (junij\u2212december 2003). Od leta 2004 je zaposlen na Zavodu SCCA\u2212Ljubljana kot vodja produkcije, odnosov z javnostmi in pridobivanje sredstev. Je tudi \u010dlan projektne skupine fizi\u010dnega in spletnega video arhiva <em>Postaja DIVA<\/em> in koordinira program <em>Brez \u017eebljev in podstavkov<\/em>. Aktiven je tudi v razli\u010dnih skupinah za razvoj kulturne politike (\u010dlan ekspertne skupine za mobilnost pri Evropski komisiji, maj\u2013december 2011, \u010dlan upravnega odbora pri dru\u0161tvu Asociacija, dru\u0161tvo nevladnih organizacij in samostojnih ustvarjalcev na podro\u010dju kulture in umetnosti, Ljubljana od leta 2009).<\/p>\n","protected":false},"excerpt":{"rendered":"<p>Svet umetnosti | \u0160ola za kuratorske prakse in kriti\u0161ko pisanje | Leto 16 Glede na predhodno pridobljeno znanje z modulov na temo sponzorskih sredstev bo Priprava finan\u010dnega na\u010drta za razstavo sodobne umetnosti udele\u017eencem_kam ponudila osnovna znanja, informacije in ve\u0161\u010dine upravljanja s finan\u010dnimi sredstvi. Zasnova finan\u010dnega na\u010drta bo temelj za pripravo stro\u0161kovnika kon\u010dne razstave. Spoznali se [&hellip;]<\/p>\n","protected":false},"author":1,"featured_media":0,"parent":9160,"menu_order":0,"comment_status":"closed","ping_status":"closed","template":"","meta":{"footnotes":""},"categories":[],"tags":[],"_links":{"self":[{"href":"https:\/\/www.worldofart.org\/arhiv.worldofart.org\/aktualno\/wp-json\/wp\/v2\/pages\/9830"}],"collection":[{"href":"https:\/\/www.worldofart.org\/arhiv.worldofart.org\/aktualno\/wp-json\/wp\/v2\/pages"}],"about":[{"href":"https:\/\/www.worldofart.org\/arhiv.worldofart.org\/aktualno\/wp-json\/wp\/v2\/types\/page"}],"author":[{"embeddable":true,"href":"https:\/\/www.worldofart.org\/arhiv.worldofart.org\/aktualno\/wp-json\/wp\/v2\/users\/1"}],"replies":[{"embeddable":true,"href":"https:\/\/www.worldofart.org\/arhiv.worldofart.org\/aktualno\/wp-json\/wp\/v2\/comments?post=9830"}],"version-history":[{"count":7,"href":"https:\/\/www.worldofart.org\/arhiv.worldofart.org\/aktualno\/wp-json\/wp\/v2\/pages\/9830\/revisions"}],"predecessor-version":[{"id":12021,"href":"https:\/\/www.worldofart.org\/arhiv.worldofart.org\/aktualno\/wp-json\/wp\/v2\/pages\/9830\/revisions\/12021"}],"up":[{"embeddable":true,"href":"https:\/\/www.worldofart.org\/arhiv.worldofart.org\/aktualno\/wp-json\/wp\/v2\/pages\/9160"}],"wp:attachment":[{"href":"https:\/\/www.worldofart.org\/arhiv.worldofart.org\/aktualno\/wp-json\/wp\/v2\/media?parent=9830"}],"wp:term":[{"taxonomy":"category","embeddable":true,"href":"https:\/\/www.worldofart.org\/arhiv.worldofart.org\/aktualno\/wp-json\/wp\/v2\/categories?post=9830"},{"taxonomy":"post_tag","embeddable":true,"href":"https:\/\/www.worldofart.org\/arhiv.worldofart.org\/aktualno\/wp-json\/wp\/v2\/tags?post=9830"}],"curies":[{"name":"wp","href":"https:\/\/api.w.org\/{rel}","templated":true}]}}