{"id":1175,"date":"2012-10-25T11:48:57","date_gmt":"2012-10-25T09:48:57","guid":{"rendered":"http:\/\/www.worldofart.org\/current\/?page_id=1175"},"modified":"2013-07-15T13:41:19","modified_gmt":"2013-07-15T11:41:19","slug":"timetable-20112013-2nd-semester","status":"publish","type":"page","link":"https:\/\/www.worldofart.org\/arhiv.worldofart.org\/current\/14th-year-20112013\/timetable-20112013\/timetable-20112013-2nd-semester","title":{"rendered":"Timetable 2011\/2013 \u2013 2nd YEAR"},"content":{"rendered":"<p class=\"leto-vi\"><strong>2nd YEAR<\/strong><\/p>\n<p class=\"leto\"><strong>2012<\/strong><\/p>\n<p class=\"mesec13\"><strong>September<\/strong><\/p>\n<table width=\"100%\" border=\"0\" cellspacing=\"0\" cellpadding=\"0\">\n<tbody>\n<tr>\n<td class=\"mesec\" valign=\"top\" width=\"20%\">Thursday,<br \/>\nSeptember 13, 2012<\/td>\n<td class=\"tdprogramsredina\" valign=\"top\" width=\"20%\">16.00\u221219.30<\/td>\n<td class=\"tdprogram\" valign=\"top\" width=\"60%\">Presentation of Virtual Exhibitions<\/td>\n<\/tr>\n<tr>\n<td class=\"mesec\" valign=\"top\" width=\"20%\">Thursday,<br \/>\nSeptember 20, 2012<\/td>\n<td class=\"tdprogramsredina\" valign=\"top\" width=\"20%\">16.00\u221219.30<\/td>\n<td class=\"tdprogram\" valign=\"top\" width=\"60%\">Presentation of Virtual Exhibitions<\/td>\n<\/tr>\n<tr>\n<td class=\"mesec\" valign=\"top\" width=\"20%\">Thursday,<br \/>\nSeptember 27, 2012<\/td>\n<td class=\"tdprogramsredina\" valign=\"top\" width=\"20%\">16.00\u221220.00<\/td>\n<td class=\"tdprogram\" valign=\"top\" width=\"60%\">Du\u0161an Dov\u010d: Fundraising<\/td>\n<\/tr>\n<\/tbody>\n<\/table>\n<p class=\"mesec13\"><strong>October<\/strong><\/p>\n<table width=\"100%\" border=\"0\" cellspacing=\"0\" cellpadding=\"0\">\n<tbody>\n<tr>\n<td class=\"mesec\" rowspan=\"2\" valign=\"top\" width=\"20%\">Thursday,<br \/>\nOctober 4, 2012<\/td>\n<td class=\"tdprogramsredina\" valign=\"top\" width=\"20%\">14.00<\/td>\n<td class=\"tdprogram\" valign=\"top\" width=\"60%\"><em>Systems and Patterns<\/em>, guided tour by Nevenka \u0160ivavec, MGLC, Ljubljana<\/td>\n<\/tr>\n<tr>\n<td class=\"tdprogramsredina\" valign=\"top\" width=\"20%\">16.00\u201317.30<\/td>\n<td class=\"tdprogram\" valign=\"top\" width=\"60%\">Curatorial Course<\/td>\n<\/tr>\n<tr>\n<td class=\"mesec\" rowspan=\"2\" valign=\"top\" width=\"20%\">Thursday,<br \/>\nOctober 11, 2012<\/td>\n<td class=\"tdprogramsredina\" valign=\"top\" width=\"20%\">16.00\u201317.30<\/td>\n<td class=\"tdprogram\" valign=\"top\" width=\"60%\">Du\u0161an Dov\u010d: Fundraising.<\/td>\n<\/tr>\n<tr>\n<td class=\"tdprogramsredina\" valign=\"top\" width=\"20%\">17.45\u201319.30<\/td>\n<td class=\"tdprogram\" valign=\"top\" width=\"60%\">Petja Grafenauer: Close reading workshop<\/td>\n<\/tr>\n<tr>\n<td class=\"mesec\" rowspan=\"2\" valign=\"top\" width=\"20%\">Thursday,<br \/>\nOctober 18, 2012<\/td>\n<td class=\"tdprogramsredina\" valign=\"top\" width=\"20%\">14.00\u201315.30<\/td>\n<td class=\"tdprogram\" valign=\"top\" width=\"60%\"><em>Marko Poga\u010dnik. The art of life &#8211; the life of art<\/em>, guided tour by Igor \u0160panjol<\/td>\n<\/tr>\n<tr>\n<td class=\"tdprogramsredina\" valign=\"top\" width=\"20%\">16.00\u201317.45<\/td>\n<td class=\"tdprogram\" valign=\"top\" width=\"60%\">Curatorial Course<\/td>\n<\/tr>\n<tr>\n<td class=\"mesec\" rowspan=\"2\" valign=\"top\" width=\"20%\">Thursday,<br \/>\nOctober 25, 2012<\/td>\n<td class=\"tdprogramsredina\" valign=\"top\" width=\"20%\">16.00\u201317.30<\/td>\n<td class=\"tdprogram\" valign=\"top\" width=\"60%\">Curatorial Course<\/td>\n<\/tr>\n<tr>\n<td class=\"tdprogramsredina\" valign=\"top\" width=\"20%\">17.45\u201319.30<\/td>\n<td class=\"tdprogram\" valign=\"top\" width=\"60%\">Petja Grafenauer: Close reading workshop<\/td>\n<\/tr>\n<\/tbody>\n<\/table>\n<p class=\"mesec13\"><strong>November<\/strong><\/p>\n<table width=\"100%\" border=\"0\" cellspacing=\"0\" cellpadding=\"0\">\n<tbody>\n<tr>\n<td class=\"mesec\" rowspan=\"2\" valign=\"top\" width=\"20%\">Thursday,<br \/>\nNovember 8, 2012<\/td>\n<td class=\"tdprogramsredina\" valign=\"top\" width=\"20%\">16.00\u201317.30<\/td>\n<td class=\"tdprogram\" valign=\"top\" width=\"60%\">Curatorial Course<\/td>\n<\/tr>\n<tr>\n<td class=\"tdprogramsredina\" valign=\"top\" width=\"20%\">17.45\u201319.30<\/td>\n<td class=\"tdprogram\" valign=\"top\" width=\"60%\">Petja Grafenauer: Close reading workshop<\/td>\n<\/tr>\n<tr>\n<td class=\"mesec\" valign=\"top\" width=\"20%\">Monday,<br \/>\nNovember 12, 2012<\/td>\n<td class=\"tdprogramsredina\" valign=\"top\" width=\"20%\">17.00<\/td>\n<td class=\"tdprogram\" valign=\"top\" width=\"60%\">Petja Grafenauer: Workshop on writing about Experimental Research &amp; Exhibition Project <em>Video Turn<\/em><\/td>\n<\/tr>\n<tr>\n<td class=\"mesec\" valign=\"top\" width=\"20%\">Tuesday,<br \/>\nNovember 13, 2012<\/td>\n<td class=\"tdprogramsredina\" valign=\"top\" width=\"20%\">20.00<\/td>\n<td class=\"tdprogram\" valign=\"top\" width=\"60%\">Petja Grafenauer: Workshop on writing about Experimental Research &amp; Exhibition Project <em>Video Turn<\/em><br \/>\n(opening of the exhibition)<\/td>\n<\/tr>\n<tr>\n<td class=\"mesec\" valign=\"top\" width=\"20%\">Wednesday,<br \/>\nNovember 14, 2012<\/td>\n<td class=\"tdprogramsredina\" valign=\"top\" width=\"20%\">18.00<\/td>\n<td class=\"tdprogram\" valign=\"top\" width=\"60%\">Petja Grafenauer: Workshop on writing about Experimental Research &amp; Exhibition Project <em>Video Turn<\/em><\/td>\n<\/tr>\n<tr>\n<td class=\"mesec\" rowspan=\"2\" valign=\"top\" width=\"20%\">Thursday,<br \/>\nNovember 15, 2012<\/td>\n<td class=\"tdprogramsredina\" valign=\"top\" width=\"20%\">14.00\u201315.30<\/td>\n<td class=\"tdprogram\" valign=\"top\" width=\"60%\">Milan Eri\u010d: <em>Non Overwiev Exhibition<\/em>, guided tour by Sarival Sosi\u010d, MGML<\/td>\n<\/tr>\n<tr>\n<td class=\"tdprogramsredina\" valign=\"top\" width=\"20%\">16.00\u201317.30<\/td>\n<td class=\"tdprogram\" valign=\"top\" width=\"60%\">Sa\u0161a Nabergoj: Art XX. Century. Chapters.<\/td>\n<\/tr>\n<tr>\n<td class=\"mesec\" rowspan=\"2\" valign=\"top\" width=\"20%\">Thursday,<br \/>\nNovember 22, 2012<\/td>\n<td class=\"tdprogramsredina\" valign=\"top\" width=\"20%\">16.00\u201317.30<\/td>\n<td class=\"tdprogram\" valign=\"top\" width=\"60%\">Curatorial Course<\/td>\n<\/tr>\n<tr>\n<td class=\"tdprogramsredina\" valign=\"top\" width=\"20%\">18.00\u201319.30<\/td>\n<td class=\"tdprogram\" valign=\"top\" width=\"60%\">Petja Grafenauer: Workshop on writing about Experimental Research &amp; Exhibition Project <em>Video Turn<\/em><\/td>\n<\/tr>\n<tr>\n<td class=\"mesec\" valign=\"top\" width=\"20%\">Wednesday,<br \/>\nNovember 28, 2012<\/td>\n<td class=\"tdprogramsredina\" valign=\"top\" width=\"20%\">15.00<\/td>\n<td class=\"tdprogram\" valign=\"top\" width=\"60%\">Petja Grafenauer: Workshop on writing about Experimental Research &amp; Exhibition Project <em>Video Turn<\/em><\/td>\n<\/tr>\n<tr>\n<td class=\"mesec\" rowspan=\"2\" valign=\"top\" width=\"20%\">Thursday,<br \/>\nNovember 29, 2012<\/td>\n<td class=\"tdprogramsredina\" valign=\"top\" width=\"20%\">16.00\u201317.30<\/td>\n<td class=\"tdprogram\" valign=\"top\" width=\"60%\">Curatorial Course<\/td>\n<\/tr>\n<tr>\n<td class=\"tdprogramsredina\" valign=\"top\" width=\"20%\">17.45\u201319.30<\/td>\n<td class=\"tdprogram\" valign=\"top\" width=\"60%\">Tev\u017e Logar: Studio visit (<a href=\"http:\/\/www.zavod-parasite.si\/eng\/archives\/1082\" target=\"_blank\">Toma\u017e Toma\u017ein<\/a>)<\/td>\n<\/tr>\n<\/tbody>\n<\/table>\n<p class=\"mesec13\"><strong>December<\/strong><\/p>\n<table width=\"100%\" border=\"0\" cellspacing=\"0\" cellpadding=\"0\">\n<tbody>\n<tr>\n<td class=\"mesec\" valign=\"top\" width=\"20%\">Saturday,<br \/>\nDecember 1, 2012<\/td>\n<td class=\"tdprogramsredina\" valign=\"top\" width=\"20%\">17.00<\/td>\n<td class=\"tdprogram\" valign=\"top\" width=\"60%\">Petja Grafenauer: Workshop on writing about Experimental Research &amp; Exhibition Project <em>Video Turn<\/em><br \/>\n(the final meeting with the mentor and conclusion of the workshop)<\/td>\n<\/tr>\n<tr>\n<td class=\"mesec\" valign=\"top\" width=\"20%\">Tuesday,<br \/>\nDecember 12, 2012<\/td>\n<td class=\"tdprogramsredina\" valign=\"top\" width=\"20%\"><\/td>\n<td class=\"tdprogram\" valign=\"top\" width=\"60%\">Petja Grafenauer: Workshop on writing about Experimental Research &amp; Exhibition Project <em>Video Turn<\/em><br \/>\n(submitting finished texts, individual debates with participants is going to follow after the evaluation of submitions)<\/td>\n<\/tr>\n<tr>\n<td class=\"mesec\" valign=\"top\" width=\"20%\">Thursday,<br \/>\nDecember 6, 2012<\/td>\n<td class=\"tdprogramsredina\" valign=\"top\" width=\"20%\">16.00\u201317.30<\/td>\n<td class=\"tdprogram\" valign=\"top\" width=\"60%\">Curatorial Course<\/td>\n<\/tr>\n<tr>\n<td class=\"mesec\" valign=\"top\" width=\"20%\">Thursday,<br \/>\nDecember 13, 2012<\/td>\n<td class=\"tdprogramsredina\" valign=\"top\" width=\"20%\">16.00\u201317.30<\/td>\n<td class=\"tdprogram\" valign=\"top\" width=\"60%\">Curatorial Course<\/td>\n<\/tr>\n<tr>\n<td class=\"mesec\" valign=\"top\" width=\"20%\">Wednesday,<br \/>\nDecember 19, 2012<\/td>\n<td class=\"tdprogramsredina\" valign=\"top\" width=\"20%\">16.00\u201317.30<\/td>\n<td class=\"tdprogram\" valign=\"top\" width=\"60%\">Curatorial Course<\/td>\n<\/tr>\n<\/tbody>\n<\/table>\n<p class=\"leto\"><strong>2013<\/strong><\/p>\n<p class=\"mesec13\"><strong>January<\/strong><\/p>\n<table width=\"100%\" border=\"0\" cellspacing=\"0\" cellpadding=\"0\">\n<tbody>\n<tr>\n<td class=\"mesec\" valign=\"top\" width=\"20%\">Thursday,<br \/>\nJanuary 3, 2013<\/td>\n<td class=\"tdprogramsredina\" valign=\"top\" width=\"20%\">16.00\u201317.30<\/td>\n<td class=\"tdprogram\" valign=\"top\" width=\"60%\">Curatorial Course<\/td>\n<\/tr>\n<tr>\n<td class=\"mesec\" valign=\"top\" width=\"20%\">Thursday,<br \/>\nJanuary 10, 2013<\/td>\n<td class=\"tdprogramsredina\" valign=\"top\" width=\"20%\">16.00\u201317.30<\/td>\n<td class=\"tdprogram\" valign=\"top\" width=\"60%\">Curatorial Course<\/td>\n<\/tr>\n<tr>\n<td class=\"mesec\" valign=\"top\" width=\"20%\">Thursday,<br \/>\nJanuary 17, 2013<\/td>\n<td class=\"tdprogramsredina\" valign=\"top\" width=\"20%\">16.00\u201317.30<\/td>\n<td class=\"tdprogram\" valign=\"top\" width=\"60%\">Curatorial Course<\/td>\n<\/tr>\n<tr>\n<td class=\"mesec\" valign=\"top\" width=\"20%\">Thursday,<br \/>\nJanuary 24, 2013<\/td>\n<td class=\"tdprogramsredina\" valign=\"top\" width=\"20%\">16.00\u201317.30<\/td>\n<td class=\"tdprogram\" valign=\"top\" width=\"60%\">Curatorial Course<\/td>\n<\/tr>\n<tr>\n<td class=\"mesec\" valign=\"top\" width=\"20%\">Thursday,<br \/>\nJanuary 31, 2013<\/td>\n<td class=\"tdprogramsredina\" valign=\"top\" width=\"20%\">16.00\u201317.30<\/td>\n<td class=\"tdprogram\" valign=\"top\" width=\"60%\">Curatorial Course<\/td>\n<\/tr>\n<\/tbody>\n<\/table>\n<p class=\"mesec13\"><strong>February<\/strong><\/p>\n<table width=\"100%\" border=\"0\" cellspacing=\"0\" cellpadding=\"0\">\n<tbody>\n<tr>\n<td class=\"mesec\" valign=\"top\" width=\"20%\">Thursday,<br \/>\nFebruary 7, 2013<\/td>\n<td class=\"tdprogramsredina\" valign=\"top\" width=\"20%\">16.00\u201317.30<\/td>\n<td class=\"tdprogram\" valign=\"top\" width=\"60%\">Curatorial Course<\/td>\n<\/tr>\n<tr>\n<td class=\"mesec\" valign=\"top\" width=\"20%\">Thursday,<br \/>\nFebruary 14, 2013<\/td>\n<td class=\"tdprogramsredina\" valign=\"top\" width=\"20%\">16.00\u201317.30<\/td>\n<td class=\"tdprogram\" valign=\"top\" width=\"60%\">Curatorial Course<\/td>\n<\/tr>\n<tr>\n<td class=\"mesec\" valign=\"top\" width=\"20%\">Thursday,<br \/>\nFebruary 21, 2013<\/td>\n<td class=\"tdprogramsredina\" valign=\"top\" width=\"20%\">16.00\u201317.30<\/td>\n<td class=\"tdprogram\" valign=\"top\" width=\"60%\">Curatorial Course<\/td>\n<\/tr>\n<tr>\n<td class=\"mesec\" valign=\"top\" width=\"20%\">Thursday,<br \/>\nFebruary 28, 2013<\/td>\n<td class=\"tdprogramsredina\" valign=\"top\" width=\"20%\">16.00\u201317.30<\/td>\n<td class=\"tdprogram\" valign=\"top\" width=\"60%\">Curatorial Course<\/td>\n<\/tr>\n<\/tbody>\n<\/table>\n<p class=\"mesec13\"><strong>March<\/strong><\/p>\n<table width=\"100%\" border=\"0\" cellspacing=\"0\" cellpadding=\"0\">\n<tbody>\n<tr>\n<td class=\"mesec\" valign=\"top\" width=\"20%\">Thursday,<br \/>\nMarch 7, 2013<\/td>\n<td class=\"tdprogramsredina\" valign=\"top\" width=\"20%\">16.00\u201317.30<\/td>\n<td class=\"tdprogram\" valign=\"top\" width=\"60%\">Curatorial Course<\/td>\n<\/tr>\n<tr>\n<td class=\"mesec\" rowspan=\"2\" valign=\"top\" width=\"20%\">Thursday,<br \/>\nMarch 14, 2013<\/td>\n<td class=\"tdprogramsredina\" valign=\"top\" width=\"20%\">13.30\u201315.30<\/td>\n<td class=\"tdprogram\" valign=\"top\" width=\"60%\">Jana Intihar Ferjan: <em>Documentation<\/em><\/td>\n<\/tr>\n<tr>\n<td class=\"tdprogramsredina\" valign=\"top\" width=\"20%\">16.00\u201317.30<\/td>\n<td class=\"tdprogram\" valign=\"top\" width=\"60%\">Curatorial Course<\/td>\n<\/tr>\n<tr>\n<td class=\"mesec\" valign=\"top\" width=\"20%\">Thursday,<br \/>\nMarch 21, 2013<\/td>\n<td class=\"tdprogramsredina\" valign=\"top\" width=\"20%\">16.00\u201317.30<\/td>\n<td class=\"tdprogram\" valign=\"top\" width=\"60%\">Curatorial Course<\/td>\n<\/tr>\n<tr>\n<td class=\"mesec\" valign=\"top\" width=\"20%\">Thursday,<br \/>\nMarch 28, 2013<\/td>\n<td class=\"tdprogramsredina\" valign=\"top\" width=\"20%\">16.00\u201317.30<\/td>\n<td class=\"tdprogram\" valign=\"top\" width=\"60%\">Curatorial Course<\/td>\n<\/tr>\n<\/tbody>\n<\/table>\n<p class=\"mesec13\"><strong>April<\/strong><\/p>\n<table border=\"0\" cellspacing=\"0\" cellpadding=\"0\">\n<tbody>\n<tr>\n<td class=\"mesec\" valign=\"top\" width=\"20%\">Thursday,<br \/>\nApril 4, 2013<\/td>\n<td class=\"tdprogramsredina\" valign=\"top\" width=\"15%\">20.00<\/td>\n<td class=\"tdprogram\" valign=\"top\">Opening of the exhibition \u00bb4. 4.\u00ab, <a href=\"http:\/\/www.galerija.skuc-drustvo.si\/skuc2.html\" target=\"_blank\">Skuc Gallery<\/a>, Stari trg 21<\/td>\n<\/tr>\n<tr>\n<td class=\"mesec\" valign=\"top\">Friday,<br \/>\nApril 5, 2013<\/td>\n<td class=\"tdprogramsredina\" valign=\"top\">10.00\u201318.00<\/td>\n<td class=\"tdprogram\" valign=\"top\">Overview of the scene with students of History of Art (HoA), meetings with curators<\/td>\n<\/tr>\n<tr>\n<td class=\"mesec\" valign=\"top\">Saturday,<br \/>\nApril 6, 2013<\/td>\n<td class=\"tdprogramsredina\" valign=\"top\"><\/td>\n<td class=\"tdprogram\" valign=\"top\">Overview of the scene, presentations of the venues by students of HoA<\/td>\n<\/tr>\n<tr>\n<td class=\"mesec\" valign=\"top\">Sunday,<br \/>\nApril 7, 2013<\/td>\n<td class=\"tdprogramsredina\" valign=\"top\"><\/td>\n<td class=\"tdprogram\" valign=\"top\">Solo visit of St. Joost students and HoA students of the exhibition \u00bb4. 4.\u00ab<\/td>\n<\/tr>\n<tr>\n<td class=\"mesec\" rowspan=\"3\" valign=\"top\">Monday,<br \/>\nApril 8, 2013<\/td>\n<td class=\"tdprogramsredina\" valign=\"top\" width=\"20%\">11.00\u201312.00<\/td>\n<td class=\"tdprogram\" valign=\"top\">Presentation of the Skuc Gallery by Vladimir Vidmar<\/td>\n<\/tr>\n<tr>\n<td class=\"tdprogramsredina\" valign=\"top\" width=\"20%\">12.00\u201313.00<\/td>\n<td class=\"tdprogram\" valign=\"top\">St. Joost &amp; WoA &amp; HoA students discussion on the exhibition \u00bb4. 4.\u00ab, Skuc Gallery<\/td>\n<\/tr>\n<tr>\n<td class=\"tdprogramsredina\" valign=\"top\" width=\"20%\">13.00\u201315.00<\/td>\n<td class=\"tdprogram\" valign=\"top\">Guided tour by the WoA curators, followed by discussion<\/td>\n<\/tr>\n<tr>\n<td class=\"mesec\" rowspan=\"3\" valign=\"top\">Tuesday,<br \/>\nApril 9, 2013<\/td>\n<td class=\"tdprogramsredina\" valign=\"top\" width=\"20%\">11.00\u201312.00<\/td>\n<td class=\"tdprogram\" valign=\"top\">SCCA presentation, Project Room, SCCA\u2013Ljubljana, Metelkova 6<\/td>\n<\/tr>\n<tr>\n<td class=\"tdprogramsredina\" valign=\"top\" width=\"20%\">from 12.00 on<\/td>\n<td class=\"tdprogram\" valign=\"top\">Start of the working week of St. Joost &amp; WoA students<\/td>\n<\/tr>\n<tr>\n<td class=\"tdprogramsredina\" valign=\"top\" width=\"20%\">19.00<\/td>\n<td class=\"tdprogram\" valign=\"top\"><a href=\"https:\/\/www.worldofart.org\/arhiv.worldofart.org\/current\/archives\/1420\">Erik Hagoort, <em>Diagonal Reciprocity. Thinking About Art Practices of Encounter<\/em><\/a>, public lecture, Skuc Gallery, Stari trg 21<\/td>\n<\/tr>\n<tr>\n<td class=\"mesec\" valign=\"top\">Wednesday,<br \/>\nApril 10, 2013<\/td>\n<td class=\"tdprogramsredina\" valign=\"top\">10.00\u201318.00<\/td>\n<td class=\"tdprogram\" valign=\"top\">Working time, Project Room, SCCA\u2013Ljubljana<\/td>\n<\/tr>\n<tr>\n<td class=\"mesec\" rowspan=\"2\" valign=\"top\">Thursday,<br \/>\nApril 11, 2013<\/td>\n<td class=\"tdprogramsredina\" valign=\"top\">10.00\u201311.30<\/td>\n<td class=\"tdprogram\" valign=\"top\">George Korsmit, about the <a href=\"http:\/\/www.rainbowsoulclub.nl\/\" target=\"_blank\">Rainbow Soul Club<\/a><\/td>\n<\/tr>\n<tr>\n<td class=\"tdprogramsredina\" valign=\"top\">11.30\u201318.00<\/td>\n<td class=\"tdprogram\" valign=\"top\">Working time, Project Room, SCCA\u2013Ljubljana<\/td>\n<\/tr>\n<tr>\n<td class=\"mesec\" rowspan=\"2\" valign=\"top\">Friday,<br \/>\nApril 12, 2013<\/td>\n<td class=\"tdprogramsredina\" valign=\"top\" width=\"20%\">10.00\u201318.00<\/td>\n<td class=\"tdprogram\" valign=\"top\">Working time, Project Room, SCCA\u2013Ljubljana<\/td>\n<\/tr>\n<tr>\n<td class=\"tdprogramsredina\" valign=\"top\" width=\"20%\">19.00<\/td>\n<td class=\"tdprogram\" valign=\"top\">Public presentations of collaborations of St. Joost &amp; WoA students, Project Room, SCCA\u2013Ljubljana<\/td>\n<\/tr>\n<\/tbody>\n<\/table>\n<p class=\"mesec13\"><strong>May and June<\/strong><\/p>\n<table border=\"0\" cellspacing=\"0\" cellpadding=\"0\">\n<tbody>\n<tr>\n<td class=\"mesec\" valign=\"top\" width=\"20%\">Monday,<br \/>\nMay 6, 2013<\/td>\n<td class=\"tdprogramsredina\" valign=\"top\" width=\"15%\">18.00<br \/>\nMSUM<\/td>\n<td class=\"tdprogram\" valign=\"top\"><a href=\"https:\/\/www.worldofart.org\/arhiv.worldofart.org\/current\/archives\/1487\">Nata\u0161a Petre\u0161in Bachelez: Situated artistic research and self-reflexive residency programmes<\/a> (lecture)<\/td>\n<\/tr>\n<tr>\n<td class=\"mesec\" valign=\"top\">Wednesday,<br \/>\nJune 5, 2013<\/td>\n<td class=\"tdprogramsredina\" valign=\"top\">20.00<\/td>\n<td class=\"tdprogram\" valign=\"top\"><a href=\"https:\/\/www.worldofart.org\/arhiv.worldofart.org\/current\/archives\/1498\">4. 4. \u2013 Presentation of the exhibition catalogue and artists talk<\/a><\/td>\n<\/tr>\n<tr>\n<td class=\"mesec\" valign=\"top\">Monday,<br \/>\nJune 17, 2013<\/td>\n<td class=\"tdprogramsredina\" valign=\"top\">18.00<\/td>\n<td class=\"tdprogram\" valign=\"top\">Graduation and <a href=\"http:\/\/www.scca-ljubljana.si\/news_13_37.htm\" target=\"_blank\">A guided tour around visual art scene at ACC Metelkova City<\/a><\/td>\n<\/tr>\n<\/tbody>\n<\/table>\n","protected":false},"excerpt":{"rendered":"<p>2nd YEAR 2012 September Thursday, September 13, 2012 16.00\u221219.30 Presentation of Virtual Exhibitions Thursday, September 20, 2012 16.00\u221219.30 Presentation of Virtual Exhibitions Thursday, September 27, 2012 16.00\u221220.00 Du\u0161an Dov\u010d: Fundraising October Thursday, October 4, 2012 14.00 Systems and Patterns, guided tour by Nevenka \u0160ivavec, MGLC, Ljubljana 16.00\u201317.30 Curatorial Course Thursday, October 11, 2012 16.00\u201317.30 Du\u0161an [&hellip;]<\/p>\n","protected":false},"author":1,"featured_media":0,"parent":514,"menu_order":0,"comment_status":"closed","ping_status":"closed","template":"","meta":{"footnotes":""},"categories":[],"tags":[],"class_list":["post-1175","page","type-page","status-publish","hentry"],"_links":{"self":[{"href":"https:\/\/www.worldofart.org\/arhiv.worldofart.org\/current\/wp-json\/wp\/v2\/pages\/1175","targetHints":{"allow":["GET"]}}],"collection":[{"href":"https:\/\/www.worldofart.org\/arhiv.worldofart.org\/current\/wp-json\/wp\/v2\/pages"}],"about":[{"href":"https:\/\/www.worldofart.org\/arhiv.worldofart.org\/current\/wp-json\/wp\/v2\/types\/page"}],"author":[{"embeddable":true,"href":"https:\/\/www.worldofart.org\/arhiv.worldofart.org\/current\/wp-json\/wp\/v2\/users\/1"}],"replies":[{"embeddable":true,"href":"https:\/\/www.worldofart.org\/arhiv.worldofart.org\/current\/wp-json\/wp\/v2\/comments?post=1175"}],"version-history":[{"count":14,"href":"https:\/\/www.worldofart.org\/arhiv.worldofart.org\/current\/wp-json\/wp\/v2\/pages\/1175\/revisions"}],"predecessor-version":[{"id":1523,"href":"https:\/\/www.worldofart.org\/arhiv.worldofart.org\/current\/wp-json\/wp\/v2\/pages\/1175\/revisions\/1523"}],"up":[{"embeddable":true,"href":"https:\/\/www.worldofart.org\/arhiv.worldofart.org\/current\/wp-json\/wp\/v2\/pages\/514"}],"wp:attachment":[{"href":"https:\/\/www.worldofart.org\/arhiv.worldofart.org\/current\/wp-json\/wp\/v2\/media?parent=1175"}],"wp:term":[{"taxonomy":"category","embeddable":true,"href":"https:\/\/www.worldofart.org\/arhiv.worldofart.org\/current\/wp-json\/wp\/v2\/categories?post=1175"},{"taxonomy":"post_tag","embeddable":true,"href":"https:\/\/www.worldofart.org\/arhiv.worldofart.org\/current\/wp-json\/wp\/v2\/tags?post=1175"}],"curies":[{"name":"wp","href":"https:\/\/api.w.org\/{rel}","templated":true}]}}