{"id":143,"date":"2010-03-07T00:22:28","date_gmt":"2010-03-06T22:22:28","guid":{"rendered":"http:\/\/www.worldofart.org\/current\/13th-year-201011\/workshops\/"},"modified":"2010-07-28T14:05:42","modified_gmt":"2010-07-28T12:05:42","slug":"workshops","status":"publish","type":"page","link":"https:\/\/www.worldofart.org\/arhiv.worldofart.org\/current\/13th-year-201011\/workshops","title":{"rendered":"Workshops"},"content":{"rendered":"<p>WORLD OF ART<br \/>\nSchool for curators and critics of contemporary art<br \/>\nYear 13<br \/>\n1st Semester (April \u2013 June 2011)<\/p>\n<hr \/>\n<p><strong>Close reading workshop<\/strong><\/p>\n<ul>\n<li><strong><a href=\"https:\/\/www.worldofart.org\/arhiv.worldofart.org\/current\/13th-year-201011\/workshops\/petja-grafenauer-what-is-hidden-in-a-text\/\">Petja Grafenauer: What is hidden in a text?<\/a><\/strong><br \/>\nThe goal of a 10-hour critical reading workshop is to improve the understanding of theory and criticism of modern and contemporary art, which the participants can use later in their own critical, artistic and curatorial practice.<\/li>\n<\/ul>\n<div style=\"height:10px\"><\/div>\n<p><strong>Workshops on writing about contemporary art<\/strong><\/p>\n<ul>\n<li><strong><a href=\"https:\/\/www.worldofart.org\/arhiv.worldofart.org\/current\/13th-year-201011\/workshops\/zemira-alajbegovic-in-neven-korda-video-essay\/\">Zemira Alajbegovi\u0107 and Neven Korda: Video essay<\/a> <\/strong><br \/>\nThe purpose of the workshop is to introduce the theory and practice of the video essay in the area of culture and art. <\/li>\n<div style=\"height:10px\"><\/div>\n<li><strong><a href=\"https:\/\/www.worldofart.org\/arhiv.worldofart.org\/current\/13th-year-201011\/workshops\/misko-suvakovic-theory-and-practice-of-art-criticism\/\">Mi\u0161ko \u0160uvakovi\u0107: Theory and practice of art criticism <\/a><\/strong><br \/>\nThe purpose of the workshop is to familiarise students with the history and theory of art criticism, and to offer them opportunities to analyse and write a review themselves.<\/li>\n<\/ul>\n","protected":false},"excerpt":{"rendered":"<p>WORLD OF ART School for curators and critics of contemporary art Year 13 1st Semester (April \u2013 June 2011) Close reading workshop Petja Grafenauer: What is hidden in a text? The goal of a 10-hour critical reading workshop is to improve the understanding of theory and criticism of modern and contemporary art, which the participants [&hellip;]<\/p>\n","protected":false},"author":1,"featured_media":0,"parent":135,"menu_order":0,"comment_status":"closed","ping_status":"closed","template":"","meta":{"footnotes":""},"categories":[1],"tags":[],"class_list":["post-143","page","type-page","status-publish","hentry","category-woa"],"_links":{"self":[{"href":"https:\/\/www.worldofart.org\/arhiv.worldofart.org\/current\/wp-json\/wp\/v2\/pages\/143","targetHints":{"allow":["GET"]}}],"collection":[{"href":"https:\/\/www.worldofart.org\/arhiv.worldofart.org\/current\/wp-json\/wp\/v2\/pages"}],"about":[{"href":"https:\/\/www.worldofart.org\/arhiv.worldofart.org\/current\/wp-json\/wp\/v2\/types\/page"}],"author":[{"embeddable":true,"href":"https:\/\/www.worldofart.org\/arhiv.worldofart.org\/current\/wp-json\/wp\/v2\/users\/1"}],"replies":[{"embeddable":true,"href":"https:\/\/www.worldofart.org\/arhiv.worldofart.org\/current\/wp-json\/wp\/v2\/comments?post=143"}],"version-history":[{"count":1,"href":"https:\/\/www.worldofart.org\/arhiv.worldofart.org\/current\/wp-json\/wp\/v2\/pages\/143\/revisions"}],"predecessor-version":[{"id":209,"href":"https:\/\/www.worldofart.org\/arhiv.worldofart.org\/current\/wp-json\/wp\/v2\/pages\/143\/revisions\/209"}],"up":[{"embeddable":true,"href":"https:\/\/www.worldofart.org\/arhiv.worldofart.org\/current\/wp-json\/wp\/v2\/pages\/135"}],"wp:attachment":[{"href":"https:\/\/www.worldofart.org\/arhiv.worldofart.org\/current\/wp-json\/wp\/v2\/media?parent=143"}],"wp:term":[{"taxonomy":"category","embeddable":true,"href":"https:\/\/www.worldofart.org\/arhiv.worldofart.org\/current\/wp-json\/wp\/v2\/categories?post=143"},{"taxonomy":"post_tag","embeddable":true,"href":"https:\/\/www.worldofart.org\/arhiv.worldofart.org\/current\/wp-json\/wp\/v2\/tags?post=143"}],"curies":[{"name":"wp","href":"https:\/\/api.w.org\/{rel}","templated":true}]}}