{"id":160,"date":"2010-03-07T19:44:03","date_gmt":"2010-03-07T17:44:03","guid":{"rendered":"http:\/\/www.worldofart.org\/current\/13th-year-201011\/workshops-2\/"},"modified":"2015-05-26T13:34:27","modified_gmt":"2015-05-26T11:34:27","slug":"workshops-general","status":"publish","type":"page","link":"https:\/\/www.worldofart.org\/arhiv.worldofart.org\/current\/13th-year-201011\/workshops-general","title":{"rendered":"Workshops 2010\/2011"},"content":{"rendered":"<p>WORLD OF ART<br \/>\nSchool for Curators and Critics of Contemporary Art<br \/>\nSeason 13<\/p>\n<hr \/>\n<p class=\"leto\"><strong>2010<\/strong><\/p>\n<table width=\"100%\" border=\"0\" cellspacing=\"0\" cellpadding=\"0\">\n<tr>\n<td class=\"mesec\" width=\"20%\" valign=\"top\">June<\/td>\n<td class=\"tdprogramsredina\" width=\"20%\" valign=\"top\">Sunday<br \/>\nJune 6, 2010<\/td>\n<td class=\"tdprogram\" width=\"60%\" valign=\"top\"><a href=\"https:\/\/www.worldofart.org\/arhiv.worldofart.org\/current\/13th-year-201011\/workshops\/misko-suvakovic-theory-and-practice-of-art-criticism\/\">Mi\u0161ko \u0160uvakovi\u0107: Theory and practice of art criticism<\/a><\/td>\n<\/tr>\n<tr>\n<td class=\"mesec\" width=\"20%\" valign=\"top\">November<\/td>\n<td class=\"tdprogramsredina\" width=\"20%\" valign=\"top\">Thursday,<br \/>\nNovember 4 and 18, 2010<\/td>\n<td class=\"tdprogram\" width=\"60%\" valign=\"top\"><a href=\"https:\/\/www.worldofart.org\/arhiv.worldofart.org\/current\/13th-year-201011\/workshops-on-writing-about-contemporary-art\/grafenauer-writing-a-text\/\">Petja Grafenauer: Writing a text about an exhibition of contemporary art<\/a><\/td>\n<\/tr>\n<\/table>\n<p class=\"leto\"><strong>2011<\/strong><\/p>\n<table width=\"100%\" border=\"0\" cellspacing=\"0\" cellpadding=\"0\">\n<tr>\n<td class=\"mesec\" width=\"20%\" valign=\"top\">January<\/td>\n<td class=\"tdprogramsredina\" width=\"20%\" valign=\"top\">Friday-Saturday<br \/>\nJanuary 28-29, 2011<\/td>\n<td class=\"tdprogram\" width=\"60%\" valign=\"top\"><a href=\"https:\/\/www.worldofart.org\/arhiv.worldofart.org\/current\/13th-year-201011\/workshops-on-writing-about-contemporary-art\/suzana-milevska-text-for-the-catalogue\/\">Suzana Milevska: Text for the catalogue<\/a><\/td>\n<\/tr>\n<\/table>\n<p>The workshops are primarily intended for participants of the school, but for each workshop there will be a few places for extern participants.<\/p>\n","protected":false},"excerpt":{"rendered":"<p>WORLD OF ART School for Curators and Critics of Contemporary Art Season 13 2010 June Sunday June 6, 2010 Mi\u0161ko \u0160uvakovi\u0107: Theory and practice of art criticism November Thursday, November 4 and 18, 2010 Petja Grafenauer: Writing a text about an exhibition of contemporary art 2011 January Friday-Saturday January 28-29, 2011 Suzana Milevska: Text for [&hellip;]<\/p>\n","protected":false},"author":1,"featured_media":0,"parent":135,"menu_order":0,"comment_status":"closed","ping_status":"closed","template":"","meta":{"footnotes":""},"categories":[1],"tags":[],"class_list":["post-160","page","type-page","status-publish","hentry","category-woa"],"_links":{"self":[{"href":"https:\/\/www.worldofart.org\/arhiv.worldofart.org\/current\/wp-json\/wp\/v2\/pages\/160","targetHints":{"allow":["GET"]}}],"collection":[{"href":"https:\/\/www.worldofart.org\/arhiv.worldofart.org\/current\/wp-json\/wp\/v2\/pages"}],"about":[{"href":"https:\/\/www.worldofart.org\/arhiv.worldofart.org\/current\/wp-json\/wp\/v2\/types\/page"}],"author":[{"embeddable":true,"href":"https:\/\/www.worldofart.org\/arhiv.worldofart.org\/current\/wp-json\/wp\/v2\/users\/1"}],"replies":[{"embeddable":true,"href":"https:\/\/www.worldofart.org\/arhiv.worldofart.org\/current\/wp-json\/wp\/v2\/comments?post=160"}],"version-history":[{"count":10,"href":"https:\/\/www.worldofart.org\/arhiv.worldofart.org\/current\/wp-json\/wp\/v2\/pages\/160\/revisions"}],"predecessor-version":[{"id":2854,"href":"https:\/\/www.worldofart.org\/arhiv.worldofart.org\/current\/wp-json\/wp\/v2\/pages\/160\/revisions\/2854"}],"up":[{"embeddable":true,"href":"https:\/\/www.worldofart.org\/arhiv.worldofart.org\/current\/wp-json\/wp\/v2\/pages\/135"}],"wp:attachment":[{"href":"https:\/\/www.worldofart.org\/arhiv.worldofart.org\/current\/wp-json\/wp\/v2\/media?parent=160"}],"wp:term":[{"taxonomy":"category","embeddable":true,"href":"https:\/\/www.worldofart.org\/arhiv.worldofart.org\/current\/wp-json\/wp\/v2\/categories?post=160"},{"taxonomy":"post_tag","embeddable":true,"href":"https:\/\/www.worldofart.org\/arhiv.worldofart.org\/current\/wp-json\/wp\/v2\/tags?post=160"}],"curies":[{"name":"wp","href":"https:\/\/api.w.org\/{rel}","templated":true}]}}