{"id":1781,"date":"2014-04-25T15:34:56","date_gmt":"2014-04-25T13:34:56","guid":{"rendered":"http:\/\/www.worldofart.org\/current\/?page_id=1781"},"modified":"2016-04-04T14:16:13","modified_gmt":"2016-04-04T12:16:13","slug":"curatorial-course","status":"publish","type":"page","link":"https:\/\/www.worldofart.org\/arhiv.worldofart.org\/current\/15th-season-2014-2016\/curatorial-course","title":{"rendered":"Curatorial Course"},"content":{"rendered":"<p>WORLD OF ART<br \/>\nSchool for Curators and Critics of Contemporary Art<br \/>\nSeason 15<br \/>\n2nd Year (October 2015\u2013June 2016)<\/p>\n<hr \/>\n<p>Participants will in the form of group work carry out a conception and an exhibition of contemporary art in the <strong>\u0160kuc Gallery<\/strong>. The opening of the exhibition will be in May 2016.<\/p>\n<p>Mentors: <strong>Alenka Gregori\u010d<\/strong> and <strong>Miran Mohar<\/strong>.<\/p>\n<hr \/>\n<p>Exhibition planning<\/p>\n<p><a href=\"https:\/\/www.worldofart.org\/arhiv.worldofart.org\/aktualno\/wp-content\/uploads\/2014\/02\/kuratorski-tecaj-leto15_01.jpg\" rel=\"lightbox[1781]\"><img loading=\"lazy\" decoding=\"async\" src=\"https:\/\/www.worldofart.org\/arhiv.worldofart.org\/aktualno\/wp-content\/uploads\/2014\/02\/kuratorski-tecaj-leto15_01-150x150.jpg\" alt=\"KExhibition planning\" width=\"150\" height=\"150\" class=\"alignnone size-thumbnail wp-image-8497\" \/><\/a> <a href=\"https:\/\/www.worldofart.org\/arhiv.worldofart.org\/aktualno\/wp-content\/uploads\/2014\/02\/kuratorski-tecaj-leto15_02.jpg\" rel=\"lightbox[1781]\"><img loading=\"lazy\" decoding=\"async\" src=\"https:\/\/www.worldofart.org\/arhiv.worldofart.org\/aktualno\/wp-content\/uploads\/2014\/02\/kuratorski-tecaj-leto15_02-150x150.jpg\" alt=\"Exhibition planning\" width=\"150\" height=\"150\" class=\"alignnone size-thumbnail wp-image-8498\" \/><\/a> <a href=\"https:\/\/www.worldofart.org\/arhiv.worldofart.org\/aktualno\/wp-content\/uploads\/2014\/02\/kuratorski-tecaj-leto15_03.jpg\" rel=\"lightbox[1781]\"><img loading=\"lazy\" decoding=\"async\" src=\"https:\/\/www.worldofart.org\/arhiv.worldofart.org\/aktualno\/wp-content\/uploads\/2014\/02\/kuratorski-tecaj-leto15_03-150x150.jpg\" alt=\"Exhibition planning\" width=\"150\" height=\"150\" class=\"alignnone size-thumbnail wp-image-8499\" \/><\/a> <a href=\"https:\/\/www.worldofart.org\/arhiv.worldofart.org\/aktualno\/wp-content\/uploads\/2014\/02\/kuratorski-tecaj-leto15_04.jpg\" rel=\"lightbox[1781]\"><img loading=\"lazy\" decoding=\"async\" src=\"https:\/\/www.worldofart.org\/arhiv.worldofart.org\/aktualno\/wp-content\/uploads\/2014\/02\/kuratorski-tecaj-leto15_04-150x150.jpg\" alt=\"Exhibition planning\" width=\"150\" height=\"150\" class=\"alignnone size-thumbnail wp-image-8500\" \/><\/a> <a href=\"https:\/\/www.worldofart.org\/arhiv.worldofart.org\/aktualno\/wp-content\/uploads\/2014\/02\/kuratorski-tecaj-leto15_05.jpg\" rel=\"lightbox[1781]\"><img loading=\"lazy\" decoding=\"async\" src=\"https:\/\/www.worldofart.org\/arhiv.worldofart.org\/aktualno\/wp-content\/uploads\/2014\/02\/kuratorski-tecaj-leto15_05-150x150.jpg\" alt=\"Exhibition planning\" width=\"150\" height=\"150\" class=\"alignnone size-thumbnail wp-image-8501\" \/><\/a> <a href=\"https:\/\/www.worldofart.org\/arhiv.worldofart.org\/aktualno\/wp-content\/uploads\/2014\/02\/kuratorski-tecaj-leto15_06.jpg\" rel=\"lightbox[1781]\"><img loading=\"lazy\" decoding=\"async\" src=\"https:\/\/www.worldofart.org\/arhiv.worldofart.org\/aktualno\/wp-content\/uploads\/2014\/02\/kuratorski-tecaj-leto15_06-150x150.jpg\" alt=\"Exhibition planning\" width=\"150\" height=\"150\" class=\"alignnone size-thumbnail wp-image-8502\" \/><\/a> <a href=\"https:\/\/www.worldofart.org\/arhiv.worldofart.org\/aktualno\/wp-content\/uploads\/2014\/02\/kuratorski-tecaj-leto15_07.jpg\" rel=\"lightbox[1781]\"><img loading=\"lazy\" decoding=\"async\" src=\"https:\/\/www.worldofart.org\/arhiv.worldofart.org\/aktualno\/wp-content\/uploads\/2014\/02\/kuratorski-tecaj-leto15_07-150x150.jpg\" alt=\"Exhibition planning\" width=\"150\" height=\"150\" class=\"alignnone size-thumbnail wp-image-8503\" \/><\/a> <a href=\"https:\/\/www.worldofart.org\/arhiv.worldofart.org\/aktualno\/wp-content\/uploads\/2014\/02\/kuratorski-tecaj-leto15_08.jpg\" rel=\"lightbox[1781]\"><img loading=\"lazy\" decoding=\"async\" src=\"https:\/\/www.worldofart.org\/arhiv.worldofart.org\/aktualno\/wp-content\/uploads\/2014\/02\/kuratorski-tecaj-leto15_08-150x150.jpg\" alt=\"Exhibition planning\" width=\"150\" height=\"150\" class=\"alignnone size-thumbnail wp-image-8504\" \/><\/a><\/p>\n<hr \/>\n<p>Meeting at \u0160kuc Gallery, 31 March 2016<\/p>\n<p><a href=\"https:\/\/www.worldofart.org\/arhiv.worldofart.org\/aktualno\/wp-content\/uploads\/2014\/02\/k01.jpg\" rel=\"lightbox[1781]\"><img loading=\"lazy\" decoding=\"async\" src=\"https:\/\/www.worldofart.org\/arhiv.worldofart.org\/aktualno\/wp-content\/uploads\/2014\/02\/k01-150x150.jpg\" alt=\"Meeting at \u0160kuc Gallery\" width=\"150\" height=\"150\" class=\"alignnone size-thumbnail wp-image-8538\" \/><\/a> <a href=\"https:\/\/www.worldofart.org\/arhiv.worldofart.org\/aktualno\/wp-content\/uploads\/2014\/02\/k02.jpg\" rel=\"lightbox[1781]\"><img loading=\"lazy\" decoding=\"async\" src=\"https:\/\/www.worldofart.org\/arhiv.worldofart.org\/aktualno\/wp-content\/uploads\/2014\/02\/k02-150x150.jpg\" alt=\"Meeting at \u0160kuc Gallery\" width=\"150\" height=\"150\" class=\"alignnone size-thumbnail wp-image-8539\" \/><\/a> <a href=\"https:\/\/www.worldofart.org\/arhiv.worldofart.org\/aktualno\/wp-content\/uploads\/2014\/02\/k03.jpg\" rel=\"lightbox[1781]\"><img loading=\"lazy\" decoding=\"async\" src=\"https:\/\/www.worldofart.org\/arhiv.worldofart.org\/aktualno\/wp-content\/uploads\/2014\/02\/k03-150x150.jpg\" alt=\"Meeting at \u0160kuc Gallery\" width=\"150\" height=\"150\" class=\"alignnone size-thumbnail wp-image-8540\" \/><\/a> <a href=\"https:\/\/www.worldofart.org\/arhiv.worldofart.org\/aktualno\/wp-content\/uploads\/2014\/02\/k04.jpg\" rel=\"lightbox[1781]\"><img loading=\"lazy\" decoding=\"async\" src=\"https:\/\/www.worldofart.org\/arhiv.worldofart.org\/aktualno\/wp-content\/uploads\/2014\/02\/k04-150x150.jpg\" alt=\"Meeting at \u0160kuc Gallery\" width=\"150\" height=\"150\" class=\"alignnone size-thumbnail wp-image-8541\" \/><\/a><\/p>\n<hr \/>\n<p><img loading=\"lazy\" decoding=\"async\" style=\"margin-right: 10px; margin-bottom: 5px; margin-top: 3px; margin-left: 0px;\" src=\"https:\/\/www.worldofart.org\/arhiv.worldofart.org\/aktualno\/wp-content\/2011-13\/miran-mohar.jpg\" alt=\"Miran Mohar\" width=\"100\" height=\"100\" align=\"left\" \/><strong>Miran Mohar (1958)<\/strong><br \/>\nPainter, designer an set designer based in Ljubljana. He is a member of the Irwin artists group and a co-founder of the Neue Slowenische Kunst movement, the graphic design studio New Collectivism and the Scipion Nasice Sisters Theatre. He is also a lecturer at the Academy for Visual Arts Ljubljana it\u2019s vice-dean and co-funder of Maja Farol movement for open architecture.<\/p>\n<div style=\"height: 10px;\"><\/div>\n<p><img loading=\"lazy\" decoding=\"async\" class=\"alignleft size-full wp-image-8081\" style=\"margin-right: 10px; margin-bottom: 5px; margin-top: 3px; margin-left: 0px;\" title=\"Alenka Gregori\u010d, foto: Mavric Pivk\/Delo\" src=\"https:\/\/www.worldofart.org\/arhiv.worldofart.org\/aktualno\/wp-content\/uploads\/2015\/10\/alenka-gregoric.jpg\" alt=\"\" width=\"100\" height=\"100\" \/><strong>Alenka Gregori\u010d (1976)<\/strong><br \/>\nArt historian, curator and writer. Since July 2003 till 2009 she worked as artistic director of \u0160kuc Gallery, Ljubljana, curating, organizing and coordinating all the program activities. From 2009 she has been the artistic director and curator at City Art Gallery Ljubljana and CC Tobacco 001 (both part of Museum and Galleries of Ljubljana). In 2009 she was curator of Slovenian pavilion at Venice biennial and co-curator of 28. Graphic biennial Ljubljana, in 2011 she was co-curator (with Galit Eilat) of the 52.October salon in Belgrade, in 2014 one of the curators for the Curated by_Vienna. She curated over fifty solo and group exhibitions in Slovenia and abroad. These shows featured works by artists such as Vuk \u0106osi\u0107, Jan Fabre, Omer Fast, Harun Farocki, Vadim Fi\u0161kin, Irwin, Jannis Kounellis, Rabih Morue, Ivan Moudov, Marjetica Potr\u010d, Mladen Stilinovi\u0107, Ra\u0161a Todosojevi\u0107, Bill Viola, Katarina Zdjelar and many others. In addition to curating exhibitions she has written numerous essays, reviews and articles for various artist books, catalogues and other publications. The responsibility of those producing contemporary art and of cultural institutions, as well as their role in contemporary society, constitute the focal point of her interests.<\/p>\n","protected":false},"excerpt":{"rendered":"<p>WORLD OF ART School for Curators and Critics of Contemporary Art Season 15 2nd Year (October 2015\u2013June 2016) Participants will in the form of group work carry out a conception and an exhibition of contemporary art in the \u0160kuc Gallery. The opening of the exhibition will be in May 2016. Mentors: Alenka Gregori\u010d and Miran [&hellip;]<\/p>\n","protected":false},"author":1,"featured_media":0,"parent":1669,"menu_order":0,"comment_status":"closed","ping_status":"closed","template":"","meta":{"footnotes":""},"categories":[],"tags":[],"class_list":["post-1781","page","type-page","status-publish","hentry"],"_links":{"self":[{"href":"https:\/\/www.worldofart.org\/arhiv.worldofart.org\/current\/wp-json\/wp\/v2\/pages\/1781","targetHints":{"allow":["GET"]}}],"collection":[{"href":"https:\/\/www.worldofart.org\/arhiv.worldofart.org\/current\/wp-json\/wp\/v2\/pages"}],"about":[{"href":"https:\/\/www.worldofart.org\/arhiv.worldofart.org\/current\/wp-json\/wp\/v2\/types\/page"}],"author":[{"embeddable":true,"href":"https:\/\/www.worldofart.org\/arhiv.worldofart.org\/current\/wp-json\/wp\/v2\/users\/1"}],"replies":[{"embeddable":true,"href":"https:\/\/www.worldofart.org\/arhiv.worldofart.org\/current\/wp-json\/wp\/v2\/comments?post=1781"}],"version-history":[{"count":10,"href":"https:\/\/www.worldofart.org\/arhiv.worldofart.org\/current\/wp-json\/wp\/v2\/pages\/1781\/revisions"}],"predecessor-version":[{"id":3814,"href":"https:\/\/www.worldofart.org\/arhiv.worldofart.org\/current\/wp-json\/wp\/v2\/pages\/1781\/revisions\/3814"}],"up":[{"embeddable":true,"href":"https:\/\/www.worldofart.org\/arhiv.worldofart.org\/current\/wp-json\/wp\/v2\/pages\/1669"}],"wp:attachment":[{"href":"https:\/\/www.worldofart.org\/arhiv.worldofart.org\/current\/wp-json\/wp\/v2\/media?parent=1781"}],"wp:term":[{"taxonomy":"category","embeddable":true,"href":"https:\/\/www.worldofart.org\/arhiv.worldofart.org\/current\/wp-json\/wp\/v2\/categories?post=1781"},{"taxonomy":"post_tag","embeddable":true,"href":"https:\/\/www.worldofart.org\/arhiv.worldofart.org\/current\/wp-json\/wp\/v2\/tags?post=1781"}],"curies":[{"name":"wp","href":"https:\/\/api.w.org\/{rel}","templated":true}]}}

<p>WORLD OF ART<br />
School for Curators and Critics of Contemporary Art<br />
Season 15<br />
2nd Year (October 2015–June 2016)</p>
<hr />
<p>Participants will in the form of group work carry out a conception and an exhibition of contemporary art in the <strong>Škuc Gallery</strong>. The opening of the exhibition will be in May 2016.</p>
<p>Mentors: <strong>Alenka Gregorič</strong> and <strong>Miran Mohar</strong>.</p>
<hr />
<p>Exhibition planning</p>
<p><a href="https://www.worldofart.org/arhiv.worldofart.org/aktualno/wp-content/uploads/2014/02/kuratorski-tecaj-leto15_01.jpg" rel="lightbox[1781]"><img loading="lazy" decoding="async" src="https://www.worldofart.org/arhiv.worldofart.org/aktualno/wp-content/uploads/2014/02/kuratorski-tecaj-leto15_01-150x150.jpg" alt="KExhibition planning" width="150" height="150" class="alignnone size-thumbnail wp-image-8497" /></a> <a href="https://www.worldofart.org/arhiv.worldofart.org/aktualno/wp-content/uploads/2014/02/kuratorski-tecaj-leto15_02.jpg" rel="lightbox[1781]"><img loading="lazy" decoding="async" src="https://www.worldofart.org/arhiv.worldofart.org/aktualno/wp-content/uploads/2014/02/kuratorski-tecaj-leto15_02-150x150.jpg" alt="Exhibition planning" width="150" height="150" class="alignnone size-thumbnail wp-image-8498" /></a> <a href="https://www.worldofart.org/arhiv.worldofart.org/aktualno/wp-content/uploads/2014/02/kuratorski-tecaj-leto15_03.jpg" rel="lightbox[1781]"><img loading="lazy" decoding="async" src="https://www.worldofart.org/arhiv.worldofart.org/aktualno/wp-content/uploads/2014/02/kuratorski-tecaj-leto15_03-150x150.jpg" alt="Exhibition planning" width="150" height="150" class="alignnone size-thumbnail wp-image-8499" /></a> <a href="https://www.worldofart.org/arhiv.worldofart.org/aktualno/wp-content/uploads/2014/02/kuratorski-tecaj-leto15_04.jpg" rel="lightbox[1781]"><img loading="lazy" decoding="async" src="https://www.worldofart.org/arhiv.worldofart.org/aktualno/wp-content/uploads/2014/02/kuratorski-tecaj-leto15_04-150x150.jpg" alt="Exhibition planning" width="150" height="150" class="alignnone size-thumbnail wp-image-8500" /></a> <a href="https://www.worldofart.org/arhiv.worldofart.org/aktualno/wp-content/uploads/2014/02/kuratorski-tecaj-leto15_05.jpg" rel="lightbox[1781]"><img loading="lazy" decoding="async" src="https://www.worldofart.org/arhiv.worldofart.org/aktualno/wp-content/uploads/2014/02/kuratorski-tecaj-leto15_05-150x150.jpg" alt="Exhibition planning" width="150" height="150" class="alignnone size-thumbnail wp-image-8501" /></a> <a href="https://www.worldofart.org/arhiv.worldofart.org/aktualno/wp-content/uploads/2014/02/kuratorski-tecaj-leto15_06.jpg" rel="lightbox[1781]"><img loading="lazy" decoding="async" src="https://www.worldofart.org/arhiv.worldofart.org/aktualno/wp-content/uploads/2014/02/kuratorski-tecaj-leto15_06-150x150.jpg" alt="Exhibition planning" width="150" height="150" class="alignnone size-thumbnail wp-image-8502" /></a> <a href="https://www.worldofart.org/arhiv.worldofart.org/aktualno/wp-content/uploads/2014/02/kuratorski-tecaj-leto15_07.jpg" rel="lightbox[1781]"><img loading="lazy" decoding="async" src="https://www.worldofart.org/arhiv.worldofart.org/aktualno/wp-content/uploads/2014/02/kuratorski-tecaj-leto15_07-150x150.jpg" alt="Exhibition planning" width="150" height="150" class="alignnone size-thumbnail wp-image-8503" /></a> <a href="https://www.worldofart.org/arhiv.worldofart.org/aktualno/wp-content/uploads/2014/02/kuratorski-tecaj-leto15_08.jpg" rel="lightbox[1781]"><img loading="lazy" decoding="async" src="https://www.worldofart.org/arhiv.worldofart.org/aktualno/wp-content/uploads/2014/02/kuratorski-tecaj-leto15_08-150x150.jpg" alt="Exhibition planning" width="150" height="150" class="alignnone size-thumbnail wp-image-8504" /></a></p>
<hr />
<p>Meeting at Škuc Gallery, 31 March 2016</p>
<p><a href="https://www.worldofart.org/arhiv.worldofart.org/aktualno/wp-content/uploads/2014/02/k01.jpg" rel="lightbox[1781]"><img loading="lazy" decoding="async" src="https://www.worldofart.org/arhiv.worldofart.org/aktualno/wp-content/uploads/2014/02/k01-150x150.jpg" alt="Meeting at Škuc Gallery" width="150" height="150" class="alignnone size-thumbnail wp-image-8538" /></a> <a href="https://www.worldofart.org/arhiv.worldofart.org/aktualno/wp-content/uploads/2014/02/k02.jpg" rel="lightbox[1781]"><img loading="lazy" decoding="async" src="https://www.worldofart.org/arhiv.worldofart.org/aktualno/wp-content/uploads/2014/02/k02-150x150.jpg" alt="Meeting at Škuc Gallery" width="150" height="150" class="alignnone size-thumbnail wp-image-8539" /></a> <a href="https://www.worldofart.org/arhiv.worldofart.org/aktualno/wp-content/uploads/2014/02/k03.jpg" rel="lightbox[1781]"><img loading="lazy" decoding="async" src="https://www.worldofart.org/arhiv.worldofart.org/aktualno/wp-content/uploads/2014/02/k03-150x150.jpg" alt="Meeting at Škuc Gallery" width="150" height="150" class="alignnone size-thumbnail wp-image-8540" /></a> <a href="https://www.worldofart.org/arhiv.worldofart.org/aktualno/wp-content/uploads/2014/02/k04.jpg" rel="lightbox[1781]"><img loading="lazy" decoding="async" src="https://www.worldofart.org/arhiv.worldofart.org/aktualno/wp-content/uploads/2014/02/k04-150x150.jpg" alt="Meeting at Škuc Gallery" width="150" height="150" class="alignnone size-thumbnail wp-image-8541" /></a></p>
<hr />
<p><img loading="lazy" decoding="async" style="margin-right: 10px; margin-bottom: 5px; margin-top: 3px; margin-left: 0px;" src="https://www.worldofart.org/arhiv.worldofart.org/aktualno/wp-content/2011-13/miran-mohar.jpg" alt="Miran Mohar" width="100" height="100" align="left" /><strong>Miran Mohar (1958)</strong><br />
Painter, designer an set designer based in Ljubljana. He is a member of the Irwin artists group and a co-founder of the Neue Slowenische Kunst movement, the graphic design studio New Collectivism and the Scipion Nasice Sisters Theatre. He is also a lecturer at the Academy for Visual Arts Ljubljana it’s vice-dean and co-funder of Maja Farol movement for open architecture.</p>
<div style="height: 10px;"></div>
<p><img loading="lazy" decoding="async" class="alignleft size-full wp-image-8081" style="margin-right: 10px; margin-bottom: 5px; margin-top: 3px; margin-left: 0px;" title="Alenka Gregorič, foto: Mavric Pivk/Delo" src="https://www.worldofart.org/arhiv.worldofart.org/aktualno/wp-content/uploads/2015/10/alenka-gregoric.jpg" alt="" width="100" height="100" /><strong>Alenka Gregorič (1976)</strong><br />
Art historian, curator and writer. Since July 2003 till 2009 she worked as artistic director of Škuc Gallery, Ljubljana, curating, organizing and coordinating all the program activities. From 2009 she has been the artistic director and curator at City Art Gallery Ljubljana and CC Tobacco 001 (both part of Museum and Galleries of Ljubljana). In 2009 she was curator of Slovenian pavilion at Venice biennial and co-curator of 28. Graphic biennial Ljubljana, in 2011 she was co-curator (with Galit Eilat) of the 52.October salon in Belgrade, in 2014 one of the curators for the Curated by_Vienna. She curated over fifty solo and group exhibitions in Slovenia and abroad. These shows featured works by artists such as Vuk Ćosić, Jan Fabre, Omer Fast, Harun Farocki, Vadim Fiškin, Irwin, Jannis Kounellis, Rabih Morue, Ivan Moudov, Marjetica Potrč, Mladen Stilinović, Raša Todosojević, Bill Viola, Katarina Zdjelar and many others. In addition to curating exhibitions she has written numerous essays, reviews and articles for various artist books, catalogues and other publications. The responsibility of those producing contemporary art and of cultural institutions, as well as their role in contemporary society, constitute the focal point of her interests.</p>

<p>WORLD OF ART School for Curators and Critics of Contemporary Art Season 15 2nd Year (October 2015–June 2016) Participants will in the form of group work carry out a conception and an exhibition of contemporary art in the Škuc Gallery. The opening of the exhibition will be in May 2016. Mentors: Alenka Gregorič and Miran [&hellip;]</p>
