{"id":3593,"date":"2015-09-25T09:36:33","date_gmt":"2015-09-25T07:36:33","guid":{"rendered":"http:\/\/www.worldofart.org\/current\/?page_id=3593"},"modified":"2015-09-25T09:36:33","modified_gmt":"2015-09-25T07:36:33","slug":"programme-in-ljubljana-timetable","status":"publish","type":"page","link":"https:\/\/www.worldofart.org\/arhiv.worldofart.org\/current\/15th-season-2014-2016\/curating-in-depth\/programme-in-ljubljana-slovenia\/programme-in-ljubljana-timetable","title":{"rendered":"Programme in Ljubljana &#8211; Timetable"},"content":{"rendered":"<p><strong><a href=\"https:\/\/www.worldofart.org\/arhiv.worldofart.org\/current\/15th-season-2014-2016\/curating-in-depth\">\u00ab Curating\u2013In\u2013Depth<\/a><\/strong><\/p>\n<table border=\"0\" cellspacing=\"0\" cellpadding=\"0\">\n<tbody>\n<tr>\n<td class=\"mesec\" valign=\"top\" width=\"15%\">Sunday,<br \/>\n3 May 2015<\/td>\n<td class=\"tdprogramsredina\" valign=\"top\">\n<ul>\n<li>1 pm<\/li>\n<li>2 pm<\/li>\n<li>4 pm<\/li>\n<\/ul>\n<\/td>\n<td class=\"tdprogram\" valign=\"top\" width=\"70%\">\n<ul>\n<li>Arrival to Ljubljana<\/li>\n<li>Meeting with the host, accommodation<\/li>\n<li><a href=\"http:\/\/borgakanturkportfolio.blogspot.com\/\">Borga Kant\u00fcrk<\/a>: The presentation of Turkish art scene and culinary event, <a href=\"https:\/\/www.facebook.com\/pages\/Doma%C4%8Dija-Pr-Lenart\/270216723155788\">Pr\u2019 Lenart<\/a>, Belo, Medvode<\/li>\n<\/ul>\n<\/td>\n<\/tr>\n<tr>\n<td class=\"mesec\" valign=\"top\" width=\"15%\">Monday,<br \/>\n4 May 2015<\/td>\n<td class=\"tdprogramsredina\" valign=\"top\">\n<ul>\n<li>1 pm<\/li>\n<li>8 pm<\/li>\n<\/ul>\n<\/td>\n<td class=\"tdprogram\" valign=\"top\" width=\"70%\">\n<ul>\n<li>Arrival to Ljubljana<\/li>\n<li><a href=\"https:\/\/vimeo.com\/noemivl\">Noemi Veberi\u010d Levovnik<\/a>: <em>Looking for the Nightlife<\/em>; artist-talk moderated by Petja Grafenauer, <a href=\"http:\/\/galerijalkatraz.org\/?cat=5&amp;prih=1\">Alkatraz Gallery<\/a><\/li>\n<\/ul>\n<\/td>\n<\/tr>\n<tr>\n<td class=\"mesec\" valign=\"top\" width=\"15%\">Tuesday,<br \/>\n5 May 2015<\/td>\n<td class=\"tdprogramsredina\" valign=\"top\">\n<ul>\n<li>1 pm<\/li>\n<li>8 pm<\/li>\n<\/ul>\n<\/td>\n<td class=\"tdprogram\" valign=\"top\" width=\"70%\">\n<ul>\n<li>Visit of the SCCA-Ljubljana \u2013 presentation<\/li>\n<li><a href=\"http:\/\/www.lovsin.org\/eng\/\">Polonca Lov\u0161in<\/a>: <em>Draught<\/em>; opening of the exhibition, <a href=\"http:\/\/www.mg-lj.si\/\">Museum of Contemporary Art Metelkova<\/a><\/li>\n<\/ul>\n<\/td>\n<\/tr>\n<tr>\n<td class=\"mesec\" valign=\"top\" width=\"15%\">Wednesday,<br \/>\n6 May 2015<\/td>\n<td class=\"tdprogramsredina\" valign=\"top\">\n<ul>\n<li>10 am<\/li>\n<\/ul>\n<ul>\n<li>1 pm<\/li>\n<\/ul>\n<\/td>\n<td class=\"tdprogram\" valign=\"top\" width=\"70%\">\n<ul>\n<li>Curatorial Mapping: <a href=\"http:\/\/www.mg-lj.si\/node\">The Museum of Modern Art<\/a> with Marko Jenko<\/li>\n<li>Curatorial Mapping: <a href=\"http:\/\/www.mgml.si\/en\/city-art-gallery\/news-and-events\/\">City Art Gallery<\/a> with Alenka Gregori\u010d<\/li>\n<\/ul>\n<\/td>\n<\/tr>\n<tr>\n<td class=\"mesec\" valign=\"top\" width=\"15%\">Thursday,<br \/>\n7 May 2015<\/td>\n<td class=\"tdprogramsredina\" valign=\"top\">\n<ul>\n<li>1 pm<\/li>\n<li>2 pm<\/li>\n<li>4 pm<\/li>\n<\/ul>\n<\/td>\n<td class=\"tdprogram\" valign=\"top\" width=\"70%\">\n<ul>\n<li>Curatorial Mapping: <a href=\"http:\/\/www.zavod-parasite.si\/eng\/\">P74 Gallery<\/a> with Nina Skumavc<\/li>\n<li>Curatorial Mapping: <a href=\"http:\/\/photon.si\/en\/\">Photon Gallery<\/a> with Jasna Jernej\u0161ek<\/li>\n<li><a href=\"https:\/\/www.worldofart.org\/arhiv.worldofart.org\/current\/15th-season-2014-2016\/series-of-lectures\">Sa\u0161a Nabergoj: <em>Dolce far Niente: The Praise of Laziness<\/em><\/a>; lecture, Project Room, SCCA\u2013Ljubljana<\/li>\n<li><em>An introduction to curatorial and artistic practices in the Philippines in the Southeast Asian context<\/em>, lecture, Project Room, SCCA\u2013Ljubljana<\/li>\n<li>G\u00f6kce Suvari and Borga Kant\u00fcrk: The presentation of Turkish art scene<\/li>\n<\/ul>\n<\/td>\n<\/tr>\n<tr>\n<td class=\"mesec\" valign=\"top\" width=\"15%\">Friday,<br \/>\n8 May 2015<\/td>\n<td class=\"tdprogramsredina\" valign=\"top\">\n<ul>\n<li>7 pm<\/li>\n<\/ul>\n<p>&nbsp;<\/p>\n<ul>\n<li>8 pm<\/li>\n<\/ul>\n<\/td>\n<td class=\"tdprogram\" valign=\"top\" width=\"70%\">\n<ul>\n<li><a href=\"https:\/\/www.worldofart.org\/arhiv.worldofart.org\/current\/archives\/2648\">Borga Kant\u00fcrk, <em>Memory Research Office: Collect.Cut.Create.Re-Create<\/em><\/a>, \u201ctalk + walk\u201d\/ Preview of the exhibition with the artist, curators and assistants, \u0160kuc Gallery<\/li>\n<li><a href=\"https:\/\/www.worldofart.org\/arhiv.worldofart.org\/current\/archives\/2648\">Borga Kant\u00fcrk, <em>Memory Research Office: Collect.Cut.Create.Re-Create<\/em><\/a>, exhibition opening, <a href=\"http:\/\/www.galerijaskuc.si\/\">\u0160kuc Gallery<\/a><\/li>\n<\/ul>\n<\/td>\n<\/tr>\n<tr>\n<td class=\"mesec\" valign=\"top\" width=\"15%\">Saturday,<br \/>\n9 May 2015<\/td>\n<td class=\"tdprogramsredina\" valign=\"top\">\n<ul>\n<li>10 am<\/li>\n<li>11 am<\/li>\n<\/ul>\n<p>&nbsp;<\/p>\n<ul>\n<li>noon<\/li>\n<li>1 pm<\/li>\n<li>3 pm<\/li>\n<\/ul>\n<ul>\n<li>5 pm<\/li>\n<\/ul>\n<\/td>\n<td class=\"tdprogram\" valign=\"top\" width=\"70%\">\n<ul>\n<li>Departure from Ljubljana in direction of Celje<\/li>\n<li>Visit of Likovni salon Celje (<a href=\"http:\/\/www.celeia.info\/likovni-salon-celje\">Uro\u0161 Abram: <em>Po\u017ere\u0161nost<\/em><\/a>) and <a href=\"http:\/\/www.celeia.info\/gallery%20of%20contemporary%20art%20celje\">Gallery of Contemporary Art Celje<\/a> (exhibition View 7); meeting with a curator <a href=\"http:\/\/www.hodoscek.com\/\">Maja Hodo\u0161\u010dek<\/a><\/li>\n<li>Departure from Celje to Maribor<\/li>\n<li>Meeting with artist Miha Horvat (<a href=\"http:\/\/sonda.kibla.org\/\">Foundation Sonda<\/a>) who will present the art scene in Maribor<\/li>\n<li>Lunch Break<\/li>\n<li>optional: visit of <a href=\"http:\/\/www.ugm.si\/en\/\">Maribor Art Gallery<\/a> (exhibition <a href=\"http:\/\/www.ugm.si\/en\/exhibition-events\/exhibition\/n\/heroes-we-love-2600\/\"><em>Heroes We Love. Socialist realism revised. Case Study: Ex-Yugoslavia<\/em><\/a><\/li>\n<\/ul>\n<\/td>\n<\/tr>\n<tr>\n<td class=\"mesec\" valign=\"top\" width=\"15%\">Sunday,<br \/>\n10 May 2015<\/td>\n<td class=\"tdprogramsredina\" valign=\"top\"><\/td>\n<td class=\"tdprogram\" valign=\"top\" width=\"70%\">\n<ul>\n<li>Day Off \/ Programme on Request<\/li>\n<\/ul>\n<\/td>\n<\/tr>\n<tr>\n<td class=\"mesec\" valign=\"top\" width=\"15%\">Monday,<br \/>\n11 May 2015<\/td>\n<td class=\"tdprogramsredina\" valign=\"top\">\n<ul>\n<li>noon<\/li>\n<li>8 pm<\/li>\n<\/ul>\n<\/td>\n<td class=\"tdprogram\" valign=\"top\" width=\"70%\">\n<ul>\n<li>Curatorial Mapping: ACC Metelkova City with Simona \u017dvanut, Metelkova<\/li>\n<li><a href=\"http:\/\/www.mg-lj.si\/node\/1465\" target=\"_blank\"><em>NSK from Kapital to Capital \/ Neue Slowenische Kunst \u2013 an Event of the Final Decade of Yugoslavia<\/em><\/a>, exhibition opening, <a href=\"http:\/\/www.mg-lj.si\/\">Museum of Modern Art<\/a><\/li>\n<\/ul>\n<\/td>\n<\/tr>\n<tr>\n<td class=\"mesec\" valign=\"top\" width=\"15%\">Tuesday,<br \/>\n12 May 2015<\/td>\n<td class=\"tdprogramsredina\" valign=\"top\">\n<ul>\n<li>6 pm<\/li>\n<\/ul>\n<ul>\n<li>8.30 pm<\/li>\n<\/ul>\n<\/td>\n<td class=\"tdprogram\" valign=\"top\" width=\"70%\">\n<ul>\n<li><a href=\"https:\/\/www.worldofart.org\/arhiv.worldofart.org\/current\/wp-content\/uploads\/2015\/04\/Abstracts_Presentation_Southeast-Asia+BIOS.pdf\"><em>An introduction to curatorial and artistic practices in the Philippines in the Southeast Asian context<\/em><\/a>, round table, Project Room, SCCA\u2013Ljubljana<\/li>\n<li><a href=\"https:\/\/www.worldofart.org\/arhiv.worldofart.org\/aktualno\/wp-content\/uploads\/2015\/04\/The-Kalampag-Tracking-Agency.pdf\">Shireen Seno, <em>The Kalampag Tracking Agency<\/em><\/a>, screening of selected Filipino video works with comments by the curator, Project Room, SCCA\u2013Ljubljana<\/li>\n<li>Discussion<\/li>\n<\/ul>\n<\/td>\n<\/tr>\n<tr>\n<td class=\"mesec\" valign=\"top\" width=\"15%\">Wednesday,<br \/>\n13 May 2015<\/td>\n<td class=\"tdprogramsredina\" valign=\"top\"><\/td>\n<td class=\"tdprogram\" valign=\"top\" width=\"70%\">\n<ul>\n<li>Study Excursion to Zagreb: Curatorial Mapping with Antonija Letini\u0107: <a href=\"http:\/\/www.msu.hr\/#\/en\/\">Museum of Contemporary Art<\/a> (<a href=\"http:\/\/www.msu.hr\/#\/en\/20533\/\"><em>Bauhaus \u2013 Networking of Ideas and Practice (BAUNET)<\/em><\/a>), Galerija Nova (<a href=\"http:\/\/whw.hr\/galerija-nova\/izlozba-arte-util.html\"><em>Arte \u00datil<\/em><\/a>), <a href=\"http:\/\/www.subversivefestival.com\/forum\/7\/528\/richard_seymour_neoliberalna_dr%C5%BEava_socijalisti%C4%8Dki_izazov\">Richard Seymour: <em>Neoliberal State<\/em><\/a> (lecture), etc.<\/li>\n<\/ul>\n<\/td>\n<\/tr>\n<tr>\n<td class=\"mesec\" valign=\"top\" width=\"15%\">Thursday,<br \/>\n14 May 2015<\/td>\n<td class=\"tdprogramsredina\" valign=\"top\">\n<ul>\n<li>3 pm<\/li>\n<\/ul>\n<ul>\n<li>7 pm<\/li>\n<\/ul>\n<\/td>\n<td class=\"tdprogram\" valign=\"top\" width=\"70%\">\n<ul>\n<li><em>The Others View:<\/em> Borga Kant\u00fcrk\u2019s exhibition evaluation from the perspective of curating and display, workshop session, \u0160kuc Gallery<\/li>\n<li><a href=\"http:\/\/www.mgml.si\/en\/tobacna-001-cultural-centre\/news-and-events-463\/news-1300\/the-cc-tobacna-001-artist-in-residence-centre-is-hosting-sezgin-boynik-and-minna-henriksson\/\">Sezgin Boynik and Minna Henriksson<\/a>, exhibition opening, Toba\u010dna 001 Cultural Centre<\/li>\n<\/ul>\n<\/td>\n<\/tr>\n<tr>\n<td class=\"mesec\" valign=\"top\" width=\"15%\">Friday,<br \/>\n15 May 2015<\/td>\n<td class=\"tdprogramsredina\" valign=\"top\">\n<ul>\n<li>10 am<\/li>\n<\/ul>\n<ul>\n<li>1 pm<\/li>\n<\/ul>\n<ul>\n<li>7 pm<\/li>\n<\/ul>\n<\/td>\n<td class=\"tdprogram\" valign=\"top\" width=\"70%\">\n<ul>\n<li>Curatorial Mapping:<a href=\"http:\/\/www.mg-lj.si\/node\/814\"> Museum of Contemporary Art Metelkova<\/a> with Adela \u017deleznik<\/li>\n<li>Curatorial Mapping: <a href=\"http:\/\/www.mglc-lj.si\/eng\/\">International Centre of Graphic Arts<\/a> with Bo\u017eidar Zrinski<\/li>\n<li><a href=\"http:\/\/www.zavod-parasite.si\/eng\/archives\/1688\">OHO Group Award 2015<\/a>, exhibition of the nominees for the OHO Award 2015 and the announcement of this year\u2019s winner, <a href=\"http:\/\/www.zavod-parasite.si\/eng\/\">P74 Gallery<\/a><\/li>\n<\/ul>\n<\/td>\n<\/tr>\n<tr>\n<td class=\"mesec\" valign=\"top\" width=\"15%\">Saturday,<br \/>\n16 May 2015<\/td>\n<td class=\"tdprogramsredina\" valign=\"top\"><\/td>\n<td class=\"tdprogram\" valign=\"top\" width=\"70%\">\n<ul>\n<li>Departure<\/li>\n<\/ul>\n<\/td>\n<\/tr>\n<\/tbody>\n<\/table>\n<p>&nbsp;<\/p>\n","protected":false},"excerpt":{"rendered":"<p>\u00ab Curating\u2013In\u2013Depth Sunday, 3 May 2015 1 pm 2 pm 4 pm Arrival to Ljubljana Meeting with the host, accommodation Borga Kant\u00fcrk: The presentation of Turkish art scene and culinary event, Pr\u2019 Lenart, Belo, Medvode Monday, 4 May 2015 1 pm 8 pm Arrival to Ljubljana Noemi Veberi\u010d Levovnik: Looking for the Nightlife; artist-talk moderated [&hellip;]<\/p>\n","protected":false},"author":1,"featured_media":0,"parent":2674,"menu_order":0,"comment_status":"closed","ping_status":"closed","template":"","meta":{"footnotes":""},"categories":[],"tags":[],"class_list":["post-3593","page","type-page","status-publish","hentry"],"_links":{"self":[{"href":"https:\/\/www.worldofart.org\/arhiv.worldofart.org\/current\/wp-json\/wp\/v2\/pages\/3593","targetHints":{"allow":["GET"]}}],"collection":[{"href":"https:\/\/www.worldofart.org\/arhiv.worldofart.org\/current\/wp-json\/wp\/v2\/pages"}],"about":[{"href":"https:\/\/www.worldofart.org\/arhiv.worldofart.org\/current\/wp-json\/wp\/v2\/types\/page"}],"author":[{"embeddable":true,"href":"https:\/\/www.worldofart.org\/arhiv.worldofart.org\/current\/wp-json\/wp\/v2\/users\/1"}],"replies":[{"embeddable":true,"href":"https:\/\/www.worldofart.org\/arhiv.worldofart.org\/current\/wp-json\/wp\/v2\/comments?post=3593"}],"version-history":[{"count":1,"href":"https:\/\/www.worldofart.org\/arhiv.worldofart.org\/current\/wp-json\/wp\/v2\/pages\/3593\/revisions"}],"predecessor-version":[{"id":3594,"href":"https:\/\/www.worldofart.org\/arhiv.worldofart.org\/current\/wp-json\/wp\/v2\/pages\/3593\/revisions\/3594"}],"up":[{"embeddable":true,"href":"https:\/\/www.worldofart.org\/arhiv.worldofart.org\/current\/wp-json\/wp\/v2\/pages\/2674"}],"wp:attachment":[{"href":"https:\/\/www.worldofart.org\/arhiv.worldofart.org\/current\/wp-json\/wp\/v2\/media?parent=3593"}],"wp:term":[{"taxonomy":"category","embeddable":true,"href":"https:\/\/www.worldofart.org\/arhiv.worldofart.org\/current\/wp-json\/wp\/v2\/categories?post=3593"},{"taxonomy":"post_tag","embeddable":true,"href":"https:\/\/www.worldofart.org\/arhiv.worldofart.org\/current\/wp-json\/wp\/v2\/tags?post=3593"}],"curies":[{"name":"wp","href":"https:\/\/api.w.org\/{rel}","templated":true}]}}