{"id":474,"date":"2011-09-16T13:09:13","date_gmt":"2011-09-16T11:09:13","guid":{"rendered":"http:\/\/www.worldofart.org\/current\/?page_id=474"},"modified":"2015-05-26T14:10:45","modified_gmt":"2015-05-26T12:10:45","slug":"visit-to-exhibitions","status":"publish","type":"page","link":"https:\/\/www.worldofart.org\/arhiv.worldofart.org\/current\/14th-year-20112013\/visit-to-exhibitions","title":{"rendered":"Visit to exhibitions"},"content":{"rendered":"<p>WORLD OF ART<br \/>\nSchool for Curators and Critics of Contemporary Art<br \/>\nSeason 14<\/p>\n<hr \/>\n<p>Focused and in-depth visits to exhibitions. Reference material will be prepared in advance of each visit. Guided tours of exhibitions will be hosted by the curator and artists.<\/p>\n<p class=\"leto\"><strong>2012<\/strong><\/p>\n<table width=\"100%\" border=\"0\" cellspacing=\"0\" cellpadding=\"0\">\n<tbody>\n<tr>\n<td class=\"mesec\" valign=\"top\" width=\"20%\">Thursday,<br \/>\nJanuary 19, 2012<\/td>\n<td class=\"tdprogramsredina\" valign=\"top\" width=\"20%\">13.00-15.30<\/td>\n<td class=\"tdprogram\" valign=\"top\" width=\"60%\">Bojana Pi\u0161kur and Igor \u0160panjol: Visit of the exhibitions <a href=\"http:\/\/www.mg-lj.si\/node\/799\" target=\"_blank\"><em>Museum of Affects. In the framework of L&#8217;Internationale*<\/em><\/a> and <a href=\"http:\/\/www.mg-lj.si\/node\/804\" target=\"_blank\"><em>The Present and Presence<\/em><\/a>, Museum of Contemporary Art (MSUM)<\/td>\n<\/tr>\n<tr>\n<td class=\"mesec\" rowspan=\"3\" valign=\"top\" width=\"20%\">Wednesday,<br \/>\nMarch 14, 2012<\/td>\n<td class=\"tdprogramsredina\" valign=\"top\" width=\"20%\">14.30\u201316.30<\/td>\n<td class=\"tdprogram\" valign=\"top\" width=\"60%\">Guided tour by Igor \u0160panjol: <a href=\"http:\/\/www.mg-lj.si\/node\/804\" target=\"_blank\"><em>The Present and Presence<\/em><\/a>, Museum of Contemporary Art (MSUM)<\/td>\n<\/tr>\n<tr>\n<td class=\"tdprogramsredina\" valign=\"top\" width=\"20%\">16. 45\u201318.00<\/td>\n<td class=\"tdprogram\" valign=\"top\" width=\"60%\">Sebastian Krawczyk: presentation of <a href=\"http:\/\/www.galerijalkatraz.org\/\" target=\"_blank\">Alkatraz Gallery<\/a> and guided tour by Danijela Zajc: <a href=\"http:\/\/bringintakeout.wordpress.com\/\" target=\"_blank\"><em>Bring In Take Out Living Archive: LA EXHIBITION<\/em><\/a><\/td>\n<\/tr>\n<tr>\n<td class=\"tdprogramsredina\" valign=\"top\" width=\"20%\">20.00<\/td>\n<td class=\"tdprogram\" valign=\"top\" width=\"60%\">Primo\u017e Nemec: presentation of <a href=\"http:\/\/www.ganes-pratt.si\/Ganes_Pratt_Mala_galerija.html\" target=\"_blank\">Granes Pratt, Mala galerija<\/a> and guided tour by Petja Grafenauer: <a href=\"http:\/\/www.belisladoled.org\/\" target=\"_blank\">Beli sladoled: <em>First serious exhibition<\/em><\/a><\/td>\n<\/tr>\n<tr>\n<td class=\"mesec\" rowspan=\"3\" valign=\"top\" width=\"20%\">Thursday,<br \/>\nMarch 15, 2012<\/td>\n<td class=\"tdprogramsredina\" valign=\"top\" width=\"20%\">10.00\u201312.00<\/td>\n<td class=\"tdprogram\" valign=\"top\" width=\"60%\">Jurij Krpan: presentation of <a href=\"http:\/\/www.kapelica.org\/index_en.html\" target=\"_blank\">Kapelica Gallery<\/a> and guided tour by Petra Mili\u010d: <a href=\"http:\/\/www.kapelica.org\/index_en.html#event=837\" target=\"_blank\">Emanuel Andel &amp; Christian G\u00fctzer \/ 5VOLTCORE: <em>Saving Myself<\/em><\/a>, Metropolis Gallery<\/td>\n<\/tr>\n<tr>\n<td class=\"tdprogramsredina\" valign=\"top\" width=\"20%\">12.30\u201314.30<\/td>\n<td class=\"tdprogram\" valign=\"top\" width=\"60%\">guided tour by Marko Jenko: <a href=\"http:\/\/www.mg-lj.si\/node\/791\" target=\"_blank\"><em>20th Century \/ Continuities and ruptures<\/em><\/a> and guided tour by Martina Vovk: Metka Kra\u0161ovec: <a href=\"http:\/\/www.mg-lj.si\/node\/830\" target=\"_blank\"><em>A Retrospective<\/em><\/a><\/td>\n<\/tr>\n<tr>\n<td class=\"tdprogramsredina\" valign=\"top\" width=\"20%\">17.00<\/td>\n<td class=\"tdprogram\" valign=\"top\" width=\"60%\">Nevenka \u0160ivavec: presentation of <a href=\"http:\/\/www.mglc-lj.si\/\" target=\"_blank\">International Centre of Graphic Arts (MGLC)<\/a> and visit of the exhibition: <em>ABoT \u2013 Artists\u2019 Books on Tour, Artist Competition and Mobile Museum<\/em><\/td>\n<\/tr>\n<tr>\n<td class=\"mesec\" rowspan=\"5\" valign=\"top\" width=\"20%\">Friday,<br \/>\nMarch 16, 2012<\/td>\n<td class=\"tdprogramsredina\" valign=\"top\" width=\"20%\">10.00\u201312.00<\/td>\n<td class=\"tdprogram\" valign=\"top\" width=\"60%\">Alenka Gregori\u010d: presentation of <a href=\"http:\/\/www.mgml.si\/en\/city-art-gallery\/\" target=\"_blank\">City Art Gallery<\/a> and guided tour by Mateja Podlesnik: ogled razstave Sandi \u010cervek: <a href=\"http:\/\/www.mgml.si\/en\/city-art-gallery\/archive-of-exhibitions-411\/sandi-cervek-paintings-and-drawings-1985-2011\/\" target=\"_blank\"><em>Paintings and drawings 1985\u20132011<\/em><\/a><\/td>\n<\/tr>\n<tr>\n<td class=\"tdprogramsredina\" valign=\"top\" width=\"20%\">12.15\u201314.00<\/td>\n<td class=\"tdprogram\" valign=\"top\" width=\"60%\">Vladimir Vidmar: presentation of <a href=\"http:\/\/www.galerija.skuc-drustvo.si\/\" target=\"_blank\">\u0160KUC Gallery<\/a> and guided tour of the exhibition <em>Beyond occupied images<\/em><\/td>\n<\/tr>\n<tr>\n<td class=\"tdprogramsredina\" valign=\"top\" width=\"20%\">16.00-17.30<\/td>\n<td class=\"tdprogram\" valign=\"top\" width=\"60%\">Janez Jan\u0161a: presentation of <a href=\"http:\/\/www.aksioma.org\/\" target=\"_blank\">Aksioma<\/a> and guided tour of the exhibition Igor \u0160tromajer: <a href=\"http:\/\/www.aksioma.org\/make_love_not_art\/index.html\" target=\"_blank\"><em>Make Love, Not Art<\/em><\/a><\/td>\n<\/tr>\n<tr>\n<td class=\"tdprogramsredina\" valign=\"top\" width=\"20%\">18.30-20.00<\/td>\n<td class=\"tdprogram\" valign=\"top\" width=\"60%\">Miha Colner: presentation of <a href=\"http:\/\/www.photon.si\/gb\/\" target=\"_blank\">Photon Gallery<\/a> and guided tour of the exhibition: <a href=\"http:\/\/www.photon.si\/gb\/exhibitions.asp?SiteID=208&amp;GID=575\" target=\"_blank\"><em>Ordinary Spaces \u2013 Extraordinary Views <\/em><\/a><\/td>\n<\/tr>\n<tr>\n<td class=\"tdprogramsredina\" valign=\"top\" width=\"20%\">20.00<\/td>\n<td class=\"tdprogram\" valign=\"top\" width=\"60%\">Tadej Poga\u010dar: presentation of <a href=\"http:\/\/www.zavod-parasite.si\/eng\/\" target=\"_blank\">P74 Gallery<\/a> and guided tour by Yasmin Martin Vodopivec: Mihael Giba: <a href=\"http:\/\/www.zavod-parasite.si\/eng\/archives\/957\" target=\"_blank\"><em>Trust me I trust you<\/em><\/a><\/td>\n<\/tr>\n<tr>\n<td class=\"mesec\" valign=\"top\" width=\"20%\">Thursday<br \/>\nApril 5, 2012<\/td>\n<td class=\"tdprogramsredina\" valign=\"top\" width=\"20%\">20.00<\/td>\n<td class=\"tdprogram\" valign=\"top\" width=\"60%\">Meeting with artist and visit of his exhibition: Toma\u017e Furlan: <a href=\"http:\/\/www.galerijalkatraz.org\/?p=5101\" target=\"_blank\"><em>Wear XIII<\/em><\/a>, Alkatraz Gallery<\/td>\n<\/tr>\n<tr>\n<td class=\"mesec\" valign=\"top\" width=\"20%\">Thursday<br \/>\nApril 12, 2012<\/td>\n<td class=\"tdprogramsredina\" valign=\"top\" width=\"20%\">14.30<\/td>\n<td class=\"tdprogram\" valign=\"top\" width=\"60%\"><em><a href=\"http:\/\/www.galerija.skuc-drustvo.si\/skuc2.html\" target=\"_blank\">Real time settings for ner[d\/ve]<\/a><\/em>, \u0160KUC Gallery, guided tour by Ida Hir\u0161enfelder<\/td>\n<\/tr>\n<tr>\n<td class=\"mesec\" valign=\"top\" width=\"20%\">Tuesday<br \/>\nMay 8, 2012<\/td>\n<td class=\"tdprogramsredina\" valign=\"top\" width=\"20%\">19.00<\/td>\n<td class=\"tdprogram\" valign=\"top\" width=\"60%\">Visit of the exhibition <a href=\"http:\/\/www.galerijalkatraz.org\/?cat=5&amp;prih=1\" target=\"_blank\">Alenka Sottler: <em>Good Afternoon<\/em><\/a>, Alkatraz Gallery. Guided tour by Alenka Sottler.<\/td>\n<\/tr>\n<tr>\n<td class=\"mesec\" valign=\"top\" width=\"20%\">Tursday<br \/>\nMay 24, 2012<\/td>\n<td class=\"tdprogramsredina\" valign=\"top\" width=\"20%\">14.00-15.30<\/td>\n<td class=\"tdprogram\" valign=\"top\" width=\"60%\">Visit of the exhibition <em><a href=\"http:\/\/www.mglc-lj.si\/slo\/index-razstave.htm\" target=\"_blank\">Prints and Impressions<\/a><\/em>, MGLC. Guided tour by Breda \u0160krjanec.<\/td>\n<\/tr>\n<tr>\n<td class=\"mesec\" valign=\"top\" width=\"20%\">Tursday<br \/>\nJune 28, 2012<\/td>\n<td class=\"tdprogramsredina\" valign=\"top\" width=\"20%\">16.00-19.30<\/td>\n<td class=\"tdprogram\" valign=\"top\" width=\"60%\">Visit of the exhibition Tanja Ostoji\u0107: <em>Body, Politics, Agency \u2026<\/em>, \u0160kuc Gallery. Guided tour by Tev\u017e Logar.<\/td>\n<\/tr>\n<tr>\n<td class=\"mesec\" valign=\"top\" width=\"20%\">Tursday<br \/>\nOctober 4, 2012<\/td>\n<td class=\"tdprogramsredina\" valign=\"top\" width=\"20%\">14.00<\/td>\n<td class=\"tdprogram\" valign=\"top\" width=\"60%\"><a href=\"http:\/\/www.mglc-lj.si\/eng\/exhibition_archive\/exhibition_archive\" target=\"_blank\"><em>Systems and Patterns<\/em><\/a>, guided tour by Nevenka \u0160ivavec, MGLC, Ljubljana<\/td>\n<\/tr>\n<tr>\n<td class=\"mesec\" valign=\"top\" width=\"20%\">Tursday<br \/>\nOctober 18, 2012<\/td>\n<td class=\"tdprogramsredina\" valign=\"top\" width=\"20%\">14.00-15.30<\/td>\n<td class=\"tdprogram\" valign=\"top\" width=\"60%\"><a href=\"http:\/\/www.mg-lj.si\/node\/873\" target=\"_blank\">Marko Poga\u010dnik.<em> The art of life \u2013 the life of art<\/em><\/a>, guided tour by Igor \u0160panjol<\/td>\n<\/tr>\n<tr>\n<td class=\"mesec\" valign=\"top\" width=\"20%\">Tursday<br \/>\nNovember 15, 2012<\/td>\n<td class=\"tdprogramsredina\" valign=\"top\" width=\"20%\">14.00-15.30<\/td>\n<td class=\"tdprogram\" valign=\"top\" width=\"60%\">Milan Eri\u010d<em>: <a href=\"http:\/\/www.mgml.si\/en\/city-art-gallery\/archive-of-exhibitions-411\/milan-eric-br-non-overview-exhibition\/\" target=\"_blank\">Non Overwiev Exhibition<\/a><\/em>, guided tour by Sarival Sosi\u010d, MGML<\/td>\n<\/tr>\n<\/tbody>\n<\/table>\n<p class=\"leto\"><strong>2013<\/strong><\/p>\n<table width=\"100%\" border=\"0\" cellspacing=\"0\" cellpadding=\"0\">\n<tbody>\n<tr>\n<td class=\"mesec\" rowspan=\"4\" valign=\"top\" width=\"20%\">Friday,<br \/>\nApril 5, 2013<\/td>\n<td class=\"tdprogramsredina\" valign=\"top\" width=\"20%\">10.00\u201311.30<\/td>\n<td class=\"tdprogram\" valign=\"top\" width=\"60%\">Marko Jenko: <em>Marko \u0160u\u0161tar\u0161i\u010d (1927\u20131976): Retrospective and 20th Century \/ Continuities and Ruptures<\/em>, Modern Gallery, guided tours.<\/td>\n<\/tr>\n<tr>\n<td class=\"tdprogramsredina\" valign=\"top\" width=\"20%\">11.45\u201313.15<\/td>\n<td class=\"tdprogram\" valign=\"top\" width=\"60%\">Bo\u017eidar Zrinski: presentation of International Centre of Graphic Arts (MGLC) and guided tour by Collin Farows: Cut-ups, Cut-ins, Cut-outs. The Art of William S. Burroughs, MGLC.<\/td>\n<\/tr>\n<tr>\n<td class=\"tdprogramsredina\" valign=\"top\" width=\"20%\">14.30\u201316.00<\/td>\n<td class=\"tdprogram\" valign=\"top\" width=\"60%\">Alenka Gregori\u010d: presentation of City Gallery Ljubljana and guided tour by Mateja Podlesnik: <em>An exhibition. 50 Years of City Gallery in Ljubljana<\/em>, historical survey exhibitio<\/td>\n<\/tr>\n<tr>\n<td class=\"tdprogramsredina\" valign=\"top\" width=\"20%\">16.15\u201318.00<\/td>\n<td class=\"tdprogram\" valign=\"top\" width=\"60%\">Bojana Pi\u0161kur: presentation of Museum of Contemporary Art Metelkova and guided tour: <em>The Presence and Present.<\/em><\/td>\n<\/tr>\n<tr>\n<td class=\"mesec\" rowspan=\"3\" valign=\"top\" width=\"20%\">Saturday,<br \/>\nApril 6, 2013<\/td>\n<td class=\"tdprogramsredina\" valign=\"top\" width=\"20%\">11.00\u201311.45<\/td>\n<td class=\"tdprogram\" valign=\"top\" width=\"60%\">Janez Jan\u0161a: presentation of Aksioma and guided tour: Ivan Roth: <em>Flight More<\/em>.<\/td>\n<\/tr>\n<tr>\n<td class=\"tdprogramsredina\" valign=\"top\" width=\"20%\">12.15\u201313.00<\/td>\n<td class=\"tdprogram\" valign=\"top\" width=\"60%\">Kapelica Gallery, visit of the exhibition: Koen Vanmechelen: <em>Mechelse Syrian \u2013 17th generation \u2013 Cosmopolitan Chicken Project.<\/em><\/td>\n<\/tr>\n<tr>\n<td class=\"tdprogramsredina\" valign=\"top\" width=\"20%\">15.30\u201316.00<\/td>\n<td class=\"tdprogram\" valign=\"top\" width=\"60%\">V\u017eigalica Gallery, visit of the exhibition: Lela B. Njatin: <em>I Did Not Want to See but I Have since Come to See<\/em><\/td>\n<\/tr>\n<\/tbody>\n<\/table>\n","protected":false},"excerpt":{"rendered":"<p>WORLD OF ART School for Curators and Critics of Contemporary Art Season 14 Focused and in-depth visits to exhibitions. Reference material will be prepared in advance of each visit. Guided tours of exhibitions will be hosted by the curator and artists. 2012 Thursday, January 19, 2012 13.00-15.30 Bojana Pi\u0161kur and Igor \u0160panjol: Visit of the [&hellip;]<\/p>\n","protected":false},"author":1,"featured_media":0,"parent":441,"menu_order":0,"comment_status":"closed","ping_status":"closed","template":"","meta":{"footnotes":""},"categories":[1],"tags":[],"class_list":["post-474","page","type-page","status-publish","hentry","category-woa"],"_links":{"self":[{"href":"https:\/\/www.worldofart.org\/arhiv.worldofart.org\/current\/wp-json\/wp\/v2\/pages\/474","targetHints":{"allow":["GET"]}}],"collection":[{"href":"https:\/\/www.worldofart.org\/arhiv.worldofart.org\/current\/wp-json\/wp\/v2\/pages"}],"about":[{"href":"https:\/\/www.worldofart.org\/arhiv.worldofart.org\/current\/wp-json\/wp\/v2\/types\/page"}],"author":[{"embeddable":true,"href":"https:\/\/www.worldofart.org\/arhiv.worldofart.org\/current\/wp-json\/wp\/v2\/users\/1"}],"replies":[{"embeddable":true,"href":"https:\/\/www.worldofart.org\/arhiv.worldofart.org\/current\/wp-json\/wp\/v2\/comments?post=474"}],"version-history":[{"count":23,"href":"https:\/\/www.worldofart.org\/arhiv.worldofart.org\/current\/wp-json\/wp\/v2\/pages\/474\/revisions"}],"predecessor-version":[{"id":2892,"href":"https:\/\/www.worldofart.org\/arhiv.worldofart.org\/current\/wp-json\/wp\/v2\/pages\/474\/revisions\/2892"}],"up":[{"embeddable":true,"href":"https:\/\/www.worldofart.org\/arhiv.worldofart.org\/current\/wp-json\/wp\/v2\/pages\/441"}],"wp:attachment":[{"href":"https:\/\/www.worldofart.org\/arhiv.worldofart.org\/current\/wp-json\/wp\/v2\/media?parent=474"}],"wp:term":[{"taxonomy":"category","embeddable":true,"href":"https:\/\/www.worldofart.org\/arhiv.worldofart.org\/current\/wp-json\/wp\/v2\/categories?post=474"},{"taxonomy":"post_tag","embeddable":true,"href":"https:\/\/www.worldofart.org\/arhiv.worldofart.org\/current\/wp-json\/wp\/v2\/tags?post=474"}],"curies":[{"name":"wp","href":"https:\/\/api.w.org\/{rel}","templated":true}]}}