{"id":477,"date":"2011-09-16T13:10:36","date_gmt":"2011-09-16T11:10:36","guid":{"rendered":"http:\/\/www.worldofart.org\/current\/?page_id=477"},"modified":"2015-05-26T14:10:59","modified_gmt":"2015-05-26T12:10:59","slug":"studio-visits","status":"publish","type":"page","link":"https:\/\/www.worldofart.org\/arhiv.worldofart.org\/current\/14th-year-20112013\/studio-visits","title":{"rendered":"Studio visits"},"content":{"rendered":"<p>WORLD OF ART<br \/>\nSchool for Curators and Critics of Contemporary Art<br \/>\nSeason 14<br \/>\n1st Year (November 2011\u2013June 2012)<\/p>\n<hr \/>\n<p><strong>Tev\u017e Logar: Studio visits <\/strong><br \/>\nCuratorial work is carried out at various levels and a large part of it takes place mostly outside the gallery space since this is sort of the final moment in the whole work process. The structured gallery exhibition program and individual curatorial projects seek to monitor the development of the contemporary visual arts, including tracking the trend of presenting art, theoretical discourse and the continuous development of art practices.<br \/>\nOne of the curator methods, certainly one of the most important, is visiting a studio of an artist, thus enabling a personal contact with artists, curators, and consequently providing a more holistic approach to artistic work. During the working year, participants of the World of Art School will be meeting, on an individual as well group basis, artists in their studios, these &#8220;studio discoveries&#8221; will be in the form of short presentations at monthly meetings presented to their colleagues. Studio visits will be structured so that participants of the World of Art School will be put in the situations which curators meet regularly in the process of their work. <\/p>\n<div class=\"komentar2\">\n<p class=\"komentarslike\"><img decoding=\"async\" style=\"border: 0; margin: 0; padding: 0 0 7px 0;\" src=\"https:\/\/www.worldofart.org\/arhiv.worldofart.org\/aktualno\/wp-content\/2011-13\/ateljeji\/Tomazin-In-Paradise_detajl.jpg\" alt=\"In the studio of Toma\u017e Toma\u017ein, November 29, 2012 (detail of photo from the exhibition: Toma\u017e Toma\u017ein, I'm gonna pop that fly, P74 Gallery, November 8\u201329, 2012)\" \/><br \/>\n<strong>In the studio of Toma\u017e Toma\u017ein, November 29, 2012 (detail of photo from the exhibition: Toma\u017e Toma\u017ein, <em>I&#8217;m gonna pop that fly<\/em>, P74 Gallery, November 8\u201329, 2012)<\/strong><\/p>\n<\/div>\n<div class=\"komentar2\">\n<p class=\"komentarslike\">\n<img decoding=\"async\" style=\"border:0; margin:0; padding:0 0 7px 0\" src=\"https:\/\/www.worldofart.org\/arhiv.worldofart.org\/aktualno\/wp-content\/2011-13\/ateljeji\/atelje-petra-varl.jpg\" alt=\"In the studio of Petra Varl, May 31, 2012\" \/><br \/>\n<strong>In the studio of Petra Varl, May 31, 2012<\/strong>\n<\/div>\n<div class=\"komentar2\">\n<p class=\"komentarslike\">\n<img decoding=\"async\" style=\"border:0; margin:0; padding:0 0 7px 0\" src=\"https:\/\/www.worldofart.org\/arhiv.worldofart.org\/aktualno\/wp-content\/2011-13\/ateljeji\/atelje-tina-smrekar.jpg\" alt=\"In the studio of Tina Smrekar, May 8, 2012\" \/><br \/>\n<strong>In the studio of Tina Smrekar, May 8, 2012<\/strong>\n<\/div>\n<div class=\"komentar2\">\n<p class=\"komentarslike\">\n<img decoding=\"async\" style=\"border:0; margin:0; padding:0 0 7px 0\" src=\"https:\/\/www.worldofart.org\/arhiv.worldofart.org\/aktualno\/wp-content\/2011-13\/ateljeji\/aksioma-janez-jansa.jpg\" alt=\"In the studio of Janez Jan\u0161a, April 12, 2012\" \/><br \/>\n<strong>In the studio of Janez Jan\u0161a, April 12, 2012<\/strong>\n<\/div>\n<div class=\"komentar2\">\n<p class=\"komentarslike\">\n<img decoding=\"async\" style=\"border:0; margin:0; padding:0 0 7px 0\" src=\"https:\/\/www.worldofart.org\/arhiv.worldofart.org\/aktualno\/wp-content\/2011-13\/atelje-vadim-fiskin.jpg\" alt=\"In the studio of Vadim Fishkin, February 3, 2012\" \/><br \/>\n<strong>In the studio of Vadim Fishkin, February 3, 2012<\/strong>\n<\/div>\n<div class=\"komentar2\">\n<p class=\"komentarslike\">\n<img decoding=\"async\" style=\"border:0; margin:0; padding:0 0 7px 0\" src=\"https:\/\/www.worldofart.org\/arhiv.worldofart.org\/aktualno\/wp-content\/2011-13\/ateljeji\/atelje-roman-uranjek.jpg\" alt=\"In the studio of Roman Uranjek, January 12, 2012\" \/><br \/>\n<strong>In the studio of Roman Uranjek, January 12, 2012<\/strong>\n<\/div>\n","protected":false},"excerpt":{"rendered":"<p>WORLD OF ART School for Curators and Critics of Contemporary Art Season 14 1st Year (November 2011\u2013June 2012) Tev\u017e Logar: Studio visits Curatorial work is carried out at various levels and a large part of it takes place mostly outside the gallery space since this is sort of the final moment in the whole work [&hellip;]<\/p>\n","protected":false},"author":1,"featured_media":0,"parent":441,"menu_order":0,"comment_status":"closed","ping_status":"closed","template":"","meta":{"footnotes":""},"categories":[1],"tags":[],"class_list":["post-477","page","type-page","status-publish","hentry","category-woa"],"_links":{"self":[{"href":"https:\/\/www.worldofart.org\/arhiv.worldofart.org\/current\/wp-json\/wp\/v2\/pages\/477","targetHints":{"allow":["GET"]}}],"collection":[{"href":"https:\/\/www.worldofart.org\/arhiv.worldofart.org\/current\/wp-json\/wp\/v2\/pages"}],"about":[{"href":"https:\/\/www.worldofart.org\/arhiv.worldofart.org\/current\/wp-json\/wp\/v2\/types\/page"}],"author":[{"embeddable":true,"href":"https:\/\/www.worldofart.org\/arhiv.worldofart.org\/current\/wp-json\/wp\/v2\/users\/1"}],"replies":[{"embeddable":true,"href":"https:\/\/www.worldofart.org\/arhiv.worldofart.org\/current\/wp-json\/wp\/v2\/comments?post=477"}],"version-history":[{"count":11,"href":"https:\/\/www.worldofart.org\/arhiv.worldofart.org\/current\/wp-json\/wp\/v2\/pages\/477\/revisions"}],"predecessor-version":[{"id":2893,"href":"https:\/\/www.worldofart.org\/arhiv.worldofart.org\/current\/wp-json\/wp\/v2\/pages\/477\/revisions\/2893"}],"up":[{"embeddable":true,"href":"https:\/\/www.worldofart.org\/arhiv.worldofart.org\/current\/wp-json\/wp\/v2\/pages\/441"}],"wp:attachment":[{"href":"https:\/\/www.worldofart.org\/arhiv.worldofart.org\/current\/wp-json\/wp\/v2\/media?parent=477"}],"wp:term":[{"taxonomy":"category","embeddable":true,"href":"https:\/\/www.worldofart.org\/arhiv.worldofart.org\/current\/wp-json\/wp\/v2\/categories?post=477"},{"taxonomy":"post_tag","embeddable":true,"href":"https:\/\/www.worldofart.org\/arhiv.worldofart.org\/current\/wp-json\/wp\/v2\/tags?post=477"}],"curies":[{"name":"wp","href":"https:\/\/api.w.org\/{rel}","templated":true}]}}