{"id":584,"date":"2011-11-06T14:33:31","date_gmt":"2011-11-06T12:33:31","guid":{"rendered":"http:\/\/www.worldofart.org\/current\/?page_id=584"},"modified":"2014-04-30T14:14:13","modified_gmt":"2014-04-30T12:14:13","slug":"participants-20112013","status":"publish","type":"page","link":"https:\/\/www.worldofart.org\/arhiv.worldofart.org\/current\/14th-year-20112013\/participants-20112013","title":{"rendered":"Participants 2011\/2013"},"content":{"rendered":"<h3 class=\"sola vijolicna\" style=\"font-weight: normal;\">1st in 2nd year<\/h3>\n<p><img loading=\"lazy\" decoding=\"async\" style=\"margin-right: 10px; margin-bottom: 5px; margin-top: 3px; margin-left: 0px;\" src=\"https:\/\/www.worldofart.org\/arhiv.worldofart.org\/aktualno\/wp-content\/2011-13\/tecajniki\/maja-alibegovic.jpg\" alt=\"Maja Alibegovi\u0107\" width=\"100\" height=\"100\" align=\"left\" \/><strong>Maja Alibegovi\u0107 (1987)<\/strong><br \/>\nBorn in Ljubljana. She studied at the Academy of Fine Arts and Design Ljubljana (2006-2010) and spent her final semester (2011) abroad in G\u00f6teborg, Sweden, where she attended HDK- H\u00f6gskolan f\u00f6r Design och Konsthantverk and HFF- H\u00f6gskolan f\u00f6r fotografi. While studying design she became interested in photography. She exhibited her works at Oko za oko, group exhibition of selected works by design students of the Academy of Fine Arts and Design (2009, 2010). Her photographs were nominated for the ESSL ART AWARD in 2011. Nominees\u2019 exhibiton was held at Museum of Modern and Contemporary Art, Ljubljana. She placed second at the Emzin Photography of the Year 2011 Competition (Fotografija leta 2011). Awarded works were exhibited at Cankarjev dom, Ljubljana. She worked as a trend reporter for a renowned swedish design company No picnic, reporting about new trends in her country. Together with her friends she formed an art collective driskoteka (2009), creating new standards of nightlife by including their own scenography, photography and video to their events. Currently she is working on her final thesis and developing new photography projects.<\/p>\n<hr \/>\n<p><img loading=\"lazy\" decoding=\"async\" style=\"margin-right: 10px; margin-bottom: 5px; margin-top: 3px; margin-left: 0px;\" src=\"https:\/\/www.worldofart.org\/arhiv.worldofart.org\/aktualno\/wp-content\/2011-13\/tecajniki\/maja-antoncic.jpg\" alt=\"Maja Anton\u010di\u010d\" width=\"100\" height=\"100\" align=\"left\" \/><strong>Maja Anton\u010di\u010d (1983)<\/strong><\/p>\n<p>Born in Celje. She graduated from Art history and Library, Information Science and Book Studies at the Faculty of Arts in Ljubljana. Since October 2011, she has been attending the World of Art curatorial practice and art criticism course at SCCA\u2013Ljubljana. Currently she works as a curator at the Center for Contemporary Arts at Zavod Celeia Celje.<\/p>\n<p>&nbsp;<\/p>\n<hr \/>\n<p><img loading=\"lazy\" decoding=\"async\" style=\"margin-right: 10px; margin-bottom: 5px; margin-top: 3px; margin-left: 0px;\" src=\"https:\/\/www.worldofart.org\/arhiv.worldofart.org\/aktualno\/wp-content\/2011-13\/tecajniki\/lenka-dzorojevic.jpg\" alt=\"Lenka \u0110orojevi\u0107\" width=\"100\" height=\"100\" align=\"left\" \/><strong>Lenka \u0110orojevi\u0107 (1982)<\/strong><br \/>\nBorn in Nik\u0161i\u0107, Montenegro. In 2008 gratuated in printmakinkg at the Academy of Fine Arts, Trebinje, Bosnia and Herzegovina. Same year, undertook further education at the Salzburg International Summer Academy of Fine Arts. Finishing master&#8217;s degree program at the Academy of Fine Arts and Design in Ljubljana. Also finished two years of set design study at the Academy of Theatre, Radio and Film in Ljubljana. Exhibits in Slovenia and abroad. Besides, participates in theatre production as set designer.<\/p>\n<div style=\"margin: 1px; color: #fff;\">.<\/div>\n<hr \/>\n<p><img loading=\"lazy\" decoding=\"async\" style=\"margin-right: 10px; margin-bottom: 5px; margin-top: 3px; margin-left: 0px;\" src=\"https:\/\/www.worldofart.org\/arhiv.worldofart.org\/aktualno\/wp-content\/2011-13\/tecajniki\/jasna-jernejsek.jpg\" alt=\"Jasna Jernej\u0161ek\" width=\"100\" height=\"100\" align=\"left\" \/><strong>Jasna Jernej\u0161ek (1982)<\/strong><br \/>\nShe is concluding her Masters in Communication Studies at the Faculty of Social Sciences. Otherwise the graduate of Cultural Studies, she was also educated in post graduated program at the Hacettepe University in Turkey. Theoretically and practically she is engaged with photography, which always impresses her and to which she returns over and over again. Enriched with knowledge from various fields she widens and upgrades it.<\/p>\n<div style=\"margin: 10px; color: #fff;\">.<\/div>\n<hr \/>\n<p><a id=\"miha\" name=\"miha\"><\/a><br \/>\n<img loading=\"lazy\" decoding=\"async\" style=\"margin-right: 10px; margin-bottom: 5px; margin-top: 3px; margin-left: 0px;\" src=\"https:\/\/www.worldofart.org\/arhiv.worldofart.org\/aktualno\/wp-content\/2011-13\/tecajniki\/miha-kelemina.jpg\" alt=\"Miha Kelemina\" width=\"100\" height=\"100\" align=\"left\" \/><strong>Miha Kelemina (1985)<\/strong><br \/>\nIn 2010 he graduated from Art History at the Faculty of Arts in Ljubljana. He is devoting his spare time to painting. He lives and works in Ljubljana and in \u0160tajerska.<\/p>\n<div style=\"margin: 40px; color: #fff;\">.<\/div>\n<hr \/>\n<p><img loading=\"lazy\" decoding=\"async\" style=\"margin-right: 10px; margin-bottom: 5px; margin-top: 3px; margin-left: 0px;\" src=\"https:\/\/www.worldofart.org\/arhiv.worldofart.org\/aktualno\/wp-content\/2011-13\/tecajniki\/nina-skumavc.jpg\" alt=\"Nina Skumavc\" width=\"100\" height=\"100\" align=\"left\" \/><strong>Nina Skumavc (1986)<\/strong><\/p>\n<p>Born in Jesenice. She graduated from Art History at the Faculty of Arts. Since high school and during studying she worked at archaeological excavations, at restoration works and collaborated with Radovljica Museums. In years 2007 to 2010 she volunteered in non-profit organization AKD Izbruh in Kranj and was in year 2009 a co-founder of a non-profit organization KUD Subart also in Kranj, where she worked until 2011. Currently she is collaborating on a project dealing with documentation and evaluation of Miklova hi\u0161a Gallery collection in Ribnica.<\/p>\n<div style=\"margin: 1px; color: #fff;\">.<\/div>\n<hr \/>\n<p><img loading=\"lazy\" decoding=\"async\" style=\"margin-right: 10px; margin-bottom: 5px; margin-top: 3px; margin-left: 0px;\" src=\"https:\/\/www.worldofart.org\/arhiv.worldofart.org\/aktualno\/wp-content\/2011-13\/tecajniki\/denis-volk.jpg\" alt=\"Denis Volk\" width=\"100\" height=\"100\" align=\"left\" \/><strong>Denis Volk (1968)<\/strong><br \/>\nBorn in \u0160empeter near Gorica. Completed his formal education in the field of medicine. His life situation and wide range of interest for various subjects brought him knowledge and experiences from psychotherapy, jewellery, all the way to fine arts and design. He is the regular follower of the art scene with deep affinity for Slovenian painting in the 20th century.<\/p>\n<div style=\"margin: 30px; color: #fff;\">.<\/div>\n<hr \/>\n<p>Till March 2013<\/p>\n<p><img loading=\"lazy\" decoding=\"async\" style=\"margin-right: 10px; margin-bottom: 5px; margin-top: 3px; margin-left: 0px;\" src=\"https:\/\/www.worldofart.org\/arhiv.worldofart.org\/aktualno\/wp-content\/2011-13\/tecajniki\/amalija-stojsavljevic.jpg\" alt=\"Amalija Stojsavljevi\u0107\" width=\"100\" height=\"100\" align=\"left\" \/><strong>Amalija Stojsavljevi\u0107 (1984)<\/strong><br \/>\nBorn in Pan\u010devo. Graduated on University of Belgrade on department of Art History. Actively monitors the art scene of Bosnia and Herzegovina by writing a critical reviews and exhibitions organizing.<\/p>\n<div style=\"margin: 30px; color: #fff;\">.<\/div>\n<h3 class=\"sola vijolicna\" style=\"margin-top: 70px; font-weight: normal;\">1st year<\/h3>\n<p><img loading=\"lazy\" decoding=\"async\" style=\"margin-right: 10px; margin-bottom: 5px; margin-top: 3px; margin-left: 0px;\" src=\"https:\/\/www.worldofart.org\/arhiv.worldofart.org\/aktualno\/wp-content\/2011-13\/tecajniki\/darija-kovacic.jpg\" alt=\"Darija Kova\u010di\u010d\" width=\"100\" height=\"100\" align=\"left\" \/><strong>Darija Kova\u010di\u010d (1974)<\/strong><br \/>\nBorn in Ljubljana. 2002 finished her studies on Filozofska fakulteta in Ljubljana on departements of history and history of art. Works in Mestna knji\u017enica Grosuplje, where runs a small gallery. Reads a lot and flirts with painting and photography.<\/p>\n<div style=\"margin: 32px; color: #fff;\">.<\/div>\n<hr \/>\n<p><img loading=\"lazy\" decoding=\"async\" style=\"margin-right: 10px; margin-bottom: 5px; margin-top: 3px; margin-left: 0px;\" src=\"https:\/\/www.worldofart.org\/arhiv.worldofart.org\/aktualno\/wp-content\/2011-13\/tecajniki\/nina-sotelsek.jpg\" alt=\"Nina Sotel\u0161ek\" width=\"100\" height=\"100\" align=\"left\" \/><strong>Nina Sotel\u0161ek (1982)<\/strong><br \/>\nBorn in Bre\u017eice. At the moment she lives in Kr\u0161ko. She graduated from Art History on Faculty of Arts in Ljubljana. After that she started working at Town museum Kr\u0161ko. She also participates to organise exhibitions at Gallery Kr\u0161ko.<\/p>\n<div style=\"margin: 30px; color: #fff;\">.<\/div>\n","protected":false},"excerpt":{"rendered":"<p>1st in 2nd year Maja Alibegovi\u0107 (1987) Born in Ljubljana. She studied at the Academy of Fine Arts and Design Ljubljana (2006-2010) and spent her final semester (2011) abroad in G\u00f6teborg, Sweden, where she attended HDK- H\u00f6gskolan f\u00f6r Design och Konsthantverk and HFF- H\u00f6gskolan f\u00f6r fotografi. While studying design she became interested in photography. She [&hellip;]<\/p>\n","protected":false},"author":1,"featured_media":0,"parent":441,"menu_order":0,"comment_status":"closed","ping_status":"closed","template":"","meta":{"footnotes":""},"categories":[1],"tags":[],"class_list":["post-584","page","type-page","status-publish","hentry","category-woa"],"_links":{"self":[{"href":"https:\/\/www.worldofart.org\/arhiv.worldofart.org\/current\/wp-json\/wp\/v2\/pages\/584","targetHints":{"allow":["GET"]}}],"collection":[{"href":"https:\/\/www.worldofart.org\/arhiv.worldofart.org\/current\/wp-json\/wp\/v2\/pages"}],"about":[{"href":"https:\/\/www.worldofart.org\/arhiv.worldofart.org\/current\/wp-json\/wp\/v2\/types\/page"}],"author":[{"embeddable":true,"href":"https:\/\/www.worldofart.org\/arhiv.worldofart.org\/current\/wp-json\/wp\/v2\/users\/1"}],"replies":[{"embeddable":true,"href":"https:\/\/www.worldofart.org\/arhiv.worldofart.org\/current\/wp-json\/wp\/v2\/comments?post=584"}],"version-history":[{"count":13,"href":"https:\/\/www.worldofart.org\/arhiv.worldofart.org\/current\/wp-json\/wp\/v2\/pages\/584\/revisions"}],"predecessor-version":[{"id":1815,"href":"https:\/\/www.worldofart.org\/arhiv.worldofart.org\/current\/wp-json\/wp\/v2\/pages\/584\/revisions\/1815"}],"up":[{"embeddable":true,"href":"https:\/\/www.worldofart.org\/arhiv.worldofart.org\/current\/wp-json\/wp\/v2\/pages\/441"}],"wp:attachment":[{"href":"https:\/\/www.worldofart.org\/arhiv.worldofart.org\/current\/wp-json\/wp\/v2\/media?parent=584"}],"wp:term":[{"taxonomy":"category","embeddable":true,"href":"https:\/\/www.worldofart.org\/arhiv.worldofart.org\/current\/wp-json\/wp\/v2\/categories?post=584"},{"taxonomy":"post_tag","embeddable":true,"href":"https:\/\/www.worldofart.org\/arhiv.worldofart.org\/current\/wp-json\/wp\/v2\/tags?post=584"}],"curies":[{"name":"wp","href":"https:\/\/api.w.org\/{rel}","templated":true}]}}

<h3 class="sola vijolicna" style="font-weight: normal;">1st in 2nd year</h3>
<p><img loading="lazy" decoding="async" style="margin-right: 10px; margin-bottom: 5px; margin-top: 3px; margin-left: 0px;" src="https://www.worldofart.org/arhiv.worldofart.org/aktualno/wp-content/2011-13/tecajniki/maja-alibegovic.jpg" alt="Maja Alibegović" width="100" height="100" align="left" /><strong>Maja Alibegović (1987)</strong><br />
Born in Ljubljana. She studied at the Academy of Fine Arts and Design Ljubljana (2006-2010) and spent her final semester (2011) abroad in Göteborg, Sweden, where she attended HDK- Högskolan för Design och Konsthantverk and HFF- Högskolan för fotografi. While studying design she became interested in photography. She exhibited her works at Oko za oko, group exhibition of selected works by design students of the Academy of Fine Arts and Design (2009, 2010). Her photographs were nominated for the ESSL ART AWARD in 2011. Nominees’ exhibiton was held at Museum of Modern and Contemporary Art, Ljubljana. She placed second at the Emzin Photography of the Year 2011 Competition (Fotografija leta 2011). Awarded works were exhibited at Cankarjev dom, Ljubljana. She worked as a trend reporter for a renowned swedish design company No picnic, reporting about new trends in her country. Together with her friends she formed an art collective driskoteka (2009), creating new standards of nightlife by including their own scenography, photography and video to their events. Currently she is working on her final thesis and developing new photography projects.</p>
<hr />
<p><img loading="lazy" decoding="async" style="margin-right: 10px; margin-bottom: 5px; margin-top: 3px; margin-left: 0px;" src="https://www.worldofart.org/arhiv.worldofart.org/aktualno/wp-content/2011-13/tecajniki/maja-antoncic.jpg" alt="Maja Antončič" width="100" height="100" align="left" /><strong>Maja Antončič (1983)</strong></p>
<p>Born in Celje. She graduated from Art history and Library, Information Science and Book Studies at the Faculty of Arts in Ljubljana. Since October 2011, she has been attending the World of Art curatorial practice and art criticism course at SCCA–Ljubljana. Currently she works as a curator at the Center for Contemporary Arts at Zavod Celeia Celje.</p>
<p>&nbsp;</p>
<hr />
<p><img loading="lazy" decoding="async" style="margin-right: 10px; margin-bottom: 5px; margin-top: 3px; margin-left: 0px;" src="https://www.worldofart.org/arhiv.worldofart.org/aktualno/wp-content/2011-13/tecajniki/lenka-dzorojevic.jpg" alt="Lenka Đorojević" width="100" height="100" align="left" /><strong>Lenka Đorojević (1982)</strong><br />
Born in Nikšić, Montenegro. In 2008 gratuated in printmakinkg at the Academy of Fine Arts, Trebinje, Bosnia and Herzegovina. Same year, undertook further education at the Salzburg International Summer Academy of Fine Arts. Finishing master&#8217;s degree program at the Academy of Fine Arts and Design in Ljubljana. Also finished two years of set design study at the Academy of Theatre, Radio and Film in Ljubljana. Exhibits in Slovenia and abroad. Besides, participates in theatre production as set designer.</p>
<div style="margin: 1px; color: #fff;">.</div>
<hr />
<p><img loading="lazy" decoding="async" style="margin-right: 10px; margin-bottom: 5px; margin-top: 3px; margin-left: 0px;" src="https://www.worldofart.org/arhiv.worldofart.org/aktualno/wp-content/2011-13/tecajniki/jasna-jernejsek.jpg" alt="Jasna Jernejšek" width="100" height="100" align="left" /><strong>Jasna Jernejšek (1982)</strong><br />
She is concluding her Masters in Communication Studies at the Faculty of Social Sciences. Otherwise the graduate of Cultural Studies, she was also educated in post graduated program at the Hacettepe University in Turkey. Theoretically and practically she is engaged with photography, which always impresses her and to which she returns over and over again. Enriched with knowledge from various fields she widens and upgrades it.</p>
<div style="margin: 10px; color: #fff;">.</div>
<hr />
<p><a id="miha" name="miha"></a><br />
<img loading="lazy" decoding="async" style="margin-right: 10px; margin-bottom: 5px; margin-top: 3px; margin-left: 0px;" src="https://www.worldofart.org/arhiv.worldofart.org/aktualno/wp-content/2011-13/tecajniki/miha-kelemina.jpg" alt="Miha Kelemina" width="100" height="100" align="left" /><strong>Miha Kelemina (1985)</strong><br />
In 2010 he graduated from Art History at the Faculty of Arts in Ljubljana. He is devoting his spare time to painting. He lives and works in Ljubljana and in Štajerska.</p>
<div style="margin: 40px; color: #fff;">.</div>
<hr />
<p><img loading="lazy" decoding="async" style="margin-right: 10px; margin-bottom: 5px; margin-top: 3px; margin-left: 0px;" src="https://www.worldofart.org/arhiv.worldofart.org/aktualno/wp-content/2011-13/tecajniki/nina-skumavc.jpg" alt="Nina Skumavc" width="100" height="100" align="left" /><strong>Nina Skumavc (1986)</strong></p>
<p>Born in Jesenice. She graduated from Art History at the Faculty of Arts. Since high school and during studying she worked at archaeological excavations, at restoration works and collaborated with Radovljica Museums. In years 2007 to 2010 she volunteered in non-profit organization AKD Izbruh in Kranj and was in year 2009 a co-founder of a non-profit organization KUD Subart also in Kranj, where she worked until 2011. Currently she is collaborating on a project dealing with documentation and evaluation of Miklova hiša Gallery collection in Ribnica.</p>
<div style="margin: 1px; color: #fff;">.</div>
<hr />
<p><img loading="lazy" decoding="async" style="margin-right: 10px; margin-bottom: 5px; margin-top: 3px; margin-left: 0px;" src="https://www.worldofart.org/arhiv.worldofart.org/aktualno/wp-content/2011-13/tecajniki/denis-volk.jpg" alt="Denis Volk" width="100" height="100" align="left" /><strong>Denis Volk (1968)</strong><br />
Born in Šempeter near Gorica. Completed his formal education in the field of medicine. His life situation and wide range of interest for various subjects brought him knowledge and experiences from psychotherapy, jewellery, all the way to fine arts and design. He is the regular follower of the art scene with deep affinity for Slovenian painting in the 20th century.</p>
<div style="margin: 30px; color: #fff;">.</div>
<hr />
<p>Till March 2013</p>
<p><img loading="lazy" decoding="async" style="margin-right: 10px; margin-bottom: 5px; margin-top: 3px; margin-left: 0px;" src="https://www.worldofart.org/arhiv.worldofart.org/aktualno/wp-content/2011-13/tecajniki/amalija-stojsavljevic.jpg" alt="Amalija Stojsavljević" width="100" height="100" align="left" /><strong>Amalija Stojsavljević (1984)</strong><br />
Born in Pančevo. Graduated on University of Belgrade on department of Art History. Actively monitors the art scene of Bosnia and Herzegovina by writing a critical reviews and exhibitions organizing.</p>
<div style="margin: 30px; color: #fff;">.</div>
<h3 class="sola vijolicna" style="margin-top: 70px; font-weight: normal;">1st year</h3>
<p><img loading="lazy" decoding="async" style="margin-right: 10px; margin-bottom: 5px; margin-top: 3px; margin-left: 0px;" src="https://www.worldofart.org/arhiv.worldofart.org/aktualno/wp-content/2011-13/tecajniki/darija-kovacic.jpg" alt="Darija Kovačič" width="100" height="100" align="left" /><strong>Darija Kovačič (1974)</strong><br />
Born in Ljubljana. 2002 finished her studies on Filozofska fakulteta in Ljubljana on departements of history and history of art. Works in Mestna knjižnica Grosuplje, where runs a small gallery. Reads a lot and flirts with painting and photography.</p>
<div style="margin: 32px; color: #fff;">.</div>
<hr />
<p><img loading="lazy" decoding="async" style="margin-right: 10px; margin-bottom: 5px; margin-top: 3px; margin-left: 0px;" src="https://www.worldofart.org/arhiv.worldofart.org/aktualno/wp-content/2011-13/tecajniki/nina-sotelsek.jpg" alt="Nina Sotelšek" width="100" height="100" align="left" /><strong>Nina Sotelšek (1982)</strong><br />
Born in Brežice. At the moment she lives in Krško. She graduated from Art History on Faculty of Arts in Ljubljana. After that she started working at Town museum Krško. She also participates to organise exhibitions at Gallery Krško.</p>
<div style="margin: 30px; color: #fff;">.</div>

<p>1st in 2nd year Maja Alibegović (1987) Born in Ljubljana. She studied at the Academy of Fine Arts and Design Ljubljana (2006-2010) and spent her final semester (2011) abroad in Göteborg, Sweden, where she attended HDK- Högskolan för Design och Konsthantverk and HFF- Högskolan för fotografi. While studying design she became interested in photography. She [&hellip;]</p>
