{"id":5981,"date":"2019-05-26T23:09:13","date_gmt":"2019-05-26T21:09:13","guid":{"rendered":"http:\/\/www.worldofart.org\/current\/?page_id=5981"},"modified":"2019-07-11T13:57:56","modified_gmt":"2019-07-11T11:57:56","slug":"5981-2","status":"publish","type":"page","link":"https:\/\/www.worldofart.org\/arhiv.worldofart.org\/current\/year17-2018-2020\/control-cultivate-evolve\/5981-2","title":{"rendered":""},"content":{"rendered":"<p><a href=\"https:\/\/www.worldofart.org\/arhiv.worldofart.org\/current\/year17-2018-2020\/control-cultivate-evolve\">control &lt; cultivate &gt; evolve<br \/>\nSoros Center for Contemporary Arts \u2013 Ljubljana (1993\u20131999). Its Organisation and Impact<\/a><br \/>\n16 May \u2013 6 June 2019, \u0160kuc Gallery, Ljubljana<\/p>\n<hr \/>\n<p>Graphic design: Vesna Bukovec<br \/>\nPhoto: Klemen Ilovar<\/p>\n<hr \/>\n<figure id=\"attachment_5985\" aria-describedby=\"caption-attachment-5985\" style=\"width: 730px\" class=\"wp-caption alignnone\"><img loading=\"lazy\" decoding=\"async\" class=\"wp-image-5985 size-large\" src=\"https:\/\/www.worldofart.org\/arhiv.worldofart.org\/current\/wp-content\/uploads\/2019\/05\/scca-mreza-detajl-730x438.jpg\" alt=\"\" width=\"730\" height=\"438\" srcset=\"https:\/\/www.worldofart.org\/arhiv.worldofart.org\/current\/wp-content\/uploads\/2019\/05\/scca-mreza-detajl-730x438.jpg 730w, https:\/\/www.worldofart.org\/arhiv.worldofart.org\/current\/wp-content\/uploads\/2019\/05\/scca-mreza-detajl-338x203.jpg 338w, https:\/\/www.worldofart.org\/arhiv.worldofart.org\/current\/wp-content\/uploads\/2019\/05\/scca-mreza-detajl-768x461.jpg 768w, https:\/\/www.worldofart.org\/arhiv.worldofart.org\/current\/wp-content\/uploads\/2019\/05\/scca-mreza-detajl.jpg 1000w\" sizes=\"auto, (max-width: 730px) 100vw, 730px\" \/><figcaption id=\"caption-attachment-5985\" class=\"wp-caption-text\">Detail; <a href=\"https:\/\/www.worldofart.org\/arhiv.worldofart.org\/aktualno\/wp-content\/uploads\/2019\/05\/SCCA-mreza.pdf\" target=\"_blank\" rel=\"noopener noreferrer\">Full poster (pdf)<\/a><\/figcaption><\/figure>\n<p><strong>The SCCA Network<br \/>\n<\/strong><\/p>\n<p>The network of twenty Soros Centers (SCCA Network) was established in the 1990s in the former socialist and communist countries of Central and Eastern Europe and the Soviet Union. The network strove to modernise the art discourse and establish a narrative of contemporary art in the \u201cEast\u201d, which it sought to achieve through regional networking, articulating artistic tendencies within a historical context, collecting documentation on artists and art, exhibitions and projects, its own magazine on contemporary art and the financing of cultural activities. The network played an active role in directing art, establishing parallel communication channels and promoting the use of new media and technologies. All the centres were upgrades of the SCCA-Budapest documentation centre established in 1984\/5. Upon foundation, each centre was given a guide with recommendations on structure and content, which was adapted by the individual centres more or less consistently according to the needs of the local environment. The effects of the westernising tendency were more visible in some settings than in others.<\/p>\n<hr \/>\n<figure id=\"attachment_6033\" aria-describedby=\"caption-attachment-6033\" style=\"width: 730px\" class=\"wp-caption alignnone\"><img loading=\"lazy\" decoding=\"async\" class=\"wp-image-6033 size-large\" src=\"https:\/\/www.worldofart.org\/arhiv.worldofart.org\/current\/wp-content\/uploads\/2019\/07\/grafika-scca-ljubljana_detajl-730x519.jpg\" alt=\"\" width=\"730\" height=\"519\" srcset=\"https:\/\/www.worldofart.org\/arhiv.worldofart.org\/current\/wp-content\/uploads\/2019\/07\/grafika-scca-ljubljana_detajl-730x519.jpg 730w, https:\/\/www.worldofart.org\/arhiv.worldofart.org\/current\/wp-content\/uploads\/2019\/07\/grafika-scca-ljubljana_detajl-338x240.jpg 338w, https:\/\/www.worldofart.org\/arhiv.worldofart.org\/current\/wp-content\/uploads\/2019\/07\/grafika-scca-ljubljana_detajl-768x546.jpg 768w, https:\/\/www.worldofart.org\/arhiv.worldofart.org\/current\/wp-content\/uploads\/2019\/07\/grafika-scca-ljubljana_detajl.jpg 800w\" sizes=\"auto, (max-width: 730px) 100vw, 730px\" \/><figcaption id=\"caption-attachment-6033\" class=\"wp-caption-text\">Detail; <a href=\"https:\/\/www.worldofart.org\/arhiv.worldofart.org\/current\/wp-content\/uploads\/2019\/07\/grafika-scca-ljubljana_velika.jpg\" target=\"_blank\" rel=\"noopener noreferrer\" rel=\"lightbox[5981]\">Full poster<\/a><\/figcaption><\/figure>\n<p><strong>SCCA-Ljubljana<\/strong><\/p>\n<p>The Soros Center for Contemporary Art \u2013 Ljubljana operated between 1993 and 1999 as one of the programmes of the Open Society Institute \u2013 Slovenia and as part of the network of twelve SCCA centres. In addition to the grant programmes, it carried out a range of national and regional programmes and its own projects. The work of SCCA-Ljubljana extended to the fields of exhibition activity (annual exhibitions and projects), training courses (World of Art curators\u2019 course) research, publishing, archival work (documenting the history of video art), documentation (artists\u2019 portfolios, video library, slide library) and dissemination (distribution network service activity). The Center was an entry point for many curators and researchers, who wanted to be informed about the local scene, whilst also promoting exchanges with the art centres of the West with individual travel grants (<em>Pot pod noge<\/em> travel grants, coordination of the <em>ArtsLink<\/em> programme, the New York art studio (in cooperation with the Ministry of Culture)). Through public calls for submissions and grants, the Center supported cultural activities, while grants for art, exhibiting and publishing projects as well as funding for international cooperation and non-programme costs also played a pivotal role. Due to the reorganisation of the Soros Foundations, the SCCA centres became independent in 2000. They began to function as non-government organisations, merged with bigger institutions or they ceased to function. SCCA-Ljubljana was reorganised into the SCCA Center for Contemporary Arts \u2013 Ljubljana.<\/p>\n<hr \/>\n<figure id=\"attachment_5987\" aria-describedby=\"caption-attachment-5987\" style=\"width: 730px\" class=\"wp-caption alignnone\"><img loading=\"lazy\" decoding=\"async\" class=\"wp-image-5987 size-large\" src=\"https:\/\/www.worldofart.org\/arhiv.worldofart.org\/current\/wp-content\/uploads\/2019\/05\/analiza-dotacij-detajl-eng-730x438.png\" alt=\"\" width=\"730\" height=\"438\" srcset=\"https:\/\/www.worldofart.org\/arhiv.worldofart.org\/current\/wp-content\/uploads\/2019\/05\/analiza-dotacij-detajl-eng-730x438.png 730w, https:\/\/www.worldofart.org\/arhiv.worldofart.org\/current\/wp-content\/uploads\/2019\/05\/analiza-dotacij-detajl-eng-338x203.png 338w, https:\/\/www.worldofart.org\/arhiv.worldofart.org\/current\/wp-content\/uploads\/2019\/05\/analiza-dotacij-detajl-eng-768x461.png 768w, https:\/\/www.worldofart.org\/arhiv.worldofart.org\/current\/wp-content\/uploads\/2019\/05\/analiza-dotacij-detajl-eng.png 1000w\" sizes=\"auto, (max-width: 730px) 100vw, 730px\" \/><figcaption id=\"caption-attachment-5987\" class=\"wp-caption-text\">Detail; <a href=\"https:\/\/www.worldofart.org\/arhiv.worldofart.org\/current\/wp-content\/uploads\/2019\/05\/Analiza-eng.pdf\" target=\"_blank\" rel=\"noopener noreferrer\">English translation of poster (pdf)<\/a><\/figcaption><\/figure>\n<p><strong>Grant analysis of SCCA-Ljubljana (1993\u20131999)<\/strong><\/p>\n<p>Grants analysis: Tia \u010ci\u010dek, with help of Asta Vre\u010dko.<\/p>\n<hr \/>\n<figure id=\"attachment_6030\" aria-describedby=\"caption-attachment-6030\" style=\"width: 730px\" class=\"wp-caption alignnone\"><img loading=\"lazy\" decoding=\"async\" class=\"wp-image-6030 size-large\" src=\"https:\/\/www.worldofart.org\/arhiv.worldofart.org\/current\/wp-content\/uploads\/2019\/07\/grafika-scca-razstavna-dejavnost-detajl-730x499.jpg\" alt=\"\" width=\"730\" height=\"499\" srcset=\"https:\/\/www.worldofart.org\/arhiv.worldofart.org\/current\/wp-content\/uploads\/2019\/07\/grafika-scca-razstavna-dejavnost-detajl-730x499.jpg 730w, https:\/\/www.worldofart.org\/arhiv.worldofart.org\/current\/wp-content\/uploads\/2019\/07\/grafika-scca-razstavna-dejavnost-detajl-338x231.jpg 338w, https:\/\/www.worldofart.org\/arhiv.worldofart.org\/current\/wp-content\/uploads\/2019\/07\/grafika-scca-razstavna-dejavnost-detajl-768x525.jpg 768w, https:\/\/www.worldofart.org\/arhiv.worldofart.org\/current\/wp-content\/uploads\/2019\/07\/grafika-scca-razstavna-dejavnost-detajl.jpg 800w\" sizes=\"auto, (max-width: 730px) 100vw, 730px\" \/><figcaption id=\"caption-attachment-6030\" class=\"wp-caption-text\">Detail; <a href=\"https:\/\/www.worldofart.org\/arhiv.worldofart.org\/current\/wp-content\/uploads\/2019\/07\/grafika-scca-razstavna-dejavnost-velika.jpg\" target=\"_blank\" rel=\"noopener noreferrer\" rel=\"lightbox[5981]\">Full poster<\/a><\/figcaption><\/figure>\n<p><strong>Exhibition Activity<\/strong><\/p>\n<p>The SCCA-Ljubljana exhibition projects were intended to present contemporary art production and promoted organisational approaches and topics that appeared to be missing in the local cultural arena. The first exhibition project was the <em><strong>Flyer Action<\/strong><\/em> (Pe\u0161aki building, Metelkova City, 1993), during which a press conference was also held presenting the work and programme of the newly established centre. All SCCA centres prepared so-called annual exhibitions, while often following in the footsteps of the exhibitions curated by Suzanne Meszoly, director of the SCCA-Network, for SCCA-Budapest in their choice of subject and medium. The first annual SCCA-Ljubljana exhibition was <em><strong>Urbanaria<\/strong><\/em>. It thematised art in the urban environment and was divided into two parts: the conceptual exhibition of fifty proposals submitted to a public call for submissions (NUK, 1994), and the realisation of thirteen projects at different locations around Ljubljana and at different time periods (1994\u20131997). The annual exhibition <em><strong>Media in Media<\/strong><\/em> (curator Vanesa Cvahte, 1997) was an international exhibition project, which presented art concepts focused on the mass media, their operation, psychosocial and ideological effects, as well as aesthetic qualities. It equally presented various art mediums: video, ambience, photography, avant-garde film and the Internet. The research project on the issues of the reception and evaluation of modern Slovenian art <em><strong>Repressed Art<\/strong><\/em> was the last annual exhibition prepared by the Center instead of an exhibition in the form of a symposium (National Museum of Contemporary History, 1998).<\/p>\n<p>In 1997, the <strong>World of Art<\/strong> curatorial practices course at \u0160KUC took SCCA-Ljubljana under its auspices and participants conceived the exhibitions <em>This Art Is Recycled<\/em> (1997), <em>When Art Pounds<\/em> (1998) and <em>Visitors<\/em> (1999) at the \u0160KUC Gallery under the mentorship of Alenka Pirman, Lilijana \u0160tepan\u010di\u010d and Igor Zabel.<\/p>\n<hr \/>\n<p><img loading=\"lazy\" decoding=\"async\" class=\"alignnone size-large wp-image-5957\" src=\"https:\/\/www.worldofart.org\/arhiv.worldofart.org\/current\/wp-content\/uploads\/2019\/05\/2019_05_22_SKUC_NKR_113-730x487.jpg\" alt=\"\" width=\"730\" height=\"487\" srcset=\"https:\/\/www.worldofart.org\/arhiv.worldofart.org\/current\/wp-content\/uploads\/2019\/05\/2019_05_22_SKUC_NKR_113-730x487.jpg 730w, https:\/\/www.worldofart.org\/arhiv.worldofart.org\/current\/wp-content\/uploads\/2019\/05\/2019_05_22_SKUC_NKR_113-338x225.jpg 338w, https:\/\/www.worldofart.org\/arhiv.worldofart.org\/current\/wp-content\/uploads\/2019\/05\/2019_05_22_SKUC_NKR_113-768x512.jpg 768w, https:\/\/www.worldofart.org\/arhiv.worldofart.org\/current\/wp-content\/uploads\/2019\/05\/2019_05_22_SKUC_NKR_113.jpg 1500w\" sizes=\"auto, (max-width: 730px) 100vw, 730px\" \/><\/p>\n<p><strong>Documentation Programme<br \/>\n<\/strong><\/p>\n<p>One of the tasks of the Soros Centers was also the collection and documentation of information on artists and artistic tendencies, the articulation of these tendencies within a historical context, the translation of the collected data and its conveyance to the central network. The SCCA centres were the upgrades of the SCCA-Budapest documentation centre, which conceived the computer database for documenting art in the early 1990s. The bilingual base (the local language and English) attempted to fill the void in the canonisation of contemporary art in Eastern Europe and served to inform the curators and researchers about local art. To this end, the SCCA centres also collected Artists\u2019 Files, materials, whereas the presentations of selected art projects were most often submitted by artists in response to public calls for submissions. Some SCCA centres had extensive documentary programmes, however, SCCA-Ljubljana declined to collect documentation on artists since the task was already being performed by the Archives Department of the Museum of Modern Art in Ljubljana. The fate of the documentation bases of many other centres remains unknown.<\/p>\n<p>As part of the documentation programme, SCCA-Ljubljana conceived a thematic documentary, archival and research project on video art in the Slovenian arena (1994\u20131999). This concluded with the publication of<a href=\"http:\/\/www.videodokument.org\/\" target=\"_blank\" rel=\"noopener noreferrer\"><strong> Videodocument<\/strong><\/a>, which was accompanied by a booklet of essays and a CD-ROM.<\/p>\n<p>SCCA-Ljubljana, in cooperation with Ljudmila, another programme of the Open Society Institute \u2013 Slovenia, conceived the <a href=\"http:\/\/www.internet-portfolio.org\/\" target=\"_blank\" rel=\"noopener noreferrer\"><strong>Internet Portfolio<\/strong><\/a> web project in 1997, which informed artists about the uses of the Internet and its capacity as a tool for a potential means of expression, while also providing them with the opportunity to produce their own online presentation in collaboration with experts.<\/p>\n<hr \/>\n<p><img loading=\"lazy\" decoding=\"async\" class=\"alignnone size-large wp-image-6027\" src=\"https:\/\/www.worldofart.org\/arhiv.worldofart.org\/current\/wp-content\/uploads\/2019\/06\/video-razstava-730x332.jpg\" alt=\"\" width=\"730\" height=\"332\" srcset=\"https:\/\/www.worldofart.org\/arhiv.worldofart.org\/current\/wp-content\/uploads\/2019\/06\/video-razstava-730x332.jpg 730w, https:\/\/www.worldofart.org\/arhiv.worldofart.org\/current\/wp-content\/uploads\/2019\/06\/video-razstava-338x154.jpg 338w, https:\/\/www.worldofart.org\/arhiv.worldofart.org\/current\/wp-content\/uploads\/2019\/06\/video-razstava-768x349.jpg 768w, https:\/\/www.worldofart.org\/arhiv.worldofart.org\/current\/wp-content\/uploads\/2019\/06\/video-razstava.jpg 1980w\" sizes=\"auto, (max-width: 730px) 100vw, 730px\" \/><\/p>\n<p><strong>Video Interviews<\/strong><\/p>\n<p>In video interviews, former SCCA-Ljubljana co-workers, Lilijana Stepan\u010di\u010d, Barbara Bor\u010di\u0107 and Sa\u0161a Nabergoj, artists Vuk \u0106osi\u0107 and Miran Mohar and dr. Beti \u017derovc, art historian and art theorist, were discussing the role and impact of the Soros Center for Contemporary Art \u2013 Ljubljana.<\/p>\n<p>Interviewers: Miha Kelemina, Jasna Jernej\u0161ek; filming and editing of video interviews: Toni Poljanec.<\/p>\n<hr \/>\n<div id='gallery-1' class='gallery galleryid-5981 gallery-columns-5 gallery-size-thumbnail'><figure class='gallery-item'>\n\t\t\t<div class='gallery-icon landscape'>\n\t\t\t\t<a href='https:\/\/www.worldofart.org\/arhiv.worldofart.org\/current\/wp-content\/uploads\/2019\/05\/2019_05_22_SKUC_NKR_092.jpg' rel=\"lightbox[5981]\"><img loading=\"lazy\" decoding=\"async\" width=\"140\" height=\"140\" src=\"https:\/\/www.worldofart.org\/arhiv.worldofart.org\/current\/wp-content\/uploads\/2019\/05\/2019_05_22_SKUC_NKR_092-140x140.jpg\" class=\"attachment-thumbnail size-thumbnail\" alt=\"\" \/><\/a>\n\t\t\t<\/div><\/figure><figure class='gallery-item'>\n\t\t\t<div class='gallery-icon portrait'>\n\t\t\t\t<a href='https:\/\/www.worldofart.org\/arhiv.worldofart.org\/current\/wp-content\/uploads\/2019\/05\/2019_05_22_SKUC_NKR_093.jpg' rel=\"lightbox[5981]\"><img loading=\"lazy\" decoding=\"async\" width=\"140\" height=\"140\" src=\"https:\/\/www.worldofart.org\/arhiv.worldofart.org\/current\/wp-content\/uploads\/2019\/05\/2019_05_22_SKUC_NKR_093-140x140.jpg\" class=\"attachment-thumbnail size-thumbnail\" alt=\"\" \/><\/a>\n\t\t\t<\/div><\/figure><figure class='gallery-item'>\n\t\t\t<div class='gallery-icon portrait'>\n\t\t\t\t<a href='https:\/\/www.worldofart.org\/arhiv.worldofart.org\/current\/wp-content\/uploads\/2019\/05\/2019_05_22_SKUC_NKR_099.jpg' rel=\"lightbox[5981]\"><img loading=\"lazy\" decoding=\"async\" width=\"140\" height=\"140\" src=\"https:\/\/www.worldofart.org\/arhiv.worldofart.org\/current\/wp-content\/uploads\/2019\/05\/2019_05_22_SKUC_NKR_099-140x140.jpg\" class=\"attachment-thumbnail size-thumbnail\" alt=\"\" \/><\/a>\n\t\t\t<\/div><\/figure><figure class='gallery-item'>\n\t\t\t<div class='gallery-icon portrait'>\n\t\t\t\t<a href='https:\/\/www.worldofart.org\/arhiv.worldofart.org\/current\/wp-content\/uploads\/2019\/05\/2019_05_22_SKUC_NKR_108.jpg' rel=\"lightbox[5981]\"><img loading=\"lazy\" decoding=\"async\" width=\"140\" height=\"140\" src=\"https:\/\/www.worldofart.org\/arhiv.worldofart.org\/current\/wp-content\/uploads\/2019\/05\/2019_05_22_SKUC_NKR_108-140x140.jpg\" class=\"attachment-thumbnail size-thumbnail\" alt=\"\" \/><\/a>\n\t\t\t<\/div><\/figure><figure class='gallery-item'>\n\t\t\t<div class='gallery-icon portrait'>\n\t\t\t\t<a href='https:\/\/www.worldofart.org\/arhiv.worldofart.org\/current\/wp-content\/uploads\/2019\/05\/2019_05_22_SKUC_NKR_106.jpg' rel=\"lightbox[5981]\"><img loading=\"lazy\" decoding=\"async\" width=\"140\" height=\"140\" src=\"https:\/\/www.worldofart.org\/arhiv.worldofart.org\/current\/wp-content\/uploads\/2019\/05\/2019_05_22_SKUC_NKR_106-140x140.jpg\" class=\"attachment-thumbnail size-thumbnail\" alt=\"\" \/><\/a>\n\t\t\t<\/div><\/figure><figure class='gallery-item'>\n\t\t\t<div class='gallery-icon landscape'>\n\t\t\t\t<a href='https:\/\/www.worldofart.org\/arhiv.worldofart.org\/current\/wp-content\/uploads\/2019\/05\/2019_05_22_SKUC_NKR_125.jpg' rel=\"lightbox[5981]\"><img loading=\"lazy\" decoding=\"async\" width=\"140\" height=\"140\" src=\"https:\/\/www.worldofart.org\/arhiv.worldofart.org\/current\/wp-content\/uploads\/2019\/05\/2019_05_22_SKUC_NKR_125-140x140.jpg\" class=\"attachment-thumbnail size-thumbnail\" alt=\"\" \/><\/a>\n\t\t\t<\/div><\/figure><figure class='gallery-item'>\n\t\t\t<div class='gallery-icon landscape'>\n\t\t\t\t<a href='https:\/\/www.worldofart.org\/arhiv.worldofart.org\/current\/wp-content\/uploads\/2019\/05\/2019_05_22_SKUC_NKR_116.jpg' rel=\"lightbox[5981]\"><img loading=\"lazy\" decoding=\"async\" width=\"140\" height=\"140\" src=\"https:\/\/www.worldofart.org\/arhiv.worldofart.org\/current\/wp-content\/uploads\/2019\/05\/2019_05_22_SKUC_NKR_116-140x140.jpg\" class=\"attachment-thumbnail size-thumbnail\" alt=\"\" \/><\/a>\n\t\t\t<\/div><\/figure><figure class='gallery-item'>\n\t\t\t<div class='gallery-icon landscape'>\n\t\t\t\t<a href='https:\/\/www.worldofart.org\/arhiv.worldofart.org\/current\/wp-content\/uploads\/2019\/05\/2019_05_22_SKUC_NKR_113.jpg' rel=\"lightbox[5981]\"><img loading=\"lazy\" decoding=\"async\" width=\"140\" height=\"140\" src=\"https:\/\/www.worldofart.org\/arhiv.worldofart.org\/current\/wp-content\/uploads\/2019\/05\/2019_05_22_SKUC_NKR_113-140x140.jpg\" class=\"attachment-thumbnail size-thumbnail\" alt=\"\" \/><\/a>\n\t\t\t<\/div><\/figure><figure class='gallery-item'>\n\t\t\t<div class='gallery-icon landscape'>\n\t\t\t\t<a href='https:\/\/www.worldofart.org\/arhiv.worldofart.org\/current\/wp-content\/uploads\/2019\/05\/scca-mreza-detajl.jpg' rel=\"lightbox[5981]\"><img loading=\"lazy\" decoding=\"async\" width=\"140\" height=\"140\" src=\"https:\/\/www.worldofart.org\/arhiv.worldofart.org\/current\/wp-content\/uploads\/2019\/05\/scca-mreza-detajl-140x140.jpg\" class=\"attachment-thumbnail size-thumbnail\" alt=\"\" \/><\/a>\n\t\t\t<\/div><\/figure><figure class='gallery-item'>\n\t\t\t<div class='gallery-icon landscape'>\n\t\t\t\t<a href='https:\/\/www.worldofart.org\/arhiv.worldofart.org\/current\/wp-content\/uploads\/2019\/05\/analiza-dotacij-detajl-eng.png' rel=\"lightbox[5981]\"><img loading=\"lazy\" decoding=\"async\" width=\"140\" height=\"140\" src=\"https:\/\/www.worldofart.org\/arhiv.worldofart.org\/current\/wp-content\/uploads\/2019\/05\/analiza-dotacij-detajl-eng-140x140.png\" class=\"attachment-thumbnail size-thumbnail\" alt=\"\" \/><\/a>\n\t\t\t<\/div><\/figure>\n\t\t<\/div>\n\n<hr \/>\n<p><a href=\"https:\/\/www.worldofart.org\/arhiv.worldofart.org\/current\/year17-2018-2020\/control-cultivate-evolve\">Back to the exhibition page.<\/a><\/p>\n","protected":false},"excerpt":{"rendered":"<p>control &lt; cultivate &gt; evolve Soros Center for Contemporary Arts \u2013 Ljubljana (1993\u20131999). Its Organisation and Impact 16 May \u2013 6 June 2019, \u0160kuc Gallery, Ljubljana Graphic design: Vesna Bukovec Photo: Klemen Ilovar The SCCA Network The network of twenty Soros Centers (SCCA Network) was established in the 1990s in the former socialist and communist [&hellip;]<\/p>\n","protected":false},"author":1,"featured_media":0,"parent":5941,"menu_order":0,"comment_status":"closed","ping_status":"closed","template":"","meta":{"footnotes":""},"categories":[],"tags":[],"class_list":["post-5981","page","type-page","status-publish","hentry"],"_links":{"self":[{"href":"https:\/\/www.worldofart.org\/arhiv.worldofart.org\/current\/wp-json\/wp\/v2\/pages\/5981","targetHints":{"allow":["GET"]}}],"collection":[{"href":"https:\/\/www.worldofart.org\/arhiv.worldofart.org\/current\/wp-json\/wp\/v2\/pages"}],"about":[{"href":"https:\/\/www.worldofart.org\/arhiv.worldofart.org\/current\/wp-json\/wp\/v2\/types\/page"}],"author":[{"embeddable":true,"href":"https:\/\/www.worldofart.org\/arhiv.worldofart.org\/current\/wp-json\/wp\/v2\/users\/1"}],"replies":[{"embeddable":true,"href":"https:\/\/www.worldofart.org\/arhiv.worldofart.org\/current\/wp-json\/wp\/v2\/comments?post=5981"}],"version-history":[{"count":5,"href":"https:\/\/www.worldofart.org\/arhiv.worldofart.org\/current\/wp-json\/wp\/v2\/pages\/5981\/revisions"}],"predecessor-version":[{"id":6035,"href":"https:\/\/www.worldofart.org\/arhiv.worldofart.org\/current\/wp-json\/wp\/v2\/pages\/5981\/revisions\/6035"}],"up":[{"embeddable":true,"href":"https:\/\/www.worldofart.org\/arhiv.worldofart.org\/current\/wp-json\/wp\/v2\/pages\/5941"}],"wp:attachment":[{"href":"https:\/\/www.worldofart.org\/arhiv.worldofart.org\/current\/wp-json\/wp\/v2\/media?parent=5981"}],"wp:term":[{"taxonomy":"category","embeddable":true,"href":"https:\/\/www.worldofart.org\/arhiv.worldofart.org\/current\/wp-json\/wp\/v2\/categories?post=5981"},{"taxonomy":"post_tag","embeddable":true,"href":"https:\/\/www.worldofart.org\/arhiv.worldofart.org\/current\/wp-json\/wp\/v2\/tags?post=5981"}],"curies":[{"name":"wp","href":"https:\/\/api.w.org\/{rel}","templated":true}]}}