{"id":7,"date":"2007-05-08T12:44:19","date_gmt":"2007-05-08T10:44:19","guid":{"rendered":"http:\/\/www.worldofart.org\/current\/schedule\/"},"modified":"2007-10-21T21:26:20","modified_gmt":"2007-10-21T19:26:20","slug":"schedule-laboratorium-2006-07","status":"publish","type":"page","link":"https:\/\/www.worldofart.org\/arhiv.worldofart.org\/current\/laboratorium-2006-07\/schedule-laboratorium-2006-07","title":{"rendered":"Schedule 2006\/07"},"content":{"rendered":"<p class=\"leto\"><strong>2006<\/strong><\/p>\n<table width=\"100%\" border=\"0\" cellspacing=\"0\" cellpadding=\"0\">\n<tr>\n<td class=\"mesec\" width=\"20%\" valign=\"top\">November<\/td>\n<td class=\"tdprogramsredina\" width=\"20%\" valign=\"top\">Tuesday <br \/>\n    28. 11. 2006<\/td>\n<td class=\"tdprogram\" width=\"60%\" valign=\"top\"><strong>First meeting of Laboratorium partcipants<\/strong><\/td>\n<\/tr>\n<tr>\n<td class=\"mesec\" valign=\"top\">December<\/td>\n<td class=\"tdprogramsredina\" valign=\"top\">Tuesday <br \/>\n    12. 12. 2006<\/td>\n<td class=\"tdprogram\" valign=\"top\"><strong>Study excursion to Coast<\/strong><\/td>\n<\/tr>\n<\/table>\n<p class=\"leto\"><strong>2007<\/strong><\/p>\n<table width=\"100%\" border=\"0\" cellspacing=\"0\" cellpadding=\"0\">\n<tr>\n<td class=\"mesec\" width=\"20%\" rowspan=\"4\" valign=\"top\">January<\/td>\n<td class=\"tdprogramsredina\" width=\"20%\" valign=\"top\">Saturday, Sunday<br \/>\n    6., 7. 1. 2007<\/td>\n<td class=\"tdprogram\" width=\"60%\" valign=\"top\"><a href=\"https:\/\/www.worldofart.org\/arhiv.worldofart.org\/current\/archives\/21\"><strong>Mi\u0161ko \u0160uvakovi\u0107: Theory and Practice of Art Critique<\/strong><\/a><\/td>\n<\/tr>\n<tr>\n<td class=\"tdprogramsredina\">Friday, Saturday, Sunday<br \/>\n    12. &#8211; 14. 1. 2007<\/td>\n<td class=\"tdprogram\"><strong>City Gallery Labin, Labin, Istra: working session<\/strong><\/td>\n<\/tr>\n<tr>\n<td class=\"tdprogramsredina\">Saturday, Sunday <br \/>\n    18. 1. ob 19.00<\/td>\n<td class=\"tdprogram\"><a href=\"https:\/\/www.worldofart.org\/arhiv.worldofart.org\/current\/archives\/28\"><strong>Angela Harutyunyan: Importing \u201cCurator\u201d: Politics of Representation and Recognition in Contemporary Armenian Art<\/strong><\/a><\/td>\n<\/tr>\n<tr>\n<td class=\"tdprogramsredina\">Tuesday <br \/>\n    23. 1. ob 11.00<\/td>\n<td class=\"tdprogram\" ><strong>Meeting with Angela Harutyunyan<\/strong><\/td>\n<\/tr>\n<tr>\n<td class=\"mesec\" width=\"20%\" valign=\"top\">February<\/td>\n<td class=\"tdprogramsredina\" width=\"20%\" valign=\"top\">Friday<br \/>\n2. 2. 2007,<br \/>\nThursday<br \/>\n15. 2. 2007\n    <\/td>\n<td class=\"tdprogram\" width=\"60%\" valign=\"top\"><strong>February meetings of Laboratorium participants<br \/>\n<\/strong><\/td>\n<\/tr>\n<tr>\n<td class=\"mesec\" width=\"20%\" valign=\"top\">March<\/td>\n<td class=\"tdprogramsredina\" width=\"20%\" valign=\"top\">Thursday<br \/>\n1. 3. 2007,<br \/>\nThursday<br \/>\n15. 3. 2007,<br \/>\nThursday<br \/>\n29. 3. 2007\n    <\/td>\n<td class=\"tdprogram\" width=\"60%\" valign=\"top\"><strong>March meetings of Laboratorium participants<br \/>\n<\/strong><\/td>\n<\/tr>\n<tr>\n<td class=\"mesec\" width=\"20%\" valign=\"top\">April<\/td>\n<td class=\"tdprogramsredina\" width=\"20%\" valign=\"top\">Wednesday<br \/>\n18. 4. 2007\n    <\/td>\n<td class=\"tdprogram\" width=\"60%\" valign=\"top\"><strong>Study excursion to Celje<\/strong><\/td>\n<\/tr>\n<tr>\n<td class=\"mesec\" width=\"20%\" rowspan=\"2\" valign=\"top\">May<\/td>\n<td class=\"tdprogramsredina\" width=\"20%\" valign=\"top\">Wednesday<br \/>\n    9. 5. 2007<\/td>\n<td class=\"tdprogram\" width=\"60%\" valign=\"top\"><strong><a href=\"https:\/\/www.worldofart.org\/arhiv.worldofart.org\/current\/archives\/36\">Round table 1 : Curatorial Practises in Slovenia: History of Curating<\/a><\/strong><\/td>\n<\/tr>\n<tr>\n<td class=\"tdprogramsredina\">Thursday<br \/>\n    17. 5. 2007<\/td>\n<td class=\"tdprogram\"><strong><a href=\"https:\/\/www.worldofart.org\/arhiv.worldofart.org\/current\/archives\/37\">Round table 2 : Curatorial Practises in Slovenia: Diversity of Curatorial Practises Today<\/a><\/strong><\/td>\n<\/tr>\n<tr>\n<td class=\"mesec\" width=\"20%\" valign=\"top\">June<\/td>\n<td class=\"tdprogramsredina\" width=\"20%\" valign=\"top\">\n23. 6. &#8211; 29. 6. 2007\n    <\/td>\n<td class=\"tdprogram\" width=\"60%\" valign=\"top\"><strong><a href=\"https:\/\/www.worldofart.org\/arhiv.worldofart.org\/current\/laboratorium-2006-07\/labsus\/\">LabSUs &#8211; Open platform of curators, artists, writers, theoreticians<\/a><\/strong>, \u0160kuc Gallery<\/td>\n<\/tr>\n<tr>\n<td class=\"mesec\" width=\"20%\" valign=\"top\">October &#8211; November<\/td>\n<td class=\"tdprogramsredina\" width=\"20%\" valign=\"top\">\n20. 10. \u2013 10. 11. 2007\n    <\/td>\n<td class=\"tdprogram\" width=\"60%\" valign=\"top\"><strong>LabSUS, osebno\/osobno \u2013 exhibition<\/strong>, Gradska galerija Labin\n<\/td>\n<\/tr>\n<\/table>\n","protected":false},"excerpt":{"rendered":"<p>2006 November Tuesday 28. 11. 2006 First meeting of Laboratorium partcipants December Tuesday 12. 12. 2006 Study excursion to Coast 2007 January Saturday, Sunday 6., 7. 1. 2007 Mi\u0161ko \u0160uvakovi\u0107: Theory and Practice of Art Critique Friday, Saturday, Sunday 12. &#8211; 14. 1. 2007 City Gallery Labin, Labin, Istra: working session Saturday, Sunday 18. 1. [&hellip;]<\/p>\n","protected":false},"author":1,"featured_media":0,"parent":3,"menu_order":0,"comment_status":"closed","ping_status":"open","template":"laboratorium.php","meta":{"footnotes":""},"categories":[1],"tags":[],"class_list":["post-7","page","type-page","status-publish","hentry","category-woa"],"_links":{"self":[{"href":"https:\/\/www.worldofart.org\/arhiv.worldofart.org\/current\/wp-json\/wp\/v2\/pages\/7","targetHints":{"allow":["GET"]}}],"collection":[{"href":"https:\/\/www.worldofart.org\/arhiv.worldofart.org\/current\/wp-json\/wp\/v2\/pages"}],"about":[{"href":"https:\/\/www.worldofart.org\/arhiv.worldofart.org\/current\/wp-json\/wp\/v2\/types\/page"}],"author":[{"embeddable":true,"href":"https:\/\/www.worldofart.org\/arhiv.worldofart.org\/current\/wp-json\/wp\/v2\/users\/1"}],"replies":[{"embeddable":true,"href":"https:\/\/www.worldofart.org\/arhiv.worldofart.org\/current\/wp-json\/wp\/v2\/comments?post=7"}],"version-history":[{"count":0,"href":"https:\/\/www.worldofart.org\/arhiv.worldofart.org\/current\/wp-json\/wp\/v2\/pages\/7\/revisions"}],"up":[{"embeddable":true,"href":"https:\/\/www.worldofart.org\/arhiv.worldofart.org\/current\/wp-json\/wp\/v2\/pages\/3"}],"wp:attachment":[{"href":"https:\/\/www.worldofart.org\/arhiv.worldofart.org\/current\/wp-json\/wp\/v2\/media?parent=7"}],"wp:term":[{"taxonomy":"category","embeddable":true,"href":"https:\/\/www.worldofart.org\/arhiv.worldofart.org\/current\/wp-json\/wp\/v2\/categories?post=7"},{"taxonomy":"post_tag","embeddable":true,"href":"https:\/\/www.worldofart.org\/arhiv.worldofart.org\/current\/wp-json\/wp\/v2\/tags?post=7"}],"curies":[{"name":"wp","href":"https:\/\/api.w.org\/{rel}","templated":true}]}}