{"id":83,"date":"2008-06-13T10:44:36","date_gmt":"2008-06-13T08:44:36","guid":{"rendered":"http:\/\/www.worldofart.org\/current\/laboratorium-2007-08\/participants-200708\/"},"modified":"2008-06-13T10:44:36","modified_gmt":"2008-06-13T08:44:36","slug":"participants-200708","status":"publish","type":"page","link":"https:\/\/www.worldofart.org\/arhiv.worldofart.org\/current\/11th-year-200708\/laboratorium-2007-08\/participants-200708","title":{"rendered":"Participants 2007\/08"},"content":{"rendered":"<table width=\"100%\" border=\"0\" cellspacing=\"0\" cellpadding=\"0\">\n<tr>\n<td width=\"70%\" class=\"tekstlevo\" valign=\"top\">\n<img decoding=\"async\" align=\"left\" style=\"margin-right:10px; margin-bottom: 5px; margin-top: 3px; margin-left: 0px \" src=\"https:\/\/www.worldofart.org\/arhiv.worldofart.org\/aktualno\/wp-content\/2007-08\/laboratorij\/portreti\/natasa-bodrozic.jpg\" alt=\"Nata\u0161a Bodro\u017ei\u0107\" \/><strong>Nata\u0161a Bodro\u017ei\u0107 (Split, 1978)<\/strong><br \/>\nGraduated from journalism at Faculty of Political Sciences in Zagreb. In 2005\/2006 she was a stipendee of Soros Supplementary Grants program. She works as a journalist for web site <a href=\"http:\/\/www.kupus.net\" target\"_blank\">www.kupus.net<\/a>. In 2007 she was a coorganizer of the project Slobodne veze \u2013 Contemporary artistic practices on international scene today. She is currently completing her postgraduate studies in cultural management and politics in the Balkans at UNESCO chair in Belgrade.<\/p>\n<hr \/>\n<p><img decoding=\"async\" align=\"left\" style=\"margin-right:10px; margin-bottom: 5px; margin-top: 3px; margin-left: 0px \" src=\"https:\/\/www.worldofart.org\/arhiv.worldofart.org\/aktualno\/wp-content\/2007-08\/laboratorij\/portreti\/petra-milic.jpg\" alt=\"Petra Mili\u010d\" \/><strong>Petra Mili\u010d (Ljubljana, 1978)<\/strong><br \/>\nGraduated from sinology and sociology of culture at Faculty of Arts in Ljubljana. In years  2004-2006 she studied at University of Science and Technology in Kumming, China, where she assisted with art projects and research at Lijiang Studio. Between 2006-2007 she was project manager at Gallery fo Contemporary Arts in Shanghai, China. She works as a reporter for leading slovenian newspaper Dnevnik.<\/p>\n<hr \/>\n<p><img decoding=\"async\" align=\"left\" style=\"margin-right:10px; margin-bottom: 5px; margin-top: 3px; margin-left: 0px \" src=\"https:\/\/www.worldofart.org\/arhiv.worldofart.org\/aktualno\/wp-content\/2007-08\/laboratorij\/portreti\/teja-rot.jpg\" alt=\"Teja Rot\" \/><strong>Teja Rot (Kranj, 1976)<\/strong><br \/>\nGraduated from communication science at Faculty of Social Sciences in Ljubljana. From 2001 she is enrolled in postgraduate program of media studies at ISH Institute in Ljubljana. In 2006 she was on postgraduate study visit at City University of London. Since 2006 she is external collaborator of E-archive and Studio 6 programs of SCCA-Ljubljana. Before she was participating at various projects (writer for Muska magazine, assistant at projects of Slovenian Film Fund, assistant of CMA Euroschool at Jo\u017eef \u0160tefan institute etc.). In 2004 she was an exhibitions curator  and PR responsible at Slovenian Etnographic Museum. <\/p>\n<hr \/>\n<p><img decoding=\"async\" align=\"left\" style=\"margin-right:10px; margin-bottom: 5px; margin-top: 3px; margin-left: 0px \" src=\"https:\/\/www.worldofart.org\/arhiv.worldofart.org\/aktualno\/wp-content\/2007-08\/laboratorij\/portreti\/jernej-skof.jpg\" alt=\"Jernej \u0160kof\" \/><strong>Jernej \u0160kof (1983)<\/strong><br \/>\nStudent of cultural studies at Faculty of Social Sciences in Ljubljana. He assisted with various projects within Aksioma institute. Produced, directed and played in several theatre plays. In 2007 he organized an exhibition of posters of DJ collective Sindikat. He works as an assistent at \u0160KUC Association.<\/p>\n<hr \/>\n<p><img decoding=\"async\" align=\"left\" style=\"margin-right:10px; margin-bottom: 5px; margin-top: 3px; margin-left: 0px \" src=\"https:\/\/www.worldofart.org\/arhiv.worldofart.org\/aktualno\/wp-content\/2007-08\/laboratorij\/portreti\/vanja-zanko.jpg\" alt=\"Vanja \u017danko\" \/><strong>Vanja \u017danko (1980)<\/strong><br \/>\nGraduated in history of art and italian language at Faculty of Arts in Zagreb. In 2003 she completed an internship at Guggenheim museum in Venice. In 2006 she coorganized documentary intermedia project Viti\u010d_ple\u0161e within Croatian Film Fund. She collaborated with many exhibitions (Black&#038;White, Zagreb, POS \u2013 Pozitiv Negativ, Zagreb, SC Danas\/Iz ju\u010der\/za sutra in Gallery SC, Zagreb) and theatre plays (Ex-pozicija). She works at Filip Trade as a curator of their collection of contemporary croatian art.<\/p>\n<\/td>\n<td width=\"260px\" class=\"podlagaslike\" valign=\"top\">\n <img decoding=\"async\" alt=\"Laboratoranti 2007\/08\" src=\"https:\/\/www.worldofart.org\/arhiv.worldofart.org\/aktualno\/wp-content\/2007-08\/laboratorij\/laboranti2007-08_1.jpg\" \/><br \/>\n <img decoding=\"async\" alt=\"Laboratoranti 2007\/08\" src=\"https:\/\/www.worldofart.org\/arhiv.worldofart.org\/aktualno\/wp-content\/2007-08\/laboratorij\/laboranti2007-08_2.jpg\" \/><br \/>\n <img decoding=\"async\" alt=\"Laboratoranti 2007\/08\" src=\"https:\/\/www.worldofart.org\/arhiv.worldofart.org\/aktualno\/wp-content\/2007-08\/laboratorij\/laboranti2007-08_3.jpg\" \/><br \/>\n <img decoding=\"async\" alt=\"Laboratoranti 2007\/08\" src=\"https:\/\/www.worldofart.org\/arhiv.worldofart.org\/aktualno\/wp-content\/2007-08\/laboratorij\/laboranti2007-08_4.jpg\" \/><br \/>\n <img decoding=\"async\" alt=\"Laboratoranti 2007\/08\" src=\"https:\/\/www.worldofart.org\/arhiv.worldofart.org\/aktualno\/wp-content\/2007-08\/laboratorij\/laboranti2007-08_5.jpg\" \/><br \/>\n <img decoding=\"async\" alt=\"Laboratoranti 2007\/08\" src=\"https:\/\/www.worldofart.org\/arhiv.worldofart.org\/aktualno\/wp-content\/2007-08\/laboratorij\/laboranti2007-08_6.jpg\" style=\"margin-bottom: 15px\" \/>\n    <\/td>\n<\/tr>\n<\/table>\n","protected":false},"excerpt":{"rendered":"<p>Nata\u0161a Bodro\u017ei\u0107 (Split, 1978) Graduated from journalism at Faculty of Political Sciences in Zagreb. In 2005\/2006 she was a stipendee of Soros Supplementary Grants program. She works as a journalist for web site www.kupus.net. In 2007 she was a coorganizer of the project Slobodne veze \u2013 Contemporary artistic practices on international scene today. She is [&hellip;]<\/p>\n","protected":false},"author":1,"featured_media":0,"parent":49,"menu_order":0,"comment_status":"closed","ping_status":"closed","template":"laboratorium.php","meta":{"footnotes":""},"categories":[1],"tags":[],"class_list":["post-83","page","type-page","status-publish","hentry","category-woa"],"_links":{"self":[{"href":"https:\/\/www.worldofart.org\/arhiv.worldofart.org\/current\/wp-json\/wp\/v2\/pages\/83","targetHints":{"allow":["GET"]}}],"collection":[{"href":"https:\/\/www.worldofart.org\/arhiv.worldofart.org\/current\/wp-json\/wp\/v2\/pages"}],"about":[{"href":"https:\/\/www.worldofart.org\/arhiv.worldofart.org\/current\/wp-json\/wp\/v2\/types\/page"}],"author":[{"embeddable":true,"href":"https:\/\/www.worldofart.org\/arhiv.worldofart.org\/current\/wp-json\/wp\/v2\/users\/1"}],"replies":[{"embeddable":true,"href":"https:\/\/www.worldofart.org\/arhiv.worldofart.org\/current\/wp-json\/wp\/v2\/comments?post=83"}],"version-history":[{"count":0,"href":"https:\/\/www.worldofart.org\/arhiv.worldofart.org\/current\/wp-json\/wp\/v2\/pages\/83\/revisions"}],"up":[{"embeddable":true,"href":"https:\/\/www.worldofart.org\/arhiv.worldofart.org\/current\/wp-json\/wp\/v2\/pages\/49"}],"wp:attachment":[{"href":"https:\/\/www.worldofart.org\/arhiv.worldofart.org\/current\/wp-json\/wp\/v2\/media?parent=83"}],"wp:term":[{"taxonomy":"category","embeddable":true,"href":"https:\/\/www.worldofart.org\/arhiv.worldofart.org\/current\/wp-json\/wp\/v2\/categories?post=83"},{"taxonomy":"post_tag","embeddable":true,"href":"https:\/\/www.worldofart.org\/arhiv.worldofart.org\/current\/wp-json\/wp\/v2\/tags?post=83"}],"curies":[{"name":"wp","href":"https:\/\/api.w.org\/{rel}","templated":true}]}}